{"id":10616,"date":"2026-03-27T22:57:56","date_gmt":"2026-03-27T21:57:56","guid":{"rendered":"https:\/\/buechertanz.de\/?page_id=10616"},"modified":"2026-03-28T00:08:44","modified_gmt":"2026-03-27T23:08:44","slug":"gelesen-maerz-2026","status":"publish","type":"page","link":"https:\/\/buechertanz.de\/?page_id=10616","title":{"rendered":"Gelesen M\u00e4rz 2026"},"content":{"rendered":"\n<p class=\"has-drop-cap has-small-font-size\">Im&nbsp;<strong>M\u00e4rz 2026<\/strong>&nbsp;habe ich&nbsp;<strong>neun B\u00fccher\/eBooks<\/strong>&nbsp;mit insgesamt<strong>&nbsp;3.206 Seiten<\/strong>&nbsp;gelesen:<\/p>\n\n\n\n<p><\/p>\n\n\n\n<div class=\"wp-block-media-text is-vertically-aligned-center\"><figure class=\"wp-block-media-text__media\"><img loading=\"lazy\" decoding=\"async\" width=\"670\" height=\"842\" src=\"https:\/\/buechertanz.de\/wp-content\/uploads\/2026\/03\/03-Maerz_komp.jpg\" alt=\"\" class=\"wp-image-10631 size-full\" srcset=\"https:\/\/buechertanz.de\/wp-content\/uploads\/2026\/03\/03-Maerz_komp.jpg 670w, https:\/\/buechertanz.de\/wp-content\/uploads\/2026\/03\/03-Maerz_komp-239x300.jpg 239w\" sizes=\"auto, (max-width: 670px) 100vw, 670px\" \/><\/figure><div class=\"wp-block-media-text__content\">\n<ul class=\"wp-block-list\">\n<li class=\"has-small-font-size\">Acht selbst gekaufte B\u00fccher (vier Prints und vier eBooks)<\/li>\n\n\n\n<li class=\"has-small-font-size\">Ein Buch aus zweiter Hand<\/li>\n<\/ul>\n<\/div><\/div>\n\n\n\n<p class=\"has-small-font-size\">Es war ein wundersch\u00f6ner und abwechslungsreicher Lesemonat &#8211; ich habe jede einzelne Seite genossen. <br><br>Viel Spa\u00df beim Schm\u00f6kern, eure<\/p>\n\n\n\n<figure class=\"wp-block-image size-large is-resized\"><img loading=\"lazy\" decoding=\"async\" width=\"1024\" height=\"404\" src=\"https:\/\/buechertanz.de\/wp-content\/uploads\/2024\/06\/Unterschrift-1024x404.jpg\" alt=\"\" class=\"wp-image-7473\" style=\"width:209px;height:auto\" srcset=\"https:\/\/buechertanz.de\/wp-content\/uploads\/2024\/06\/Unterschrift-1024x404.jpg 1024w, https:\/\/buechertanz.de\/wp-content\/uploads\/2024\/06\/Unterschrift-300x118.jpg 300w, https:\/\/buechertanz.de\/wp-content\/uploads\/2024\/06\/Unterschrift-768x303.jpg 768w, https:\/\/buechertanz.de\/wp-content\/uploads\/2024\/06\/Unterschrift.jpg 1500w\" sizes=\"auto, (max-width: 1024px) 100vw, 1024px\" \/><\/figure>\n\n\n\n<p class=\"has-text-align-center\">_ _ _ <\/p>\n\n\n\n<div class=\"wp-block-media-text is-vertically-aligned-center\" style=\"grid-template-columns:25% auto\"><figure class=\"wp-block-media-text__media\"><img loading=\"lazy\" decoding=\"async\" width=\"287\" height=\"445\" src=\"https:\/\/buechertanz.de\/wp-content\/uploads\/2026\/02\/19-Du-musst-meine-Hand-fester-halten-Nr.-104.jpg\" alt=\"\" class=\"wp-image-10489 size-full\" srcset=\"https:\/\/buechertanz.de\/wp-content\/uploads\/2026\/02\/19-Du-musst-meine-Hand-fester-halten-Nr.-104.jpg 287w, https:\/\/buechertanz.de\/wp-content\/uploads\/2026\/02\/19-Du-musst-meine-Hand-fester-halten-Nr.-104-193x300.jpg 193w\" sizes=\"auto, (max-width: 287px) 100vw, 287px\" \/><\/figure><div class=\"wp-block-media-text__content\">\n<p class=\"has-small-font-size\"><em>Selbst gekauft<\/em> <em>(Print)<\/em><br><br>So lange bin ich um das Buch<strong><em> &#8222;Du musst meine Hand fester halten, Nr. 104&#8220;<\/em><\/strong> von Susanne Abel herumgelaufen und habe es mir dann Ende Februar 2026 gekauft und den Lesemonat M\u00e4rz 2026 damit begonnen. <br>Und ich bin so dankbar, dass ich diese Geschichte gelesen habe. Unvergesslich. Einfach eine unglaublich mitrei\u00dfende und unvergessliche Geschichte. Unbedingt lesen. <\/p>\n<\/div><\/div>\n\n\n\n<p class=\"has-text-align-center\">_ _ _ <\/p>\n\n\n\n<div class=\"wp-block-media-text has-media-on-the-right is-vertically-aligned-center\" style=\"grid-template-columns:auto 25%\"><div class=\"wp-block-media-text__content\">\n<p class=\"has-small-font-size\"><em>Selbst gekauft<\/em> <em>(Print)<\/em><br><br>Weiter ging es mit <strong><em>&#8222;Grand Hotel Usedom &#8211; Tosende See&#8220; <\/em><\/strong>von Caren Benedikt.<br>Mit diesem dritten und abschlie\u00dfenden Band hat Caren Benedikt die Saga rund um die drei Schwestern zu einem absolut gelungenen und runden Ende gef\u00fchrt. Nachdem ich Helene, Sophie und Maria \u00fcber drei B\u00fccher hinweg begleitet habe, ist mir der Abschied alles andere als leichtgefallen, denn ich habe die drei wirklich fest in mein Herz geschlossen. Sehr lesenswert. <\/p>\n<\/div><figure class=\"wp-block-media-text__media\"><img loading=\"lazy\" decoding=\"async\" width=\"312\" height=\"466\" src=\"https:\/\/buechertanz.de\/wp-content\/uploads\/2026\/03\/20-Grand-Hotel-Usedom-Tosende-See.jpg\" alt=\"\" class=\"wp-image-10500 size-full\" srcset=\"https:\/\/buechertanz.de\/wp-content\/uploads\/2026\/03\/20-Grand-Hotel-Usedom-Tosende-See.jpg 312w, https:\/\/buechertanz.de\/wp-content\/uploads\/2026\/03\/20-Grand-Hotel-Usedom-Tosende-See-201x300.jpg 201w\" sizes=\"auto, (max-width: 312px) 100vw, 312px\" \/><\/figure><\/div>\n\n\n\n<p class=\"has-text-align-center\">_ _ _ <\/p>\n\n\n\n<div class=\"wp-block-media-text\" style=\"grid-template-columns:25% auto\"><figure class=\"wp-block-media-text__media\"><img loading=\"lazy\" decoding=\"async\" width=\"327\" height=\"522\" src=\"https:\/\/buechertanz.de\/wp-content\/uploads\/2026\/03\/21-Himbeeren-mit-Sahne-im-Ritz.jpg\" alt=\"\" class=\"wp-image-10506 size-full\" srcset=\"https:\/\/buechertanz.de\/wp-content\/uploads\/2026\/03\/21-Himbeeren-mit-Sahne-im-Ritz.jpg 327w, https:\/\/buechertanz.de\/wp-content\/uploads\/2026\/03\/21-Himbeeren-mit-Sahne-im-Ritz-188x300.jpg 188w\" sizes=\"auto, (max-width: 327px) 100vw, 327px\" \/><\/figure><div class=\"wp-block-media-text__content\">\n<p class=\"has-small-font-size\"><em>Buch aus zweiter Hand<\/em> <em>(Print)<\/em><br><br>Ich lese nur selten Kurzgeschichten, aber das Buch <strong><em>&#8222;Himbeeren mit Sahne im Ritz&#8220; <\/em><\/strong>von Zelda Fitzgerald hat mich einfach magisch angezogen. Es war eine Mischung aus der Neugier auf diese Autorin, meiner Liebe f\u00fcr die 1920er Jahre und diesem wunderbar exzentrischen Titel. Das \u201eh\u00e4ppchenweise\u201c Lesen der Kurzgeschichten war f\u00fcr mich ein ganz neues, erfrischendes Gef\u00fchl. Man taucht immer wieder in neue, atmosph\u00e4risch dichte Welten ein. Zelda Fitzgerald beschreibt das Leben der Frauen dieser \u00c4ra so detailreich, dass man den Stoff der Kleider fast rascheln h\u00f6rt und einfach v\u00f6llig in diese Zeit abtaucht. Die Stimmung ist eine faszinierende Mischung: Einerseits glamour\u00f6s und leicht, andererseits blitzt auch immer wieder eine gewisse Schwere durch. Alles in Allem: Sehr lesenswert.&nbsp;<\/p>\n<\/div><\/div>\n\n\n\n<p class=\"has-text-align-center\">_ _ _ <\/p>\n\n\n\n<div class=\"wp-block-media-text has-media-on-the-right is-vertically-aligned-center\" style=\"grid-template-columns:auto 25%\"><div class=\"wp-block-media-text__content\">\n<p class=\"has-small-font-size\"><em>Selbst gekauft (eBook)<\/em><br><br>Weiter ging es mit <strong><a href=\"https:\/\/buechertanz.de\/?p=10535\" target=\"_blank\" rel=\"noreferrer noopener\"><em>\u201eDer Gesang der Seeschwalben\u201c<\/em>&nbsp;<\/a><\/strong>von Gabriella Engelmann.<br>Es ist ein wunderbarer Wohlf\u00fchlroman mit Tiefgang und einer ordentlichen Portion Spannung. Ich bin so begeistert von diesem ersten \u201eKennenlernen\u201c mit Gabriella Engelmann dass ich direkt den zweiten Band \u2026 <\/p>\n<\/div><figure class=\"wp-block-media-text__media\"><img loading=\"lazy\" decoding=\"async\" width=\"307\" height=\"466\" src=\"https:\/\/buechertanz.de\/wp-content\/uploads\/2026\/03\/22-Die-Buecherfrauen-von-Listland-Der-Gesang-der-Seeschwalben.jpg\" alt=\"\" class=\"wp-image-10511 size-full\" srcset=\"https:\/\/buechertanz.de\/wp-content\/uploads\/2026\/03\/22-Die-Buecherfrauen-von-Listland-Der-Gesang-der-Seeschwalben.jpg 307w, https:\/\/buechertanz.de\/wp-content\/uploads\/2026\/03\/22-Die-Buecherfrauen-von-Listland-Der-Gesang-der-Seeschwalben-198x300.jpg 198w\" sizes=\"auto, (max-width: 307px) 100vw, 307px\" \/><\/figure><\/div>\n\n\n\n<p class=\"has-text-align-center\">_ _ _ <\/p>\n\n\n\n<div class=\"wp-block-media-text is-vertically-aligned-center\" style=\"grid-template-columns:25% auto\"><figure class=\"wp-block-media-text__media\"><img loading=\"lazy\" decoding=\"async\" width=\"293\" height=\"445\" src=\"https:\/\/buechertanz.de\/wp-content\/uploads\/2026\/03\/23-Die-Buecherfrauen-von-Listland-Der-Duft-des-Strandhafers.jpg\" alt=\"\" class=\"wp-image-10539 size-full\" srcset=\"https:\/\/buechertanz.de\/wp-content\/uploads\/2026\/03\/23-Die-Buecherfrauen-von-Listland-Der-Duft-des-Strandhafers.jpg 293w, https:\/\/buechertanz.de\/wp-content\/uploads\/2026\/03\/23-Die-Buecherfrauen-von-Listland-Der-Duft-des-Strandhafers-198x300.jpg 198w\" sizes=\"auto, (max-width: 293px) 100vw, 293px\" \/><\/figure><div class=\"wp-block-media-text__content\">\n<p class=\"has-small-font-size\"><em>Selbst gekauft (eBook)<\/em><br><br>\u2026 <a href=\"https:\/\/buechertanz.de\/?p=10551\" target=\"_blank\" rel=\"noreferrer noopener\"><strong><em>&#8222;Der<\/em><\/strong> <strong><em>Duft des Strandhafers&#8220;<\/em><\/strong><\/a><strong><em> <\/em><\/strong>gelesen habe.<br>Ein tief ber\u00fchrendes Leseerlebnis, das mit Sicherheit noch lange in mir nachklingen wird. Dazu ist es eine absolut gelungene Fortsetzung und gleichzeitig der wunderbare Abschluss einer lesenswerten und unvergesslichen Buchreihe.<\/p>\n<\/div><\/div>\n\n\n\n<p class=\"has-text-align-center\">_ _ _ <\/p>\n\n\n\n<div class=\"wp-block-media-text has-media-on-the-right is-vertically-aligned-center\" style=\"grid-template-columns:auto 25%\"><div class=\"wp-block-media-text__content\">\n<p class=\"has-small-font-size\"><em>Selbst gekauft (Print)<\/em><br><br>Es folgte das Buch <strong><em><a href=\"https:\/\/buechertanz.de\/?p=10567\" target=\"_blank\" rel=\"noreferrer noopener\">&#8222;Im Jahr der Waldbl\u00fcte&#8220;<\/a> <\/em><\/strong>von Bettina Seidl. <br>Dieser Roman ist eine Hommage an die tiefe Verbindung zur Natur, das unsch\u00e4tzbare Gl\u00fcck eine&nbsp;beste Freundin zu haben&nbsp;und die Erkenntnis, dass unsere Vergangenheit uns immer begleitet. Alles, was passiert ist, formt uns zu den Menschen, die wir heute sind. F\u00fcr mich ist diese wundervoll erz\u00e4hlte Geschichte ein absolutes Jahreshighlight. Unbedingt lesen.<\/p>\n<\/div><figure class=\"wp-block-media-text__media\"><img loading=\"lazy\" decoding=\"async\" width=\"284\" height=\"445\" src=\"https:\/\/buechertanz.de\/wp-content\/uploads\/2026\/03\/24-Im-Jahr-der-Waldbluete.jpg\" alt=\"\" class=\"wp-image-10560 size-full\" srcset=\"https:\/\/buechertanz.de\/wp-content\/uploads\/2026\/03\/24-Im-Jahr-der-Waldbluete.jpg 284w, https:\/\/buechertanz.de\/wp-content\/uploads\/2026\/03\/24-Im-Jahr-der-Waldbluete-191x300.jpg 191w\" sizes=\"auto, (max-width: 284px) 100vw, 284px\" \/><\/figure><\/div>\n\n\n\n<p class=\"has-text-align-center\">_ _ _ <\/p>\n\n\n\n<div class=\"wp-block-media-text is-vertically-aligned-center\" style=\"grid-template-columns:25% auto\"><figure class=\"wp-block-media-text__media\"><img loading=\"lazy\" decoding=\"async\" width=\"297\" height=\"445\" src=\"https:\/\/buechertanz.de\/wp-content\/uploads\/2026\/03\/25-Das-Leuchten-von-Ligurien.jpg\" alt=\"\" class=\"wp-image-10574 size-full\" srcset=\"https:\/\/buechertanz.de\/wp-content\/uploads\/2026\/03\/25-Das-Leuchten-von-Ligurien.jpg 297w, https:\/\/buechertanz.de\/wp-content\/uploads\/2026\/03\/25-Das-Leuchten-von-Ligurien-200x300.jpg 200w\" sizes=\"auto, (max-width: 297px) 100vw, 297px\" \/><\/figure><div class=\"wp-block-media-text__content\">\n<p class=\"has-small-font-size\"><em>Selbst gekauft (Print)<\/em><br><br>Weiter ging es mit dem Buch <strong><em><a href=\"https:\/\/buechertanz.de\/?p=10580\" target=\"_blank\" rel=\"noreferrer noopener\">&#8222;Das Leuchten von Ligurien&#8220;<\/a> <\/em><\/strong>von Cristina Caboni.<br>Es ist ein absolut mitrei\u00dfender Roman, durch dessen Handlung ich f\u00f6rmlich geflogen bin. Es ist eine Geschichte, die in meinem Kopf, vor allem aber in meinem Herzen bleiben wird. Sehr sehr lesenswert.&nbsp;<\/p>\n<\/div><\/div>\n\n\n\n<p class=\"has-text-align-center\">_ _ _ <\/p>\n\n\n\n<div class=\"wp-block-media-text has-media-on-the-right is-vertically-aligned-center\" style=\"grid-template-columns:auto 25%\"><div class=\"wp-block-media-text__content\">\n<p class=\"has-small-font-size\"><em>Selbst gekauft (eBook)<\/em><br><br>Ich habe vor einiger Zeit den ersten Band der Buchreihe <em>&#8222;Liebe auf Capri&#8220; von <\/em>Anja Saskia Beyer gelesen und in bester Erinnerung behalten. Nun sollte endlich die Fortsetzung folgen: <strong><a href=\"https:\/\/buechertanz.de\/?p=10595\" target=\"_blank\" rel=\"noreferrer noopener\">&#8222;Sommersehnsucht und Meeresglitzern&#8220;<\/a><\/strong>. Es ist ein wunderbarer Wohlf\u00fchlroman, der mein Fernweh geweckt hat und mich mit einer perfekten Mischung aus Romantik und verzwickter Familiengeschichte \u00fcberzeugt hat. Sehr lesenswert.<\/p>\n<\/div><figure class=\"wp-block-media-text__media\"><img loading=\"lazy\" decoding=\"async\" width=\"302\" height=\"445\" src=\"https:\/\/buechertanz.de\/wp-content\/uploads\/2026\/03\/26-Sommersehnsucht-und-Meeresglitzern.jpg\" alt=\"\" class=\"wp-image-10588 size-full\" srcset=\"https:\/\/buechertanz.de\/wp-content\/uploads\/2026\/03\/26-Sommersehnsucht-und-Meeresglitzern.jpg 302w, https:\/\/buechertanz.de\/wp-content\/uploads\/2026\/03\/26-Sommersehnsucht-und-Meeresglitzern-204x300.jpg 204w\" sizes=\"auto, (max-width: 302px) 100vw, 302px\" \/><\/figure><\/div>\n\n\n\n<p class=\"has-text-align-center\">_ _ _ <\/p>\n\n\n\n<div class=\"wp-block-media-text is-vertically-aligned-center\" style=\"grid-template-columns:25% auto\"><figure class=\"wp-block-media-text__media\"><img loading=\"lazy\" decoding=\"async\" width=\"302\" height=\"445\" src=\"https:\/\/buechertanz.de\/wp-content\/uploads\/2026\/03\/27-Sommersehnsucht-und-Gluecksgefuehle.jpg\" alt=\"\" class=\"wp-image-10604 size-full\" srcset=\"https:\/\/buechertanz.de\/wp-content\/uploads\/2026\/03\/27-Sommersehnsucht-und-Gluecksgefuehle.jpg 302w, https:\/\/buechertanz.de\/wp-content\/uploads\/2026\/03\/27-Sommersehnsucht-und-Gluecksgefuehle-204x300.jpg 204w\" sizes=\"auto, (max-width: 302px) 100vw, 302px\" \/><\/figure><div class=\"wp-block-media-text__content\">\n<p class=\"has-small-font-size\"><em>Selbst gekauft (eBook)<\/em><br><br>Ich musste einfach sofort den dritten und abschlie\u00dfenden Band der Buchreihe lesen: <strong><em><a href=\"https:\/\/buechertanz.de\/?p=10608\" target=\"_blank\" rel=\"noreferrer noopener\">&#8222;Sommersehnsucht und Gl\u00fccksgef\u00fchle&#8220;<\/a>.<\/em><\/strong><br>Es ist allem in allem ein hochemotionaler und mitrei\u00dfender Abschluss der wunderbaren Trilogie \u201eLiebe auf Capri\u201c.<br>Anja Saskia Beyer zeigt meisterhaft, dass man auch nach einem tiefen Fall die Chance auf ein neues Gl\u00fcck ergreifen kann. Ein absolutes Wohlf\u00fchlbuch mit Suchtfaktor. Sehr lesenswert.&nbsp;<br><\/p>\n<\/div><\/div>\n\n\n\n<p class=\"has-text-align-center\">_ _ _ <\/p>\n","protected":false},"excerpt":{"rendered":"<p>Im&nbsp;M\u00e4rz 2026&nbsp;habe ich&nbsp;neun B\u00fccher\/eBooks&nbsp;mit insgesamt&nbsp;3.206 Seiten&nbsp;gelesen: Es war ein wundersch\u00f6ner und abwechslungsreicher Lesemonat &#8211; ich habe jede einzelne Seite genossen. Viel Spa\u00df beim Schm\u00f6kern, eure _ _ _ Selbst gekauft (Print) So lange bin ich um das Buch &#8222;Du musst meine Hand fester halten, Nr. 104&#8220; von Susanne Abel herumgelaufen und habe es mir dann &hellip; <a href=\"https:\/\/buechertanz.de\/?page_id=10616\" class=\"more-link\"><span class=\"screen-reader-text\">Gelesen M\u00e4rz 2026<\/span> weiterlesen<\/a><\/p>\n","protected":false},"author":2,"featured_media":0,"parent":0,"menu_order":0,"comment_status":"closed","ping_status":"closed","template":"","meta":{"footnotes":""},"class_list":["post-10616","page","type-page","status-publish","hentry"],"_links":{"self":[{"href":"https:\/\/buechertanz.de\/index.php?rest_route=\/wp\/v2\/pages\/10616","targetHints":{"allow":["GET"]}}],"collection":[{"href":"https:\/\/buechertanz.de\/index.php?rest_route=\/wp\/v2\/pages"}],"about":[{"href":"https:\/\/buechertanz.de\/index.php?rest_route=\/wp\/v2\/types\/page"}],"author":[{"embeddable":true,"href":"https:\/\/buechertanz.de\/index.php?rest_route=\/wp\/v2\/users\/2"}],"replies":[{"embeddable":true,"href":"https:\/\/buechertanz.de\/index.php?rest_route=%2Fwp%2Fv2%2Fcomments&post=10616"}],"version-history":[{"count":3,"href":"https:\/\/buechertanz.de\/index.php?rest_route=\/wp\/v2\/pages\/10616\/revisions"}],"predecessor-version":[{"id":10633,"href":"https:\/\/buechertanz.de\/index.php?rest_route=\/wp\/v2\/pages\/10616\/revisions\/10633"}],"wp:attachment":[{"href":"https:\/\/buechertanz.de\/index.php?rest_route=%2Fwp%2Fv2%2Fmedia&parent=10616"}],"curies":[{"name":"wp","href":"https:\/\/api.w.org\/{rel}","templated":true}]}}