{"id":10702,"date":"2026-04-29T15:56:46","date_gmt":"2026-04-29T14:56:46","guid":{"rendered":"https:\/\/buechertanz.de\/?page_id=10702"},"modified":"2026-04-29T19:52:03","modified_gmt":"2026-04-29T18:52:03","slug":"gelesen-april-2026","status":"publish","type":"page","link":"https:\/\/buechertanz.de\/?page_id=10702","title":{"rendered":"Gelesen April 2026"},"content":{"rendered":"\n<p class=\"has-drop-cap has-small-font-size\">Im&nbsp;<strong>April 2026<\/strong>&nbsp;habe ich&nbsp;<strong>sechs B\u00fccher\/eBooks<\/strong>&nbsp;mit insgesamt<strong>&nbsp;2.712 Seiten<\/strong>&nbsp;gelesen:<\/p>\n\n\n\n<p class=\"has-drop-cap has-small-font-size\"><\/p>\n\n\n\n<div class=\"wp-block-media-text is-vertically-aligned-center\"><figure class=\"wp-block-media-text__media\"><img loading=\"lazy\" decoding=\"async\" width=\"751\" height=\"950\" src=\"https:\/\/buechertanz.de\/wp-content\/uploads\/2026\/04\/04-April_komp.jpg\" alt=\"\" class=\"wp-image-10718 size-full\" srcset=\"https:\/\/buechertanz.de\/wp-content\/uploads\/2026\/04\/04-April_komp.jpg 751w, https:\/\/buechertanz.de\/wp-content\/uploads\/2026\/04\/04-April_komp-237x300.jpg 237w\" sizes=\"auto, (max-width: 751px) 100vw, 751px\" \/><\/figure><div class=\"wp-block-media-text__content\">\n<ul class=\"wp-block-list\">\n<li class=\"has-small-font-size\">Sechs selbst gekaufte B\u00fccher (drei Prints &amp; drei eBooks)<\/li>\n<\/ul>\n<\/div><\/div>\n\n\n\n<p class=\"has-small-font-size\">Da ich diesen Monat viel f\u00fcr meinen PapierBlumen-Stand (im Mai auf dem B\u00fcchermarkt in Endingen) gebastelt habe, stand das Lesen etwas hinten an. Ich bin trotzdem sehr zufrieden mit diesem Lesemonat. Es waren ganz wunderbare und unvergessliche Lesemomente.<br>Sollte es eine Rezension auf meinem Blog geben, gelangt ihr mit einem Klick auf den unterstrichenen Buchtitel direkt zur Rezension. <br><br>Viel Freude beim St\u00f6bern und entdecken, eure<\/p>\n\n\n\n<figure class=\"wp-block-image size-large is-resized\"><img loading=\"lazy\" decoding=\"async\" width=\"1024\" height=\"404\" src=\"https:\/\/buechertanz.de\/wp-content\/uploads\/2024\/06\/Unterschrift-1024x404.jpg\" alt=\"\" class=\"wp-image-7473\" style=\"width:203px;height:auto\" srcset=\"https:\/\/buechertanz.de\/wp-content\/uploads\/2024\/06\/Unterschrift-1024x404.jpg 1024w, https:\/\/buechertanz.de\/wp-content\/uploads\/2024\/06\/Unterschrift-300x118.jpg 300w, https:\/\/buechertanz.de\/wp-content\/uploads\/2024\/06\/Unterschrift-768x303.jpg 768w, https:\/\/buechertanz.de\/wp-content\/uploads\/2024\/06\/Unterschrift.jpg 1500w\" sizes=\"auto, (max-width: 1024px) 100vw, 1024px\" \/><\/figure>\n\n\n\n<p class=\"has-text-align-center\">_ _ _ <\/p>\n\n\n\n<div class=\"wp-block-media-text is-vertically-aligned-center\" style=\"grid-template-columns:25% auto\"><figure class=\"wp-block-media-text__media\"><img loading=\"lazy\" decoding=\"async\" width=\"329\" height=\"522\" src=\"https:\/\/buechertanz.de\/wp-content\/uploads\/2026\/03\/81JLtHYnDVL._SY522_.jpg\" alt=\"\" class=\"wp-image-10642 size-full\" srcset=\"https:\/\/buechertanz.de\/wp-content\/uploads\/2026\/03\/81JLtHYnDVL._SY522_.jpg 329w, https:\/\/buechertanz.de\/wp-content\/uploads\/2026\/03\/81JLtHYnDVL._SY522_-189x300.jpg 189w\" sizes=\"auto, (max-width: 329px) 100vw, 329px\" \/><\/figure><div class=\"wp-block-media-text__content\">\n<p class=\"has-small-font-size\"><em>Selbst gekauft <\/em>(Print)<br><br>Los ging es mit einem Buch, das ich mir w\u00e4hrend unseres St\u00e4dtetrips in Hamburg gekauft habe &#8211; und das auch genau in der Gegend spielt, in der wir unsere Unterkunft hatten:<br><strong><em>&#8222;Wir M\u00e4dchen vom Kiez&#8220; <\/em><\/strong>von Juliane Jensen ist ein ehrliches und ungesch\u00f6ntes Portr\u00e4t der Nachkriegszeit. Wer Lust hat, tief in die Geschichte Hamburgs und speziell das Leben rund um die Reeperbahn einzutauchen, wird hier definitiv f\u00fcndig. Ein atmosph\u00e4rischer Roman, der definitiv im Ged\u00e4chtnis bleiben wird. Sehr lesenswert.&nbsp;<br><\/p>\n<\/div><\/div>\n\n\n\n<p class=\"has-text-align-center\">_ _ _ <\/p>\n\n\n\n<div class=\"wp-block-media-text has-media-on-the-right is-vertically-aligned-center\" style=\"grid-template-columns:auto 25%\"><div class=\"wp-block-media-text__content\">\n<p class=\"has-small-font-size\"><em>Selbst gekauft <\/em>(eBook)<br><br>Weiter ging es mit dem Buch <em><strong><a href=\"https:\/\/buechertanz.de\/?p=10659\" target=\"_blank\" rel=\"noreferrer noopener\">&#8222;Melodie der Neuen Welt &#8211; Auftakt in New York&#8220; <\/a><\/strong><\/em>von Susanne Popp.<br>Es ist ein gut recherchierter historischer Roman \u00fcber starke Frauen, die Suche nach der eigenen Identit\u00e4t und dem Mut des Neuanfangs. Auch wenn ich bereits einige B\u00fccher gelesen habe, die zu dieser Zeit in New York spielen, habe ich bei diesem Reihenauftakt einiges Neues dazugelernt. Sehr lesenswert.&nbsp;<\/p>\n<\/div><figure class=\"wp-block-media-text__media\"><img loading=\"lazy\" decoding=\"async\" width=\"343\" height=\"522\" src=\"https:\/\/buechertanz.de\/wp-content\/uploads\/2026\/04\/81tiqWq-bDL._SY522_.jpg\" alt=\"\" class=\"wp-image-10646 size-full\" srcset=\"https:\/\/buechertanz.de\/wp-content\/uploads\/2026\/04\/81tiqWq-bDL._SY522_.jpg 343w, https:\/\/buechertanz.de\/wp-content\/uploads\/2026\/04\/81tiqWq-bDL._SY522_-197x300.jpg 197w\" sizes=\"auto, (max-width: 343px) 100vw, 343px\" \/><\/figure><\/div>\n\n\n\n<p class=\"has-text-align-center\">_ _ _ <\/p>\n\n\n\n<div class=\"wp-block-media-text is-vertically-aligned-center\" style=\"grid-template-columns:25% auto\"><figure class=\"wp-block-media-text__media\"><img loading=\"lazy\" decoding=\"async\" width=\"297\" height=\"445\" src=\"https:\/\/buechertanz.de\/wp-content\/uploads\/2026\/04\/30-Der-Rosenhof.jpg\" alt=\"\" class=\"wp-image-10672 size-full\" srcset=\"https:\/\/buechertanz.de\/wp-content\/uploads\/2026\/04\/30-Der-Rosenhof.jpg 297w, https:\/\/buechertanz.de\/wp-content\/uploads\/2026\/04\/30-Der-Rosenhof-200x300.jpg 200w\" sizes=\"auto, (max-width: 297px) 100vw, 297px\" \/><\/figure><div class=\"wp-block-media-text__content\">\n<p class=\"has-small-font-size\"><em>Selbst gekauft <\/em>(Print)<br><br>Das Buch <strong><a href=\"https:\/\/buechertanz.de\/?p=10679\" target=\"_blank\" rel=\"noreferrer noopener\">&#8222;Der Rosenhof&#8220;<\/a> <\/strong>von Priska Buchsbaum ist ein fast 800 Seiten starker Schm\u00f6ker &#8211; und jede einzelne Seite lohnt sich.<br>Dieser historische Roman ist eine Liebeserkl\u00e4rung an die Widerstandskraft der Frauen und ein wichtiges St\u00fcck Freiburger Zeitgeschichte. Wer packende Schicksale mag und Freiburg einmal mit ganz anderen Augen sehen m\u00f6chte, sollte dieses Buch unbedingt lesen.&nbsp;Ein Buch, das mir in Erinnerung bleiben wird. Unbedingt lesen.<\/p>\n<\/div><\/div>\n\n\n\n<p class=\"has-text-align-center\">_ _ _ <\/p>\n\n\n\n<div class=\"wp-block-media-text has-media-on-the-right is-vertically-aligned-center\" style=\"grid-template-columns:auto 25%\"><div class=\"wp-block-media-text__content\">\n<p class=\"has-small-font-size\"><em>Selbst gekauft<\/em> (eBook)<br><br>Dieses Buch ist ein historischer Roman, der im 20. Jahrhundert spielt. Weiter m\u00f6chte ich nicht auf dieses Buch eingehen, ich bitte euch daf\u00fcr um Verst\u00e4ndnis.<\/p>\n<\/div><figure class=\"wp-block-media-text__media\"><img loading=\"lazy\" decoding=\"async\" width=\"684\" height=\"1024\" src=\"https:\/\/buechertanz.de\/wp-content\/uploads\/2026\/04\/31-Geheimes-Buch-684x1024.jpg\" alt=\"\" class=\"wp-image-10687 size-full\" srcset=\"https:\/\/buechertanz.de\/wp-content\/uploads\/2026\/04\/31-Geheimes-Buch-684x1024.jpg 684w, https:\/\/buechertanz.de\/wp-content\/uploads\/2026\/04\/31-Geheimes-Buch-200x300.jpg 200w, https:\/\/buechertanz.de\/wp-content\/uploads\/2026\/04\/31-Geheimes-Buch-768x1150.jpg 768w, https:\/\/buechertanz.de\/wp-content\/uploads\/2026\/04\/31-Geheimes-Buch.jpg 946w\" sizes=\"auto, (max-width: 684px) 100vw, 684px\" \/><\/figure><\/div>\n\n\n\n<p class=\"has-text-align-center\">_ _ _ <\/p>\n\n\n\n<div class=\"wp-block-media-text is-vertically-aligned-center\" style=\"grid-template-columns:25% auto\"><figure class=\"wp-block-media-text__media\"><img loading=\"lazy\" decoding=\"async\" width=\"293\" height=\"445\" src=\"https:\/\/buechertanz.de\/wp-content\/uploads\/2026\/04\/32-Versuche-dein-Leben-zu-machen-Als-Juedin-versteckt-in-Berlin.jpg\" alt=\"\" class=\"wp-image-10690 size-full\" srcset=\"https:\/\/buechertanz.de\/wp-content\/uploads\/2026\/04\/32-Versuche-dein-Leben-zu-machen-Als-Juedin-versteckt-in-Berlin.jpg 293w, https:\/\/buechertanz.de\/wp-content\/uploads\/2026\/04\/32-Versuche-dein-Leben-zu-machen-Als-Juedin-versteckt-in-Berlin-198x300.jpg 198w\" sizes=\"auto, (max-width: 293px) 100vw, 293px\" \/><\/figure><div class=\"wp-block-media-text__content\">\n<p class=\"has-small-font-size\"><em>Selbst gekauft <\/em>(Print)<br><br>Das Buch <strong><em>&#8222;Versuche, dein Leben zu machen &#8211; Als J\u00fcdin versteckt in Berlin&#8220; <\/em><\/strong>ist ein Buch, das ich einfach lesen musste. <br>Mich hat selten ein Buch so ersch\u00fcttert und gleichzeitig so tief ber\u00fchrt. Es ist eine grausame Erinnerung daran, wozu Menschen f\u00e4hig sind, aber auch ein unvergessliches Zeugnis von Mut und der unb\u00e4ndigen Hoffnung auf Menschlichkeit. Margot Friedl\u00e4nder hat uns mit \u00fcber 100 Jahren noch gezeigt, dass Liebe und Vers\u00f6hnung st\u00e4rker sind als Hass. Ein Buch, das wehtut, das man aber gelesen haben sollte. Unbedingt lesen.<\/p>\n<\/div><\/div>\n\n\n\n<p class=\"has-text-align-center\">_ _ _<\/p>\n\n\n\n<div class=\"wp-block-media-text has-media-on-the-right is-vertically-aligned-center\" style=\"grid-template-columns:auto 25%\"><div class=\"wp-block-media-text__content\">\n<p class=\"has-small-font-size\"><em>Selbst gekauft <\/em>(eBook)<br><br>Und auch dieses Buch tat weh: <strong><em>&#8222;Nur ein kurzer Sommer&#8220; <\/em><\/strong>von Astrid Lehmann.<br>Der Autorin ist es gelungen, eine Geschichte zu schreiben, die zeigt, wie schmal der Grat zwischen Gl\u00fcck und Leid ist. Obwohl die Schwere der Schicksale und eine gewisse Traurigkeit nachklingen, bleibt am Ende doch das Bild von Hoffnung und der Kraft der Liebe h\u00e4ngen, die selbst in den dunkelsten Zeiten Br\u00fccken schlagen kann. Ein absolut lesenswertes Buch, das durch den pers\u00f6nlichen Hintergrund eine ganz besondere Tiefe bekommt. Sehr lesenswert.\u00a0<\/p>\n<\/div><figure class=\"wp-block-media-text__media\"><img loading=\"lazy\" decoding=\"async\" width=\"271\" height=\"445\" src=\"https:\/\/buechertanz.de\/wp-content\/uploads\/2026\/04\/33-Nur-ein-kurzer-Sommer.jpg\" alt=\"\" class=\"wp-image-10696 size-full\" srcset=\"https:\/\/buechertanz.de\/wp-content\/uploads\/2026\/04\/33-Nur-ein-kurzer-Sommer.jpg 271w, https:\/\/buechertanz.de\/wp-content\/uploads\/2026\/04\/33-Nur-ein-kurzer-Sommer-183x300.jpg 183w\" sizes=\"auto, (max-width: 271px) 100vw, 271px\" \/><\/figure><\/div>\n\n\n\n<p class=\"has-text-align-center\">_ _ _ <\/p>\n","protected":false},"excerpt":{"rendered":"<p>Im&nbsp;April 2026&nbsp;habe ich&nbsp;sechs B\u00fccher\/eBooks&nbsp;mit insgesamt&nbsp;2.712 Seiten&nbsp;gelesen: Da ich diesen Monat viel f\u00fcr meinen PapierBlumen-Stand (im Mai auf dem B\u00fcchermarkt in Endingen) gebastelt habe, stand das Lesen etwas hinten an. Ich bin trotzdem sehr zufrieden mit diesem Lesemonat. Es waren ganz wunderbare und unvergessliche Lesemomente.Sollte es eine Rezension auf meinem Blog geben, gelangt ihr mit einem &hellip; <a href=\"https:\/\/buechertanz.de\/?page_id=10702\" class=\"more-link\"><span class=\"screen-reader-text\">Gelesen April 2026<\/span> weiterlesen<\/a><\/p>\n","protected":false},"author":2,"featured_media":0,"parent":0,"menu_order":0,"comment_status":"open","ping_status":"closed","template":"","meta":{"footnotes":""},"class_list":["post-10702","page","type-page","status-publish","hentry"],"_links":{"self":[{"href":"https:\/\/buechertanz.de\/index.php?rest_route=\/wp\/v2\/pages\/10702","targetHints":{"allow":["GET"]}}],"collection":[{"href":"https:\/\/buechertanz.de\/index.php?rest_route=\/wp\/v2\/pages"}],"about":[{"href":"https:\/\/buechertanz.de\/index.php?rest_route=\/wp\/v2\/types\/page"}],"author":[{"embeddable":true,"href":"https:\/\/buechertanz.de\/index.php?rest_route=\/wp\/v2\/users\/2"}],"replies":[{"embeddable":true,"href":"https:\/\/buechertanz.de\/index.php?rest_route=%2Fwp%2Fv2%2Fcomments&post=10702"}],"version-history":[{"count":3,"href":"https:\/\/buechertanz.de\/index.php?rest_route=\/wp\/v2\/pages\/10702\/revisions"}],"predecessor-version":[{"id":10721,"href":"https:\/\/buechertanz.de\/index.php?rest_route=\/wp\/v2\/pages\/10702\/revisions\/10721"}],"wp:attachment":[{"href":"https:\/\/buechertanz.de\/index.php?rest_route=%2Fwp%2Fv2%2Fmedia&parent=10702"}],"curies":[{"name":"wp","href":"https:\/\/api.w.org\/{rel}","templated":true}]}}

<p class="has-drop-cap has-small-font-size">Im&nbsp;<strong>April 2026</strong>&nbsp;habe ich&nbsp;<strong>sechs Bücher/eBooks</strong>&nbsp;mit insgesamt<strong>&nbsp;2.712 Seiten</strong>&nbsp;gelesen:</p>



<p class="has-drop-cap has-small-font-size"></p>



<div class="wp-block-media-text is-vertically-aligned-center"><figure class="wp-block-media-text__media"><img loading="lazy" decoding="async" width="751" height="950" src="https://buechertanz.de/wp-content/uploads/2026/04/04-April_komp.jpg" alt="" class="wp-image-10718 size-full" srcset="https://buechertanz.de/wp-content/uploads/2026/04/04-April_komp.jpg 751w, https://buechertanz.de/wp-content/uploads/2026/04/04-April_komp-237x300.jpg 237w" sizes="auto, (max-width: 751px) 100vw, 751px" /></figure><div class="wp-block-media-text__content">
<ul class="wp-block-list">
<li class="has-small-font-size">Sechs selbst gekaufte Bücher (drei Prints &amp; drei eBooks)</li>
</ul>
</div></div>



<p class="has-small-font-size">Da ich diesen Monat viel für meinen PapierBlumen-Stand (im Mai auf dem Büchermarkt in Endingen) gebastelt habe, stand das Lesen etwas hinten an. Ich bin trotzdem sehr zufrieden mit diesem Lesemonat. Es waren ganz wunderbare und unvergessliche Lesemomente.<br>Sollte es eine Rezension auf meinem Blog geben, gelangt ihr mit einem Klick auf den unterstrichenen Buchtitel direkt zur Rezension. <br><br>Viel Freude beim Stöbern und entdecken, eure</p>



<figure class="wp-block-image size-large is-resized"><img loading="lazy" decoding="async" width="1024" height="404" src="https://buechertanz.de/wp-content/uploads/2024/06/Unterschrift-1024x404.jpg" alt="" class="wp-image-7473" style="width:203px;height:auto" srcset="https://buechertanz.de/wp-content/uploads/2024/06/Unterschrift-1024x404.jpg 1024w, https://buechertanz.de/wp-content/uploads/2024/06/Unterschrift-300x118.jpg 300w, https://buechertanz.de/wp-content/uploads/2024/06/Unterschrift-768x303.jpg 768w, https://buechertanz.de/wp-content/uploads/2024/06/Unterschrift.jpg 1500w" sizes="auto, (max-width: 1024px) 100vw, 1024px" /></figure>



<p class="has-text-align-center">_ _ _ </p>



<div class="wp-block-media-text is-vertically-aligned-center" style="grid-template-columns:25% auto"><figure class="wp-block-media-text__media"><img loading="lazy" decoding="async" width="329" height="522" src="https://buechertanz.de/wp-content/uploads/2026/03/81JLtHYnDVL._SY522_.jpg" alt="" class="wp-image-10642 size-full" srcset="https://buechertanz.de/wp-content/uploads/2026/03/81JLtHYnDVL._SY522_.jpg 329w, https://buechertanz.de/wp-content/uploads/2026/03/81JLtHYnDVL._SY522_-189x300.jpg 189w" sizes="auto, (max-width: 329px) 100vw, 329px" /></figure><div class="wp-block-media-text__content">
<p class="has-small-font-size"><em>Selbst gekauft </em>(Print)<br><br>Los ging es mit einem Buch, das ich mir während unseres Städtetrips in Hamburg gekauft habe &#8211; und das auch genau in der Gegend spielt, in der wir unsere Unterkunft hatten:<br><strong><em>&#8222;Wir Mädchen vom Kiez&#8220; </em></strong>von Juliane Jensen ist ein ehrliches und ungeschöntes Porträt der Nachkriegszeit. Wer Lust hat, tief in die Geschichte Hamburgs und speziell das Leben rund um die Reeperbahn einzutauchen, wird hier definitiv fündig. Ein atmosphärischer Roman, der definitiv im Gedächtnis bleiben wird. Sehr lesenswert.&nbsp;<br></p>
</div></div>



<p class="has-text-align-center">_ _ _ </p>



<div class="wp-block-media-text has-media-on-the-right is-vertically-aligned-center" style="grid-template-columns:auto 25%"><div class="wp-block-media-text__content">
<p class="has-small-font-size"><em>Selbst gekauft </em>(eBook)<br><br>Weiter ging es mit dem Buch <em><strong><a href="https://buechertanz.de/?p=10659" target="_blank" rel="noreferrer noopener">&#8222;Melodie der Neuen Welt &#8211; Auftakt in New York&#8220; </a></strong></em>von Susanne Popp.<br>Es ist ein gut recherchierter historischer Roman über starke Frauen, die Suche nach der eigenen Identität und dem Mut des Neuanfangs. Auch wenn ich bereits einige Bücher gelesen habe, die zu dieser Zeit in New York spielen, habe ich bei diesem Reihenauftakt einiges Neues dazugelernt. Sehr lesenswert.&nbsp;</p>
</div><figure class="wp-block-media-text__media"><img loading="lazy" decoding="async" width="343" height="522" src="https://buechertanz.de/wp-content/uploads/2026/04/81tiqWq-bDL._SY522_.jpg" alt="" class="wp-image-10646 size-full" srcset="https://buechertanz.de/wp-content/uploads/2026/04/81tiqWq-bDL._SY522_.jpg 343w, https://buechertanz.de/wp-content/uploads/2026/04/81tiqWq-bDL._SY522_-197x300.jpg 197w" sizes="auto, (max-width: 343px) 100vw, 343px" /></figure></div>



<p class="has-text-align-center">_ _ _ </p>



<div class="wp-block-media-text is-vertically-aligned-center" style="grid-template-columns:25% auto"><figure class="wp-block-media-text__media"><img loading="lazy" decoding="async" width="297" height="445" src="https://buechertanz.de/wp-content/uploads/2026/04/30-Der-Rosenhof.jpg" alt="" class="wp-image-10672 size-full" srcset="https://buechertanz.de/wp-content/uploads/2026/04/30-Der-Rosenhof.jpg 297w, https://buechertanz.de/wp-content/uploads/2026/04/30-Der-Rosenhof-200x300.jpg 200w" sizes="auto, (max-width: 297px) 100vw, 297px" /></figure><div class="wp-block-media-text__content">
<p class="has-small-font-size"><em>Selbst gekauft </em>(Print)<br><br>Das Buch <strong><a href="https://buechertanz.de/?p=10679" target="_blank" rel="noreferrer noopener">&#8222;Der Rosenhof&#8220;</a> </strong>von Priska Buchsbaum ist ein fast 800 Seiten starker Schmöker &#8211; und jede einzelne Seite lohnt sich.<br>Dieser historische Roman ist eine Liebeserklärung an die Widerstandskraft der Frauen und ein wichtiges Stück Freiburger Zeitgeschichte. Wer packende Schicksale mag und Freiburg einmal mit ganz anderen Augen sehen möchte, sollte dieses Buch unbedingt lesen.&nbsp;Ein Buch, das mir in Erinnerung bleiben wird. Unbedingt lesen.</p>
</div></div>



<p class="has-text-align-center">_ _ _ </p>



<div class="wp-block-media-text has-media-on-the-right is-vertically-aligned-center" style="grid-template-columns:auto 25%"><div class="wp-block-media-text__content">
<p class="has-small-font-size"><em>Selbst gekauft</em> (eBook)<br><br>Dieses Buch ist ein historischer Roman, der im 20. Jahrhundert spielt. Weiter möchte ich nicht auf dieses Buch eingehen, ich bitte euch dafür um Verständnis.</p>
</div><figure class="wp-block-media-text__media"><img loading="lazy" decoding="async" width="684" height="1024" src="https://buechertanz.de/wp-content/uploads/2026/04/31-Geheimes-Buch-684x1024.jpg" alt="" class="wp-image-10687 size-full" srcset="https://buechertanz.de/wp-content/uploads/2026/04/31-Geheimes-Buch-684x1024.jpg 684w, https://buechertanz.de/wp-content/uploads/2026/04/31-Geheimes-Buch-200x300.jpg 200w, https://buechertanz.de/wp-content/uploads/2026/04/31-Geheimes-Buch-768x1150.jpg 768w, https://buechertanz.de/wp-content/uploads/2026/04/31-Geheimes-Buch.jpg 946w" sizes="auto, (max-width: 684px) 100vw, 684px" /></figure></div>



<p class="has-text-align-center">_ _ _ </p>



<div class="wp-block-media-text is-vertically-aligned-center" style="grid-template-columns:25% auto"><figure class="wp-block-media-text__media"><img loading="lazy" decoding="async" width="293" height="445" src="https://buechertanz.de/wp-content/uploads/2026/04/32-Versuche-dein-Leben-zu-machen-Als-Juedin-versteckt-in-Berlin.jpg" alt="" class="wp-image-10690 size-full" srcset="https://buechertanz.de/wp-content/uploads/2026/04/32-Versuche-dein-Leben-zu-machen-Als-Juedin-versteckt-in-Berlin.jpg 293w, https://buechertanz.de/wp-content/uploads/2026/04/32-Versuche-dein-Leben-zu-machen-Als-Juedin-versteckt-in-Berlin-198x300.jpg 198w" sizes="auto, (max-width: 293px) 100vw, 293px" /></figure><div class="wp-block-media-text__content">
<p class="has-small-font-size"><em>Selbst gekauft </em>(Print)<br><br>Das Buch <strong><em>&#8222;Versuche, dein Leben zu machen &#8211; Als Jüdin versteckt in Berlin&#8220; </em></strong>ist ein Buch, das ich einfach lesen musste. <br>Mich hat selten ein Buch so erschüttert und gleichzeitig so tief berührt. Es ist eine grausame Erinnerung daran, wozu Menschen fähig sind, aber auch ein unvergessliches Zeugnis von Mut und der unbändigen Hoffnung auf Menschlichkeit. Margot Friedländer hat uns mit über 100 Jahren noch gezeigt, dass Liebe und Versöhnung stärker sind als Hass. Ein Buch, das wehtut, das man aber gelesen haben sollte. Unbedingt lesen.</p>
</div></div>



<p class="has-text-align-center">_ _ _</p>



<div class="wp-block-media-text has-media-on-the-right is-vertically-aligned-center" style="grid-template-columns:auto 25%"><div class="wp-block-media-text__content">
<p class="has-small-font-size"><em>Selbst gekauft </em>(eBook)<br><br>Und auch dieses Buch tat weh: <strong><em>&#8222;Nur ein kurzer Sommer&#8220; </em></strong>von Astrid Lehmann.<br>Der Autorin ist es gelungen, eine Geschichte zu schreiben, die zeigt, wie schmal der Grat zwischen Glück und Leid ist. Obwohl die Schwere der Schicksale und eine gewisse Traurigkeit nachklingen, bleibt am Ende doch das Bild von Hoffnung und der Kraft der Liebe hängen, die selbst in den dunkelsten Zeiten Brücken schlagen kann. Ein absolut lesenswertes Buch, das durch den persönlichen Hintergrund eine ganz besondere Tiefe bekommt. Sehr lesenswert. </p>
</div><figure class="wp-block-media-text__media"><img loading="lazy" decoding="async" width="271" height="445" src="https://buechertanz.de/wp-content/uploads/2026/04/33-Nur-ein-kurzer-Sommer.jpg" alt="" class="wp-image-10696 size-full" srcset="https://buechertanz.de/wp-content/uploads/2026/04/33-Nur-ein-kurzer-Sommer.jpg 271w, https://buechertanz.de/wp-content/uploads/2026/04/33-Nur-ein-kurzer-Sommer-183x300.jpg 183w" sizes="auto, (max-width: 271px) 100vw, 271px" /></figure></div>



<p class="has-text-align-center">_ _ _ </p>

<p>Im&nbsp;April 2026&nbsp;habe ich&nbsp;sechs Bücher/eBooks&nbsp;mit insgesamt&nbsp;2.712 Seiten&nbsp;gelesen: Da ich diesen Monat viel für meinen PapierBlumen-Stand (im Mai auf dem Büchermarkt in Endingen) gebastelt habe, stand das Lesen etwas hinten an. Ich bin trotzdem sehr zufrieden mit diesem Lesemonat. Es waren ganz wunderbare und unvergessliche Lesemomente.Sollte es eine Rezension auf meinem Blog geben, gelangt ihr mit einem &hellip; <a href="https://buechertanz.de/?page_id=10702" class="more-link"><span class="screen-reader-text">Gelesen April 2026</span> weiterlesen</a></p>
