{"id":1336,"date":"2020-06-01T10:17:26","date_gmt":"2020-06-01T09:17:26","guid":{"rendered":"http:\/\/buechertanz.de\/?page_id=1336"},"modified":"2023-01-04T13:52:10","modified_gmt":"2023-01-04T12:52:10","slug":"neuzugaenge-mai-2020","status":"publish","type":"page","link":"https:\/\/buechertanz.de\/?page_id=1336","title":{"rendered":"Neuzug\u00e4nge Mai 2020"},"content":{"rendered":"\n<p class=\"has-drop-cap has-small-font-size\">Im Mai 2020 sind 22 neue B\u00fccher eingezogen:<br>F\u00fcnf neue B\u00fccher, 13 B\u00fccher aus \u00f6ffentlichen B\u00fccherschr\u00e4nken und vier Rezensionsexemplare fanden den Weg in mein B\u00fccherregal.<br>Ich habe von diesen Neuzug\u00e4ngen bereits \u201e<a rel=\"noreferrer noopener\" href=\"https:\/\/buechertanz.de\/?p=1289\" target=\"_blank\">Riviera &#8211; Der Traum vom Meer<\/a>\u201c von Julia Kr\u00f6hn, &#8222;<a rel=\"noreferrer noopener\" href=\"https:\/\/buechertanz.de\/?p=1330\" target=\"_blank\">Fr\u00e4ulein Gold &#8211; Schatten und Licht<\/a>&#8220; von Anne Stern, &#8222;<a rel=\"noreferrer noopener\" href=\"https:\/\/buechertanz.de\/?p=1304\" target=\"_blank\">Die Lilienbraut<\/a>&#8220; von Teresa Simon und &#8222;<a rel=\"noreferrer noopener\" href=\"https:\/\/buechertanz.de\/?p=1312\" target=\"_blank\">Das M\u00e4dchen aus Glas<\/a>&#8220; von Julie Hilgenberg gelesen.<br>Falls es eine Rezension auf meinem Blog gibt, gelangt ihr mit einem Klick auf den Titel direkt bei der Rezension. <\/p>\n\n\n\n<p>_<\/p>\n\n\n<div class=\"wp-block-image\">\n<figure class=\"aligncenter is-resized\"><img loading=\"lazy\" decoding=\"async\" src=\"https:\/\/buechertanz.de\/wp-content\/uploads\/2020\/06\/20200531_103411-1024x768.jpg\" alt=\"\" class=\"wp-image-1356\" width=\"375\" height=\"500\"\/><\/figure><\/div>\n\n\n<p class=\"has-drop-cap has-text-align-left has-small-font-size\"><strong>Neue B\u00fccher:<\/strong><\/p>\n\n\n\n<p><\/p>\n\n\n\n<ul class=\"has-small-font-size wp-block-list\"><li>Claudia &amp; Nadja Beinert: <br><em>&#8222;Das Juliusspital &#8211; \u00c4rztin aus Leidenschaft&#8220;<\/em><\/li><li>Astrid Fritz: <br><em><a rel=\"noreferrer noopener\" href=\"https:\/\/buechertanz.de\/?p=1370\" target=\"_blank\">&#8222;Der Turm aus Licht&#8220;<\/a><\/em><\/li><li>Nicole C. Vosseler: <br><em>&#8222;Der englische Botaniker&#8220;<\/em><\/li><li>Martina Sahler: <br><em>&#8222;Die englische G\u00e4rtnerin&#8220;<\/em><\/li><li>Tabea Bach: <br><em>&#8222;Die Seidenvilla&#8220;<\/em><\/li><\/ul>\n\n\n\n<p>_<\/p>\n\n\n<div class=\"wp-block-image\">\n<figure class=\"aligncenter is-resized\"><img loading=\"lazy\" decoding=\"async\" src=\"https:\/\/buechertanz.de\/wp-content\/uploads\/2020\/06\/20200531_103225-1024x768.jpg\" alt=\"\" class=\"wp-image-1358\" width=\"383\" height=\"510\"\/><\/figure><\/div>\n\n\n<p class=\"has-drop-cap has-text-align-left has-small-font-size\"><strong>Rezensionsexemplare:<\/strong><\/p>\n\n\n\n<p><\/p>\n\n\n\n<ul class=\"has-small-font-size wp-block-list\"><li>Julia Kr\u00f6hn: <br><em>&#8222;<a rel=\"noreferrer noopener\" href=\"https:\/\/buechertanz.de\/?p=1289\" target=\"_blank\">Riviera &#8211; Der Traum vom Meer<\/a>&#8222;<\/em><\/li><li>Anne Stern: <br><em>&#8222;<a rel=\"noreferrer noopener\" href=\"https:\/\/buechertanz.de\/?p=1330\" target=\"_blank\">Fr\u00e4ulein Gold &#8211; Schatten und Licht<\/a>&#8222;<\/em><\/li><li>Teresa Simon: <br><em>&#8222;<a rel=\"noreferrer noopener\" href=\"https:\/\/buechertanz.de\/?p=1304\" target=\"_blank\">Die Lilienbraut<\/a>&#8222;<\/em><\/li><li>Julie Hilgenberg: <br><em>&#8222;<a rel=\"noreferrer noopener\" href=\"https:\/\/buechertanz.de\/?p=1312\" target=\"_blank\">Das M\u00e4dchen aus Glas<\/a>&#8222;<\/em><\/li><\/ul>\n\n\n\n<p>_<\/p>\n\n\n<div class=\"wp-block-image\">\n<figure class=\"aligncenter is-resized\"><img loading=\"lazy\" decoding=\"async\" src=\"https:\/\/buechertanz.de\/wp-content\/uploads\/2020\/06\/20200531_103839-1024x768.jpg\" alt=\"\" class=\"wp-image-1357\" width=\"384\" height=\"512\"\/><\/figure><\/div>\n\n\n<p class=\"has-drop-cap has-text-align-left has-small-font-size\"><strong>Funde aus \u00f6ffentlichen B\u00fccherschr\u00e4nken:<\/strong><\/p>\n\n\n\n<p><\/p>\n\n\n\n<ul class=\"has-small-font-size wp-block-list\"><li>Robert Goolrick: <br><em>&#8222;Ein wildes Herz&#8220;<\/em><\/li><li>Klaus Kordon: <br><em>&#8222;1848 &#8211; Die Geschichte von Jette und Frieder&#8220;<\/em><\/li><li>Tanja Kinkel: <br><em>&#8222;S\u00e4ulen der Ewigkeit&#8220;<\/em><\/li><li>Jennifer Roberson: <br><em>&#8222;Herrin der T\u00e4ler&#8220;<\/em><\/li><li>Maarten &#8218;t Hart <br><em>&#8222;Das W\u00fcten der ganzen Welt&#8220;<\/em><\/li><li>Chris Greenhalgh: <br><em>&#8222;Coco Chanel &amp; Igor Strawinsky&#8220;<\/em><\/li><li>Carmine Abate: <br><em>&#8222;Der H\u00fcgel des Windes&#8220;<\/em><\/li><li>Kate Racculia: <br><em>&#8222;Schneekugeln am Strand&#8220;<\/em><\/li><li>Sandor Marai: <br><em>&#8222;Das Wunder des San Gennaro&#8220;<\/em><\/li><li>Katherina Hacker: <br><em>&#8222;Die Habenichtse<\/em><\/li><li>Michael Ondaatje: <br><em>&#8222;Der englische Patient&#8220;<\/em><\/li><li>Charles B. Nordhoff &amp; James N. Hall: <br><em>&#8222;Die Meuterei auf der Bounty &#8211; Schiff ohne Hafen&#8220;, &#8222;Die Meuterei auf der Bounty &#8211; Meer ohne Grenzen&#8220;<\/em><\/li><\/ul>\n\n\n\n<p>_<\/p>\n\n\n<div class=\"wp-block-image\">\n<figure class=\"aligncenter is-resized\"><img loading=\"lazy\" decoding=\"async\" src=\"https:\/\/buechertanz.de\/wp-content\/uploads\/2019\/03\/Blume-5.png\" alt=\"\" class=\"wp-image-367\" width=\"165\" height=\"191\" srcset=\"https:\/\/buechertanz.de\/wp-content\/uploads\/2019\/03\/Blume-5.png 264w, https:\/\/buechertanz.de\/wp-content\/uploads\/2019\/03\/Blume-5-260x300.png 260w\" sizes=\"auto, (max-width: 165px) 100vw, 165px\" \/><\/figure><\/div>","protected":false},"excerpt":{"rendered":"<p>Im Mai 2020 sind 22 neue B\u00fccher eingezogen:F\u00fcnf neue B\u00fccher, 13 B\u00fccher aus \u00f6ffentlichen B\u00fccherschr\u00e4nken und vier Rezensionsexemplare fanden den Weg in mein B\u00fccherregal.Ich habe von diesen Neuzug\u00e4ngen bereits \u201eRiviera &#8211; Der Traum vom Meer\u201c von Julia Kr\u00f6hn, &#8222;Fr\u00e4ulein Gold &#8211; Schatten und Licht&#8220; von Anne Stern, &#8222;Die Lilienbraut&#8220; von Teresa Simon und &#8222;Das M\u00e4dchen &hellip; <a href=\"https:\/\/buechertanz.de\/?page_id=1336\" class=\"more-link\"><span class=\"screen-reader-text\">Neuzug\u00e4nge Mai 2020<\/span> weiterlesen<\/a><\/p>\n","protected":false},"author":2,"featured_media":0,"parent":0,"menu_order":0,"comment_status":"closed","ping_status":"closed","template":"","meta":{"footnotes":""},"class_list":["post-1336","page","type-page","status-publish","hentry"],"_links":{"self":[{"href":"https:\/\/buechertanz.de\/index.php?rest_route=\/wp\/v2\/pages\/1336","targetHints":{"allow":["GET"]}}],"collection":[{"href":"https:\/\/buechertanz.de\/index.php?rest_route=\/wp\/v2\/pages"}],"about":[{"href":"https:\/\/buechertanz.de\/index.php?rest_route=\/wp\/v2\/types\/page"}],"author":[{"embeddable":true,"href":"https:\/\/buechertanz.de\/index.php?rest_route=\/wp\/v2\/users\/2"}],"replies":[{"embeddable":true,"href":"https:\/\/buechertanz.de\/index.php?rest_route=%2Fwp%2Fv2%2Fcomments&post=1336"}],"version-history":[{"count":7,"href":"https:\/\/buechertanz.de\/index.php?rest_route=\/wp\/v2\/pages\/1336\/revisions"}],"predecessor-version":[{"id":4247,"href":"https:\/\/buechertanz.de\/index.php?rest_route=\/wp\/v2\/pages\/1336\/revisions\/4247"}],"wp:attachment":[{"href":"https:\/\/buechertanz.de\/index.php?rest_route=%2Fwp%2Fv2%2Fmedia&parent=1336"}],"curies":[{"name":"wp","href":"https:\/\/api.w.org\/{rel}","templated":true}]}}