{"id":1514,"date":"2020-08-02T13:31:36","date_gmt":"2020-08-02T12:31:36","guid":{"rendered":"http:\/\/buechertanz.de\/?page_id=1514"},"modified":"2023-01-04T13:53:04","modified_gmt":"2023-01-04T12:53:04","slug":"neuzugaenge-juli-2020","status":"publish","type":"page","link":"https:\/\/buechertanz.de\/?page_id=1514","title":{"rendered":"Neuzug\u00e4nge Juli 2020"},"content":{"rendered":"\n<p class=\"has-drop-cap has-small-font-size\">Im Juli 2020 sind 9 neue B\u00fccher eingezogen:<br>Sieben neue (also selbstgekaufte) B\u00fccher und zwei Rezensionsexemplare. &#8222;<a rel=\"noreferrer noopener\" href=\"https:\/\/buechertanz.de\/?p=1457\" target=\"_blank\">Die Gartenvilla<\/a>&#8220; von Cristina Caboni und &#8222;<a rel=\"noreferrer noopener\" href=\"https:\/\/buechertanz.de\/?p=1507\" target=\"_blank\">Margeritenjahre<\/a>&#8220; von Eva-Maria Bast habe ich direkt gelesen. <br>Falls es eine Rezension auf meinem Blog gibt, gelangt ihr mit einem Klick auf den Titel direkt bei der Rezension. <\/p>\n\n\n\n<p>_<\/p>\n\n\n<div class=\"wp-block-image\">\n<figure class=\"aligncenter is-resized\"><img loading=\"lazy\" decoding=\"async\" src=\"https:\/\/buechertanz.de\/wp-content\/uploads\/2020\/08\/07-Juli-neu-1024x741.jpg\" alt=\"\" class=\"wp-image-1529\" width=\"565\" height=\"408\" srcset=\"https:\/\/buechertanz.de\/wp-content\/uploads\/2020\/08\/07-Juli-neu-1024x741.jpg 1024w, https:\/\/buechertanz.de\/wp-content\/uploads\/2020\/08\/07-Juli-neu-300x217.jpg 300w, https:\/\/buechertanz.de\/wp-content\/uploads\/2020\/08\/07-Juli-neu-768x556.jpg 768w\" sizes=\"auto, (max-width: 565px) 100vw, 565px\" \/><\/figure><\/div>\n\n\n<p class=\"has-drop-cap has-text-align-left has-small-font-size\"><strong>Neue B\u00fccher:<\/strong><\/p>\n\n\n\n<p><\/p>\n\n\n\n<ul class=\"has-small-font-size wp-block-list\"><li>Daisy Goodwin: <br><em>&#8222;Der Besuch der Kaiserin&#8220;<\/em><\/li><li>Hanni M\u00fcnzer: <br><em>&#8222;Solange es Schmetterlinge gibt&#8220;<\/em><\/li><li>Lisa Grunwald: <br><em>&#8222;Mit dir f\u00fcr alle Zeit&#8220;<\/em><\/li><li>Michelle Marly: <br><em>&#8222;Madame Piaf und das Lied der Liebe&#8220;<\/em><\/li><li>Tabea Bach: <br><em>&#8222;Die Kamelieninsel&#8220; und &#8222;Die Frauen der Kamelieninsel&#8220;<\/em><\/li><li>Eleanor Catton: <br><em>&#8222;Die Gestirne&#8220;<\/em><\/li><\/ul>\n\n\n\n<p>_<\/p>\n\n\n<div class=\"wp-block-image\">\n<figure class=\"aligncenter is-resized\"><img loading=\"lazy\" decoding=\"async\" src=\"https:\/\/buechertanz.de\/wp-content\/uploads\/2020\/08\/07-Juli-Rezis-941x1024.jpg\" alt=\"\" class=\"wp-image-1530\" width=\"472\" height=\"513\" srcset=\"https:\/\/buechertanz.de\/wp-content\/uploads\/2020\/08\/07-Juli-Rezis-941x1024.jpg 941w, https:\/\/buechertanz.de\/wp-content\/uploads\/2020\/08\/07-Juli-Rezis-276x300.jpg 276w, https:\/\/buechertanz.de\/wp-content\/uploads\/2020\/08\/07-Juli-Rezis-768x836.jpg 768w\" sizes=\"auto, (max-width: 472px) 100vw, 472px\" \/><\/figure><\/div>\n\n\n<p class=\"has-drop-cap has-text-align-left has-small-font-size\"><strong>Rezensionsexemplare:<\/strong><\/p>\n\n\n\n<p><\/p>\n\n\n\n<ul class=\"has-small-font-size wp-block-list\"><li>Cristina Caboni:<br><em><a rel=\"noreferrer noopener\" href=\"https:\/\/buechertanz.de\/?p=1457\" target=\"_blank\">&#8222;Die Gartenvilla&#8220;<\/a><\/em><\/li><li>Eva-Maria Bast: <br><a rel=\"noreferrer noopener\" href=\"https:\/\/buechertanz.de\/?p=1507\" target=\"_blank\"><em>&#8222;Margeritenjahre&#8220;<br><\/em><\/a><br><em>An dieser Stelle ein herzliches Dankesch\u00f6n an den Blanvalet Verlag und an den Gmeiner-Verlag f\u00fcr die Zusendung der B\u00fccher als Rezensionsexemplare.<\/em><\/li><\/ul>\n\n\n\n<p>_<\/p>\n\n\n<div class=\"wp-block-image\">\n<figure class=\"aligncenter is-resized\"><img loading=\"lazy\" decoding=\"async\" src=\"https:\/\/buechertanz.de\/wp-content\/uploads\/2019\/03\/Blume.png\" alt=\"\" class=\"wp-image-356\" width=\"208\" height=\"241\" srcset=\"https:\/\/buechertanz.de\/wp-content\/uploads\/2019\/03\/Blume.png 264w, https:\/\/buechertanz.de\/wp-content\/uploads\/2019\/03\/Blume-260x300.png 260w\" sizes=\"auto, (max-width: 208px) 100vw, 208px\" \/><\/figure><\/div>","protected":false},"excerpt":{"rendered":"<p>Im Juli 2020 sind 9 neue B\u00fccher eingezogen:Sieben neue (also selbstgekaufte) B\u00fccher und zwei Rezensionsexemplare. &#8222;Die Gartenvilla&#8220; von Cristina Caboni und &#8222;Margeritenjahre&#8220; von Eva-Maria Bast habe ich direkt gelesen. Falls es eine Rezension auf meinem Blog gibt, gelangt ihr mit einem Klick auf den Titel direkt bei der Rezension. _ Neue B\u00fccher: Daisy Goodwin: &#8222;Der &hellip; <a href=\"https:\/\/buechertanz.de\/?page_id=1514\" class=\"more-link\"><span class=\"screen-reader-text\">Neuzug\u00e4nge Juli 2020<\/span> weiterlesen<\/a><\/p>\n","protected":false},"author":2,"featured_media":0,"parent":0,"menu_order":0,"comment_status":"open","ping_status":"closed","template":"","meta":{"footnotes":""},"class_list":["post-1514","page","type-page","status-publish","hentry"],"_links":{"self":[{"href":"https:\/\/buechertanz.de\/index.php?rest_route=\/wp\/v2\/pages\/1514","targetHints":{"allow":["GET"]}}],"collection":[{"href":"https:\/\/buechertanz.de\/index.php?rest_route=\/wp\/v2\/pages"}],"about":[{"href":"https:\/\/buechertanz.de\/index.php?rest_route=\/wp\/v2\/types\/page"}],"author":[{"embeddable":true,"href":"https:\/\/buechertanz.de\/index.php?rest_route=\/wp\/v2\/users\/2"}],"replies":[{"embeddable":true,"href":"https:\/\/buechertanz.de\/index.php?rest_route=%2Fwp%2Fv2%2Fcomments&post=1514"}],"version-history":[{"count":8,"href":"https:\/\/buechertanz.de\/index.php?rest_route=\/wp\/v2\/pages\/1514\/revisions"}],"predecessor-version":[{"id":4249,"href":"https:\/\/buechertanz.de\/index.php?rest_route=\/wp\/v2\/pages\/1514\/revisions\/4249"}],"wp:attachment":[{"href":"https:\/\/buechertanz.de\/index.php?rest_route=%2Fwp%2Fv2%2Fmedia&parent=1514"}],"curies":[{"name":"wp","href":"https:\/\/api.w.org\/{rel}","templated":true}]}}