{"id":1709,"date":"2020-12-31T16:42:54","date_gmt":"2020-12-31T15:42:54","guid":{"rendered":"http:\/\/buechertanz.de\/?page_id=1709"},"modified":"2023-01-04T13:54:58","modified_gmt":"2023-01-04T12:54:58","slug":"neuzugaenge-november-2020","status":"publish","type":"page","link":"https:\/\/buechertanz.de\/?page_id=1709","title":{"rendered":"Neuzug\u00e4nge November 2020"},"content":{"rendered":"\n<p class=\"has-small-font-size\">Im November 2020 sind insgesamt 16 B\u00fccher hier eingezogen. 13 neue B\u00fccher aus der Buchhandlung und drei B\u00fccher aus &#8222;Zu-verschenken-Kisten&#8220;.<br>Falls es eine Rezension auf meinem Blog gibt, gelangt ihr mit einem Klick auf den Titel direkt bei der Rezension.<br>Leider kann ich euch gerade wegen technischer Probleme kein Bild meiner Neuzug\u00e4nge im Oktober 2020 zeigen. Wir arbeiten dran! <\/p>\n\n\n\n<p>_<\/p>\n\n\n\n<p class=\"has-drop-cap has-small-font-size\"><strong>Neue B\u00fccher:<\/strong><\/p>\n\n\n\n<p><\/p>\n\n\n\n<ul class=\"has-small-font-size wp-block-list\"><li>Lara Prescott: <br><em>&#8222;Alles was wir sind&#8220;<\/em><\/li><li>Jeffrey Archer: <br><em>&#8222;Klang der Hoffnung&#8220;<\/em><\/li><li>Tracy Chevalier: <br><em>&#8222;Violet&#8220;<\/em><\/li><li>Anne Jacobs: <br><em>&#8222;R\u00fcckkehr in die Tuchvilla&#8220;<\/em><\/li><li>Manuela Inusa: <br><em>&#8222;Der kleine Teeladen zum Gl\u00fcck &amp; Die Chocolaterie der Tr\u00e4ume&#8220; und &#8222;Die kleine Stra\u00dfe der Herzen&#8220;<\/em><\/li><li>Rebecca Gabl\u00e9: <br><em>&#8222;Teufelskrone&#8220;<\/em><\/li><li>Marie Brunntaler: <br><em>&#8222;Wolf&#8220;<\/em><\/li><li>Hanna Caspian: <br><em>&#8222;Gut Greifenau &#8211; Silberstreif&#8220;<\/em><\/li><li>Charlotte Jacobi:<br><em>&#8222;Die Douglas Schwestern&#8220;<\/em><\/li><li>Sofia Lundberg: <br><em>&#8222;Das rote Adressbuch&#8220;<\/em><\/li><li>Antonia Blum: <br><em>&#8222;Kinderklinik Wei\u00dfensee &#8211; Zeit der Wunder&#8220;<\/em><\/li><li>Dirk Husemann: <br><em>&#8222;Die Romanfabrik&#8220;<\/em><\/li><\/ul>\n\n\n\n<p>_<\/p>\n\n\n\n<p class=\"has-drop-cap has-small-font-size\"><strong>Geschenke:<\/strong><\/p>\n\n\n\n<p><\/p>\n\n\n\n<ul class=\"has-small-font-size wp-block-list\"><li>Bernd Greiner: <br><em>&#8222;9\/11 &#8211; Der Tag, die Angst, die Folgen&#8220;<\/em><\/li><li>Nora Berger: <br><em>&#8222;Bratkartoffeln und Rote Beete&#8220;<\/em><\/li><li>Jean Orieux: <br><em>&#8222;Katharina von Medici&#8220;<\/em><\/li><\/ul>\n\n\n\n<p>_<br><br><br><br><strong><br><\/strong><br><\/p>\n\n\n<div class=\"wp-block-image\">\n<figure class=\"aligncenter is-resized\"><img loading=\"lazy\" decoding=\"async\" src=\"https:\/\/buechertanz.de\/wp-content\/uploads\/2019\/03\/Blume-1.png\" alt=\"\" class=\"wp-image-363\" width=\"164\" height=\"190\" srcset=\"https:\/\/buechertanz.de\/wp-content\/uploads\/2019\/03\/Blume-1.png 264w, https:\/\/buechertanz.de\/wp-content\/uploads\/2019\/03\/Blume-1-260x300.png 260w\" sizes=\"auto, (max-width: 164px) 100vw, 164px\" \/><\/figure><\/div>","protected":false},"excerpt":{"rendered":"<p>Im November 2020 sind insgesamt 16 B\u00fccher hier eingezogen. 13 neue B\u00fccher aus der Buchhandlung und drei B\u00fccher aus &#8222;Zu-verschenken-Kisten&#8220;.Falls es eine Rezension auf meinem Blog gibt, gelangt ihr mit einem Klick auf den Titel direkt bei der Rezension.Leider kann ich euch gerade wegen technischer Probleme kein Bild meiner Neuzug\u00e4nge im Oktober 2020 zeigen. Wir &hellip; <a href=\"https:\/\/buechertanz.de\/?page_id=1709\" class=\"more-link\"><span class=\"screen-reader-text\">Neuzug\u00e4nge November 2020<\/span> weiterlesen<\/a><\/p>\n","protected":false},"author":2,"featured_media":0,"parent":0,"menu_order":0,"comment_status":"open","ping_status":"closed","template":"","meta":{"footnotes":""},"class_list":["post-1709","page","type-page","status-publish","hentry"],"_links":{"self":[{"href":"https:\/\/buechertanz.de\/index.php?rest_route=\/wp\/v2\/pages\/1709","targetHints":{"allow":["GET"]}}],"collection":[{"href":"https:\/\/buechertanz.de\/index.php?rest_route=\/wp\/v2\/pages"}],"about":[{"href":"https:\/\/buechertanz.de\/index.php?rest_route=\/wp\/v2\/types\/page"}],"author":[{"embeddable":true,"href":"https:\/\/buechertanz.de\/index.php?rest_route=\/wp\/v2\/users\/2"}],"replies":[{"embeddable":true,"href":"https:\/\/buechertanz.de\/index.php?rest_route=%2Fwp%2Fv2%2Fcomments&post=1709"}],"version-history":[{"count":5,"href":"https:\/\/buechertanz.de\/index.php?rest_route=\/wp\/v2\/pages\/1709\/revisions"}],"predecessor-version":[{"id":4253,"href":"https:\/\/buechertanz.de\/index.php?rest_route=\/wp\/v2\/pages\/1709\/revisions\/4253"}],"wp:attachment":[{"href":"https:\/\/buechertanz.de\/index.php?rest_route=%2Fwp%2Fv2%2Fmedia&parent=1709"}],"curies":[{"name":"wp","href":"https:\/\/api.w.org\/{rel}","templated":true}]}}