{"id":1714,"date":"2020-12-31T16:42:54","date_gmt":"2020-12-31T15:42:54","guid":{"rendered":"http:\/\/buechertanz.de\/?page_id=1714"},"modified":"2022-03-31T08:11:27","modified_gmt":"2022-03-31T07:11:27","slug":"gelesen-oktober-2020","status":"publish","type":"page","link":"https:\/\/buechertanz.de\/?page_id=1714","title":{"rendered":"Gelesen Oktober 2020"},"content":{"rendered":"\n<p class=\"has-drop-cap has-small-font-size\">Hier findet ihr die B\u00fccher, die ich im Oktober 2020 gelesen habe und ihr bekommt einen ersten Eindruck. Die ausf\u00fchrlichen Rezensionen folgen.<br>Falls es schon eine Rezension auf meinem Blog gibt, gelangt ihr mit einem Klick auf den Titel direkt bei der Rezension. <br>Leider kann ich momentan auf dem Blog nur noch bedingt Bilder hochladen, wir arbeiten an einer Probleml\u00f6sung.<\/p>\n\n\n\n<p class=\"has-text-align-center\"><em>Gelesene B\u00fccher Oktober 2020:<\/em><br><em>&#8211; Sieben B\u00fccher<\/em><br><em>&#8211; 3.303 Seiten<\/em><\/p>\n\n\n\n<p>_<\/p>\n\n\n\n<p class=\"has-small-font-size\"><strong><a href=\"https:\/\/buechertanz.de\/?p=1669\" target=\"_blank\" rel=\"noreferrer noopener\">Anna Liebig: \u201eDas Winterkarussell\u201c<\/a><\/strong><a href=\"https:\/\/buechertanz.de\/?p=1669\"><br><\/a><strong>Erschienen am 21. September 2020 im Blanvalet-Verlag<br>ISBN:  978-3-7341-0887-7 <\/strong><br><br><strong>Klappentext:<br><\/strong><em>\u201eEin nostalgisches Karussell im Schnee, verlorene Tr\u00e4ume und ein neuer Anfang \u2026<br>Nachdem die f\u00fcnfzehnj\u00e4hrige Antonia ihre Mutter bei einem Unfall verloren hat, findet sie sich bei ihrem bislang unbekannten Gro\u00dfvater Otto auf dessen Bauernhof im Taunus wieder. Die Ann\u00e4herung zwischen dem m\u00fcrrischen Greis und dem Teenager gestaltet sich schwierig \u2013 bis Antonia ein altes Karussell in der Scheune entdeckt. Sie ist ganz verzaubert von dem nostalgischen Fahrgesch\u00e4ft, und eines Abends beginnt ihr Gro\u00dfvater schlie\u00dflich zu erz\u00e4hlen: von damals, als er noch ein junger Schausteller war und sich auf dem Weihnachtsmarkt in Frankfurt zum ersten Mal im Leben unsterblich verliebte \u2026\u201c<\/em><br><br><strong>Meine Meinung:<\/strong><br>Ein Buch, welches mich verzaubert und in Weihnachtsstimmung versetzt hat. Wundersch\u00f6n geschrieben und eine Geschichte, die einem warm ums Herz werden l\u00e4sst. <a href=\"https:\/\/buechertanz.de\/?p=1669\" target=\"_blank\" rel=\"noreferrer noopener\">Hier<\/a> findet ihr meine ausf\u00fchrliche Rezension.<\/p>\n\n\n\n<p>_<\/p>\n\n\n\n<p class=\"has-small-font-size\"><strong><a href=\"https:\/\/buechertanz.de\/?p=1686\" target=\"_blank\" rel=\"noreferrer noopener\">Brigitte Riebe: &#8222;Weihnachten am Ku&#8217;damm&#8220;<br><\/a>Erschienen am 13. Oktober 2020 im Wunderlich-Verlag<br>ISBN: 978-3-8052-0073-8 <\/strong> <br><br><strong>Klappentext:<\/strong><br><em> &#8222;Bitterkalt ist es im Jahrhundertwinter des Jahres 1946. Der Krieg ist vorbei, nun \u00e4chzt das zerst\u00f6rte Berlin unter dem \u201eHungerwinter\u201c. Auch das einst pr\u00e4chtige Kaufhaus am Ku\u2019damm liegt in Tr\u00fcmmern, selbst die vergleichsweise wohlhabende Familie Thalheim kann von einem opulenten Weihnachtsfest nur tr\u00e4umen. Eines Abends weht der klirrend kalte Winterwind einen kleinen Jungen zum provisorisch eingerichteten Modegesch\u00e4ft am Savignyplatz. Erich ist halb verhungert und scheint mutterseelenallein in der Stadt zu sein. Kurzentschlossen nimmt Rike, die \u00e4lteste von drei Schwestern, ihn mit nach Hause &#8211; sein weizenblondes Haar erinnert sie an Oskar, ihren im Krieg verschollenen Bruder. Der Kleine soll ein Weihnachtsfest haben, das er nie vergisst, da sind Rike, Silvie und Florentine sich einig. Doch woher einen Weihnachtsbaum nehmen, wenn sogar der Tiergarten abgeholzt ist?&#8220;<\/em><br><br><strong>Meine Meinung:<\/strong><br>Wundersch\u00f6n und traurig zugleich. Eine Geschichte, die zu Herzen geht. <a href=\"https:\/\/buechertanz.de\/?p=1686\" target=\"_blank\" rel=\"noreferrer noopener\">Hier<\/a> findet ihr meine ausf\u00fchrliche Rezension.<\/p>\n\n\n\n<p>_<\/p>\n\n\n\n<p class=\"has-small-font-size\"><strong><a href=\"https:\/\/buechertanz.de\/?p=1690\" target=\"_blank\" rel=\"noreferrer noopener\">Anne Stern: &#8222;Fr\u00e4ulein Gold &#8211; Scheunenkinder&#8220;<\/a><\/strong><a href=\"https:\/\/buechertanz.de\/?p=1690\"><br><\/a><strong>Erschienen am 13. Oktober 2020 im Rowohlt-Verlag<br>ISBN: 978-3-499-00429-2 <\/strong><br><br><strong>Klappentext:<\/strong><br><em>&#8222;Band 2 der farbenpr\u00e4chtigen Saga um Hebamme Hulda Gold, die im Berlin der 1920er Jahre in r\u00e4tselhafte F\u00e4lle verstrickt wird.<br>1923: Die Berliner Hebamme Hulda Gold wird zu einer Geburt ins Scheunenviertel nach Mitte gerufen. Obwohl die j\u00fcdische Familie dort nach ihren ganz eigenen, strengen Regeln lebt, gewinnt Hulda das Vertrauen der jungen Mutter. Und als das Neugeborene nach wenigen Tagen verschwindet, wird sie unvermittelt in die r\u00e4tselhafte Suche nach ihm verstrickt. Wie kann ein Kind in dieser engen Gemeinschaft einfach so verlorengehen? Je hartn\u00e4ckiger Hulda den Spuren folgt, desto st\u00e4rker st\u00f6\u00dft sie auf Widerstand, denn die Bewohner des Viertels haben ihre gut geh\u00fcteten Geheimnisse.<br>Bald zeigt sich, dass die Berliner Polizei zur gleichen Zeit nach Kinderh\u00e4ndlern fahndet, und Hulda ahnt einen Zusammenhang. Kann Kommissar Karl North ihr helfen, das Neugeborene zu finden? Doch dann entl\u00e4dt sich im Scheunenviertel der Judenhass in einem Pogrom, und Hulda selbst ger\u00e4t in h\u00f6chste Gefahr.&#8220;<\/em> <br><br><br><strong>Meine Meinung:<\/strong><br>Ich liebe diese Buchreihe. Was f\u00fcr eine starke Hauptfigur. <a href=\"https:\/\/buechertanz.de\/?p=1690\" target=\"_blank\" rel=\"noreferrer noopener\">Hier<\/a> findet ihr meine ausf\u00fchrliche Rezension.<\/p>\n\n\n\n<p>_<\/p>\n\n\n\n<p class=\"has-small-font-size\"><strong><a href=\"https:\/\/buechertanz.de\/?p=1700\" target=\"_blank\" rel=\"noreferrer noopener\">Maria Nikolai: &#8222;Die Schokoladenvilla &#8211; Zeit des Schicksals&#8220;<br><\/a>Erschienen am 12. Oktober 2020 im Penguin-Verlag<br>ISBN: 978-3-328-10407-0 <\/strong><br><br><strong>Klappentext:<\/strong><br><em>&#8222;Eine unheilvolle Zeit. Ein Familienerbe in Gefahr. Eine Liebe, die grenzenlos ist.<br>Stuttgart, Sommer 1936: Die junge Chocolati\u00e8re Viktoria muss ihre Lehrzeit in Frankreich abbrechen, weil die heimische Schokoladenmanufaktur dringend ihre Unterst\u00fctzung braucht. Die Zeiten sind unsicher, man will die Familie Rothmann aus der Leitung ihres Unternehmens dr\u00e4ngen. Noch w\u00e4hrend sich Viktoria und ihre Mutter Judith mit allen Mitteln wehren, taucht der Schokoladenunternehmer Andrew Miller in Stuttgart auf. Der gutaussehende Amerikaner bringt nicht nur Viktorias Gef\u00fchlsleben durcheinander, er bietet den Rothmanns auch einen Ausweg an. Doch ist er wirklich der, f\u00fcr den er sich ausgibt? Als die Ereignisse sich \u00fcberst\u00fcrzen, dr\u00e4ngt zudem ein lang geh\u00fctetes Familiengeheimnis ans Licht \u2026&#8220;<\/em><br><br><strong>Meine Meinung:<br><\/strong>Der Abschluss einer Trilogie, die mich mehr als begeistert hat. Ein Genuss.<a href=\"https:\/\/buechertanz.de\/?p=1700\" target=\"_blank\" rel=\"noreferrer noopener\"> Hier<\/a> findet ihr meine ausf\u00fchrliche Rezension.<\/p>\n\n\n\n<p>_<\/p>\n\n\n\n<p class=\"has-small-font-size\"><strong>Ken Follett: &#8222;Kingsbrige &#8211; Der Morgen einer neuen Zeit&#8220;<\/strong><br><strong>Erschienen am 15. September 2020 im L\u00fcbbe Verlag<br>ISBN: 978-3785727003<\/strong> <br><br><strong>Klappentext:<br><\/strong><em>&#8222;Ein Epos um Gut und B\u00f6se, Liebe und Hass &#8211; die Vorgeschichte zu Ken Folletts Weltbestseller &#8222;Die S\u00e4ulen der Erde&#8220; England im Jahr 997. Im Morgengrauen wartet der junge Bootsbauer Edgar auf seine Geliebte. Deshalb ist er der Erste, der die Gefahr am Horizont entdeckt: Drachenboote. Jeder wei\u00df: Die Wikinger bringen Tod und Verderben \u00fcber Land und Leute. Edgar versucht alles, um die B\u00fcrger von Combe zu warnen. Doch er kommt zu sp\u00e4t. Die Stadt wird beinahe v\u00f6llig zerst\u00f6rt. Viele Menschen sterben, auch Edgars Familie bleibt nicht verschont. Die Werft der Bootsbauer brennt nieder. Edgar bleibt nur ein Ausweg: ein verlassener Bauernhof in einem Weiler fern der K\u00fcste. W\u00e4hrend Edgar ums \u00dcberleben k\u00e4mpft, streiten andere um Reichtum und Macht in England. Unter ihnen: der gleicherma\u00dfen ehrgeizige wie skrupellose Bischof Wynstan, der idealistische M\u00f6nch Aldred und Ragna, die Tochter eines normannischen Grafen &#8230; Edgar, Ragna, Wynstan, Aldred &#8211; ihre Schicksale sind untrennbar miteinander und mit ihrer Zeit verbunden. Ihr Land, das England der Angelsachsen, ist eine Gesellschaft voller Gewalt. Eine Gesellschaft, in der selbst der K\u00f6nig es schwer hat, Recht und Gerechtigkeit durchzusetzen. Gemeinsam mit Edgar, Ragna, Wynstan und Aldred erleben wir den \u00dcbergang von dunklen Zeiten ins englische Mittelalter &#8211; und den Aufstieg eines unbedeutenden Weilers zum Ort Kingsbridge, den wir seit &#8222;Die S\u00e4ulen der Erde&#8220; kennen und lieben.&#8220;<\/em><br><br>Meine Meinung:<br>Ich muss gestehen, dass ich anfangs skeptisch war, da ich mich in dem fr\u00fchen Mittelalter nicht ganz so wohl f\u00fchle, wie in anderen Zeiten. Nach den ersten 50 Seiten war ich dann aber total in der Geschichte abgetaucht und konnte das Buch nur noch schwer aus den H\u00e4nden legen. Ein richtiger Pageturner.<\/p>\n\n\n\n<p>_<\/p>\n\n\n\n<p class=\"has-small-font-size\"><strong>Odile Bouhier: &#8222;Der Basar des Schicksals&#8220;<\/strong><br><strong>Erschienen am 12. Oktober 2020 im Heyne-Verlag<br>ISBN: 978-3453424968 <\/strong><br><br><strong>Klappentext:<\/strong><br><em>&#8222;W\u00e4hrend einer Wohlt\u00e4tigkeitsveranstaltung, einem pr\u00e4chtigen Basar mitten in Paris, bricht ein Feuer aus, das schnell auf die Kleider und H\u00fcte der vorwiegend weiblichen Besucherinnen \u00fcberspringt. Die T\u00fcren, die sich nur nach innen \u00f6ffnen lassen, werden von den Massen blockiert. Innerhalb weniger Minuten sterben mehr als 120 Menschen. F\u00fcr Alice und Adrienne, zwei Frauen der Oberschicht, bedeutet diese Katastrophe auch die Chance, sich von den Fesseln, die ihnen die Gesellschaft auferlegt, zu befreien, ihren ungeliebten M\u00e4nnern zu entfliehen und ihrem Herzen zu folgen. W\u00e4hrenddessen gelingt es der jungen \u00c9meline und der Journalistin Lucile, im Chaos des Geschehens \u00fcber sich hinauszuwachsen und sich neu zu erfinden.&#8220;<\/em><br><br><strong>Meine Meinung:<br><\/strong>Ich wollte das Buch tats\u00e4chlich abbrechen. Das will was hei\u00dfen. Fehlende Abs\u00e4tze und seltsamer, Satzbau. Jetzt bin ich froh, dass ich doch nicht abgebrochen habe, denn es ist trotz allem ein lesenswertes Buch, welches mich dann doch noch gut unterhalten konnte.<\/p>\n\n\n\n<p>_<\/p>\n\n\n\n<p class=\"has-small-font-size\"><strong>Laetitia Colombani: &#8222;Der Zopf&#8220;<\/strong><br><strong>Erschienen am 23. Oktober 2019 im S.Fischer Verlag<br>ISBN: 978-3596522668 <\/strong><br><br><strong>Klappentext:<\/strong><br><em>&#8222;Die Lebenswege von Smita, Giulia und Sarah k\u00f6nnten unterschiedlicher nicht sein. In Indien setzt Smita alles daran, damit ihre Tochter lesen und schreiben lernt. In Sizilien entdeckt Giulia nach dem Unfall ihres Vaters, dass das Familienunternehmen, die letzte Per\u00fcckenfabrik Palermos, ruiniert ist. Und in Montreal soll die erfolgreiche Anw\u00e4ltin Sarah Partnerin der Kanzlei werden, da erf\u00e4hrt sie von ihrer schweren Erkrankung.<br>Ergreifend und kunstvoll flicht Laetitia Colombani aus den drei au\u00dfergew\u00f6hnlichen Geschichten einen prachtvollen Zopf.&#8220;<\/em><br><br><strong>Meine Meinung:<\/strong><br>Das Buch hatte ich ewig auf meiner &#8222;Muss ich unbedingt mal lesen&#8220;- Liste. Was soll ich sagen? Ein wunderbares Buch, ich habe es auf keiner Seite bereut zu lesen und werde noch lange an dieses Buch denken.<\/p>\n\n\n\n<p>_<\/p>\n\n\n\n<div class=\"wp-block-image\"><figure class=\"aligncenter is-resized\"><img loading=\"lazy\" decoding=\"async\" src=\"https:\/\/buechertanz.de\/wp-content\/uploads\/2019\/03\/Blume-2.png\" alt=\"\" class=\"wp-image-364\" width=\"202\" height=\"233\" srcset=\"https:\/\/buechertanz.de\/wp-content\/uploads\/2019\/03\/Blume-2.png 264w, https:\/\/buechertanz.de\/wp-content\/uploads\/2019\/03\/Blume-2-260x300.png 260w\" sizes=\"auto, (max-width: 202px) 100vw, 202px\" \/><\/figure><\/div>\n\n\n\n<p><br><br><\/p>\n\n\n\n<p><br><\/p>\n","protected":false},"excerpt":{"rendered":"<p>Hier findet ihr die B\u00fccher, die ich im Oktober 2020 gelesen habe und ihr bekommt einen ersten Eindruck. Die ausf\u00fchrlichen Rezensionen folgen.Falls es schon eine Rezension auf meinem Blog gibt, gelangt ihr mit einem Klick auf den Titel direkt bei der Rezension. Leider kann ich momentan auf dem Blog nur noch bedingt Bilder hochladen, wir &hellip; <a href=\"https:\/\/buechertanz.de\/?page_id=1714\" class=\"more-link\"><span class=\"screen-reader-text\">Gelesen Oktober 2020<\/span> weiterlesen<\/a><\/p>\n","protected":false},"author":2,"featured_media":0,"parent":0,"menu_order":0,"comment_status":"open","ping_status":"closed","template":"","meta":{"footnotes":""},"class_list":["post-1714","page","type-page","status-publish","hentry"],"_links":{"self":[{"href":"https:\/\/buechertanz.de\/index.php?rest_route=\/wp\/v2\/pages\/1714","targetHints":{"allow":["GET"]}}],"collection":[{"href":"https:\/\/buechertanz.de\/index.php?rest_route=\/wp\/v2\/pages"}],"about":[{"href":"https:\/\/buechertanz.de\/index.php?rest_route=\/wp\/v2\/types\/page"}],"author":[{"embeddable":true,"href":"https:\/\/buechertanz.de\/index.php?rest_route=\/wp\/v2\/users\/2"}],"replies":[{"embeddable":true,"href":"https:\/\/buechertanz.de\/index.php?rest_route=%2Fwp%2Fv2%2Fcomments&post=1714"}],"version-history":[{"count":3,"href":"https:\/\/buechertanz.de\/index.php?rest_route=\/wp\/v2\/pages\/1714\/revisions"}],"predecessor-version":[{"id":3002,"href":"https:\/\/buechertanz.de\/index.php?rest_route=\/wp\/v2\/pages\/1714\/revisions\/3002"}],"wp:attachment":[{"href":"https:\/\/buechertanz.de\/index.php?rest_route=%2Fwp%2Fv2%2Fmedia&parent=1714"}],"curies":[{"name":"wp","href":"https:\/\/api.w.org\/{rel}","templated":true}]}}