{"id":1946,"date":"2021-03-31T22:12:08","date_gmt":"2021-03-31T21:12:08","guid":{"rendered":"http:\/\/buechertanz.de\/?page_id=1946"},"modified":"2022-03-31T08:17:00","modified_gmt":"2022-03-31T07:17:00","slug":"gelesen-maerz-2021","status":"publish","type":"page","link":"https:\/\/buechertanz.de\/?page_id=1946","title":{"rendered":"Gelesen M\u00e4rz 2021"},"content":{"rendered":"\n<p class=\"has-drop-cap has-small-font-size\">Hier findet ihr die B\u00fccher, die ich im M\u00e4rz 2021 gelesen habe und ihr bekommt einen ersten Eindruck. Die ausf\u00fchrlichen Rezensionen folgen.<br>Falls es schon eine Rezension auf meinem Blog gibt, gelangt ihr mit einem Klick auf den Titel direkt bei der Rezension. <\/p>\n\n\n\n<div class=\"wp-block-image\"><figure class=\"aligncenter\"><img loading=\"lazy\" decoding=\"async\" width=\"426\" height=\"586\" src=\"https:\/\/buechertanz.de\/wp-content\/uploads\/2021\/04\/03-M\u00e4rz-klein.jpg\" alt=\"\" class=\"wp-image-1956\" srcset=\"https:\/\/buechertanz.de\/wp-content\/uploads\/2021\/04\/03-M\u00e4rz-klein.jpg 426w, https:\/\/buechertanz.de\/wp-content\/uploads\/2021\/04\/03-M\u00e4rz-klein-218x300.jpg 218w\" sizes=\"auto, (max-width: 426px) 100vw, 426px\" \/><figcaption> <em>Gelesene B\u00fccher im M\u00e4rz 2021:<br>\u2013 F\u00fcnf B\u00fccher<br>\u2013 <\/em>2.672<em> Seiten<\/em> <\/figcaption><\/figure><\/div>\n\n\n\n<p>_<\/p>\n\n\n\n<p class=\"has-small-font-size\"><strong><a href=\"https:\/\/buechertanz.de\/?p=1908\" target=\"_blank\" rel=\"noreferrer noopener\">&#8222;Klaras Schweigen&#8220; von Bettina Storks<br><\/a>Erschienen am 08. M\u00e4rz 2021\u00a0im Diana-Verlag<br>ISBN: 978-3453360471 <\/strong><br><br><strong>Klappentext:<br><\/strong><em>\u201eFreiburg im Breisgau, 2018: Nach einem Schlaganfall spricht Miriams hochbetagte Gro\u00dfmutter pl\u00f6tzlich franz\u00f6sische Worte \u2013 eine Sprache, die sie angeblich nie gelernt hat. Miriam erkennt schnell, dass Klara weit mehr verbirgt, doch alle Nachfragen finden kein Geh\u00f6r. Was genau passierte im Leben ihrer Gro\u00dfmutter? Warum verlie\u00df sie Freiburg und ging im Dezember 1949 \u00fcberst\u00fcrzt nach Konstanz? Miriams Suche nach Antworten f\u00fchrt sie bis in die Bretagne, immer auf der Spur eines jahrzehntelang geh\u00fcteten Familiengeheimnisses \u2026&#8220;<\/em><br><br><strong>Meine Meinung:<br><\/strong>Ein absolutes Highlight. Spannend von der ersten bis zur letzten Seite &#8230; und so mitrei\u00dfend. <a href=\"https:\/\/buechertanz.de\/?p=1908\" target=\"_blank\" rel=\"noreferrer noopener\">Hier<\/a> findet ihr meine ausf\u00fchrliche Rezension.<\/p>\n\n\n\n<p>_<\/p>\n\n\n\n<p class=\"has-small-font-size\"><strong>&#8222;Grandhotel Odessa &#8211; der Garten des Faun&#8220; von Charlotte Roth<br>Erschienen am 01. M\u00e4rz 2021 im Droemer-Verlag<br>ISBN: 978-3426308035 <\/strong><br><br><strong>Klappentext:<br><\/strong><em>\u201eDer zweite Band der gro\u00dfem Hotel- und Familiensaga von Bestseller-Autorin Charlotte Roth und eine gro\u00dfe Liebesgeschichte.<br>Odessa 1920 \u2013 1935. Sie scheinen alles zu besitzen, von dem andere im Weltensturm der Zwanziger Jahre tr\u00e4umen: Nach au\u00dfen hin schwelgen Oda und Belle, die Wahl-Schwestern des Grandhotel Odessa, in Sch\u00f6nheit, Reichtum, Glamour und Liebesgl\u00fcck, doch was im Innern an ihnen nagt, bekommt niemand zu sehen. In den blutigen Jahren des B\u00fcrgerkriegs gelingt es der ewig k\u00e4mpfenden Oda, das Hotel als Oase fern des Alltags zu erhalten. Auch die Vielv\u00f6lkerstadt Odessa hat sich gegen alle Bestrebungen etwas von ihrem Charme erhalten und wird zu einem Geheimtipp f\u00fcr europ\u00e4ische Abenteurer, k\u00fcnstlerische Avantgarde und politische Querdenker. Der Springbrunnen \u00fcber dem schwarzen Marmorfaun sprudelt unbeirrt weiter, und rings um ihn dreht sich das Karussell der Liebe und der Intrigen von neuem. Mit Nadeshda Mandelstam, der Frau des bedrohten Dichters Ossip teilt Oda den Mut, den bedingungslosen Kampf f\u00fcr das, was ihr wichtig ist. Aus dieser Gemeinsamkeit entwickelt sich eine lebenslange Freundschaft. Doch hinter der glanzvollen Fassade lauern Gefahren, die Oda vor immer neue Herausforderungen stellen.\u201c<\/em> <br><br><strong>Meine Meinung:<br><\/strong>Dieser Teil steht dem ersten Teil in nichts nach. Wunderbar farbenfroh erz\u00e4hlt und ganz herrliche Charaktere. Top<\/p>\n\n\n\n<p>_<\/p>\n\n\n\n<p class=\"has-small-font-size\"><strong><a href=\"https:\/\/buechertanz.de\/?p=1931\" target=\"_blank\" rel=\"noreferrer noopener\">&#8222;Josephine Baker und der Tanz des Lebens&#8220; von Juliana Weinberg<br><\/a>Erschienen am 29. M\u00e4rz 2021 im Ullstein-Verlag<br>ISBN: 978-3548064987 <\/strong><br><br><strong>Klappentext:<br><\/strong><em>\u201eNew York, 1924. Mit kleineren Auftritten als T\u00e4nzerin versucht Josephine ihre Familie zu unterst\u00fctzen, als sie nach Paris eingeladen wird. Bei der \u00bbRevue N\u00e8gre\u00ab tanzt sie in vorderster Reihe. Schon bald ist Josephine ein gefeierter und erfolgreicher Star. Sie besitzt einen eigenen Klub in Paris, nimmt Songs auf, spielt in Filmen mit und tritt auf der ganzen Welt auf. Doch egal wo sie hinkommt, ihre Darbietungen bringen ihr Anbetung und Missachtung zugleich ein. Schlie\u00dflich wird Josephine vor die schwierigste Entscheidung ihres Lebens gestellt. K\u00e4mpft sie f\u00fcr ihre \u00dcberzeugung oder ihre Liebe?\u201c<\/em> <br><br><strong>Meine Meinung:<br><\/strong>Ein Buch, welches man gelesen haben sollte, da es leider noch immer hochaktuell ist. Eine wunderbare und starke Frau, deren Leben atemberaubend erz\u00e4hlt wird. <a href=\"https:\/\/buechertanz.de\/?p=1931\" target=\"_blank\" rel=\"noreferrer noopener\">Hier<\/a> findet ihr meine Rezension.<\/p>\n\n\n\n<p>_<\/p>\n\n\n\n<p class=\"has-small-font-size\"><strong><a href=\"https:\/\/buechertanz.de\/?p=1925\" target=\"_blank\" rel=\"noreferrer noopener\">&#8222;Das Grand Hotel &#8211; Die mit dem Feuer spielen&#8220; von Caren Benedikt<br><\/a>Erschienen am 15. M\u00e4rz 2021 im Blanvalet-Verlag<br>ISBN: 978-3764507084 <\/strong><br><br><strong>Klappentext:<br><\/strong><em>\u201eBernadette von Plesow hat schon viel durchmachen m\u00fcssen, aber das letzte Jahr hat ihr fast zu viel abverlangt. Von ihrem pr\u00e4chtigen Hotel konnte sie alle Sch\u00e4den abwenden, nicht jedoch von ihre Familie: Ihr Sohn Alexander ist t\u00f6dlich verungl\u00fcckt. Die Trauer lastet schwer auf ihr, besonders da sie im Unguten auseinandergegangen sind. Unterst\u00fctzung erh\u00e4lt sie von ihrer Tochter Josephine, jedoch f\u00e4llt es Bernadette nicht leicht, sich wieder mit aller Kraft dem Hotel zu widmen. Und pl\u00f6tzlich steht auch noch ein Mann vor der T\u00fcr, den sie nur von einer alten Fotografie kennt \u2026<br>Bernadettes anderer Sohn Constantin, Eigent\u00fcmer des verruchten Hotels Astor in Berlin, geht hingegen ganz anders mit der Trauer um seinen Bruder um. Er wei\u00df, dass er die Schuld an dessen Tod tr\u00e4gt, wollte sich doch der Kopf der Frankfurter Unterwelt damit an ihm r\u00e4chen. Constantin kann und will das nicht hinnehmen. Er hat sich einen perfiden Plan ausgedacht, wie er es dem M\u00f6rder seines Bruders zur\u00fcckzahlen k\u00f6nnte und l\u00e4sst sich damit auf ein gef\u00e4hrliches Spiel ein \u2026&#8220;<\/em><br><br><strong>Meine Meinung:<br><\/strong>Diese Reihe ist einfach nur klasse. Tolle Charaktere, die sich weiterentwickelt haben und die Handlung ist super spannend. Unbedingt lesen! <a href=\"https:\/\/buechertanz.de\/?p=1925\" target=\"_blank\" rel=\"noreferrer noopener\">Hier<\/a> findet ihr meine Rezension.<\/p>\n\n\n\n<p>_<\/p>\n\n\n\n<p class=\"has-small-font-size\"><strong><a href=\"https:\/\/buechertanz.de\/?p=1940\" target=\"_blank\" rel=\"noreferrer noopener\">&#8222;Die Hofg\u00e4rtnerin &#8211; Fr\u00fchlingstr\u00e4ume&#8220; von Rena Rosenthal<\/a><br>Erschienen am 22. M\u00e4rz 2021 im Penguin-Verlag<br>ISBN: 978-3328106807 <\/strong><br><br><strong>Klappentext:<br><\/strong><em>\u201eOldenburg, 1891. Als G\u00e4rtnerin in der Natur zu arbeiten und die sch\u00f6nsten Blumen dieser Welt zu z\u00fcchten, davon tr\u00e4umt Marleene schon ihr ganzes Leben. Doch ihr Wunsch scheint unerreichbar, denn eine G\u00e4rtnerlehre ist allein M\u00e4nnern vorbehalten. Aber Marleene gibt nicht auf: Kurzerhand schneidet sie sich die Haare ab und verkleidet sich als Junge \u2013 und bekommt eine Anstellung in der angesehenen Hofg\u00e4rtnerei. Marleene ist \u00fcbergl\u00fccklich! Doch die anderen Arbeiter machen ihr den Einstieg alles andere als leicht, und es wird zunehmend komplizierter, ihre Tarnung aufrechtzuerhalten. Als sie dann auch noch die beiden charmanten S\u00f6hne der Hofg\u00e4rtnerei kennenlernt, werden ihre Gef\u00fchle vollends durcheinandergewirbelt. Marleene muss sich entscheiden \u2013 folgt sie ihrem Traum oder ihrem Herzen \u2026\u201c<\/em> <br><br><strong>Meine Meinung:<br><\/strong>Ein unvergessliches Buch! <a href=\"https:\/\/buechertanz.de\/?p=1940\" target=\"_blank\" rel=\"noreferrer noopener\">Hier<\/a> findet ihr meine Rezension.<\/p>\n\n\n\n<p>_<\/p>\n\n\n\n<div class=\"wp-block-image\"><figure class=\"aligncenter is-resized\"><img loading=\"lazy\" decoding=\"async\" src=\"https:\/\/buechertanz.de\/wp-content\/uploads\/2019\/03\/Blume.png\" alt=\"\" class=\"wp-image-356\" width=\"207\" height=\"239\" srcset=\"https:\/\/buechertanz.de\/wp-content\/uploads\/2019\/03\/Blume.png 264w, https:\/\/buechertanz.de\/wp-content\/uploads\/2019\/03\/Blume-260x300.png 260w\" sizes=\"auto, (max-width: 207px) 100vw, 207px\" \/><\/figure><\/div>\n","protected":false},"excerpt":{"rendered":"<p>Hier findet ihr die B\u00fccher, die ich im M\u00e4rz 2021 gelesen habe und ihr bekommt einen ersten Eindruck. Die ausf\u00fchrlichen Rezensionen folgen.Falls es schon eine Rezension auf meinem Blog gibt, gelangt ihr mit einem Klick auf den Titel direkt bei der Rezension. _ &#8222;Klaras Schweigen&#8220; von Bettina StorksErschienen am 08. M\u00e4rz 2021\u00a0im Diana-VerlagISBN: 978-3453360471 Klappentext:\u201eFreiburg &hellip; <a href=\"https:\/\/buechertanz.de\/?page_id=1946\" class=\"more-link\"><span class=\"screen-reader-text\">Gelesen M\u00e4rz 2021<\/span> weiterlesen<\/a><\/p>\n","protected":false},"author":2,"featured_media":0,"parent":0,"menu_order":0,"comment_status":"open","ping_status":"closed","template":"","meta":{"footnotes":""},"class_list":["post-1946","page","type-page","status-publish","hentry"],"_links":{"self":[{"href":"https:\/\/buechertanz.de\/index.php?rest_route=\/wp\/v2\/pages\/1946","targetHints":{"allow":["GET"]}}],"collection":[{"href":"https:\/\/buechertanz.de\/index.php?rest_route=\/wp\/v2\/pages"}],"about":[{"href":"https:\/\/buechertanz.de\/index.php?rest_route=\/wp\/v2\/types\/page"}],"author":[{"embeddable":true,"href":"https:\/\/buechertanz.de\/index.php?rest_route=\/wp\/v2\/users\/2"}],"replies":[{"embeddable":true,"href":"https:\/\/buechertanz.de\/index.php?rest_route=%2Fwp%2Fv2%2Fcomments&post=1946"}],"version-history":[{"count":5,"href":"https:\/\/buechertanz.de\/index.php?rest_route=\/wp\/v2\/pages\/1946\/revisions"}],"predecessor-version":[{"id":3008,"href":"https:\/\/buechertanz.de\/index.php?rest_route=\/wp\/v2\/pages\/1946\/revisions\/3008"}],"wp:attachment":[{"href":"https:\/\/buechertanz.de\/index.php?rest_route=%2Fwp%2Fv2%2Fmedia&parent=1946"}],"curies":[{"name":"wp","href":"https:\/\/api.w.org\/{rel}","templated":true}]}}