{"id":1994,"date":"2021-05-01T10:55:54","date_gmt":"2021-05-01T09:55:54","guid":{"rendered":"http:\/\/buechertanz.de\/?page_id=1994"},"modified":"2022-03-31T08:17:27","modified_gmt":"2022-03-31T07:17:27","slug":"gelesen-april-2021","status":"publish","type":"page","link":"https:\/\/buechertanz.de\/?page_id=1994","title":{"rendered":"Gelesen April 2021"},"content":{"rendered":"\n<p class=\"has-drop-cap has-small-font-size\">Hier findet ihr die B\u00fccher, die ich im April 2021 gelesen habe und ihr bekommt einen ersten Eindruck. Die ausf\u00fchrlichen Rezensionen folgen.<br>Falls es schon eine Rezension auf meinem Blog gibt, gelangt ihr mit einem Klick auf den Titel direkt bei der Rezension. <\/p>\n\n\n\n<div class=\"wp-block-image\"><figure class=\"aligncenter is-resized\"><img loading=\"lazy\" decoding=\"async\" src=\"https:\/\/buechertanz.de\/wp-content\/uploads\/2021\/05\/04-April-2021.jpg\" alt=\"\" class=\"wp-image-2008\" width=\"489\" height=\"381\" srcset=\"https:\/\/buechertanz.de\/wp-content\/uploads\/2021\/05\/04-April-2021.jpg 911w, https:\/\/buechertanz.de\/wp-content\/uploads\/2021\/05\/04-April-2021-300x234.jpg 300w, https:\/\/buechertanz.de\/wp-content\/uploads\/2021\/05\/04-April-2021-768x599.jpg 768w\" sizes=\"auto, (max-width: 489px) 100vw, 489px\" \/><figcaption><em>Gelesene im April 2021:<\/em><br><em>&#8211; Sechs B\u00fccher<br>&#8211; 2.386 Seiten<\/em><\/figcaption><\/figure><\/div>\n\n\n\n<p>_<\/p>\n\n\n\n<p class=\"has-small-font-size\"><strong>&#8222;Die Buchh\u00e4ndlerin&#8220; von Ines Thorn<\/strong><br><strong>Erschienen am 23. M\u00e4rz 2021 im Rowohlt-Verlag<br>ISBN:  978-3499005152 <\/strong><br><br><strong>Klappentext:<br><em>\u201e<\/em><\/strong><em>B\u00fccher und Schicksale: Die Geschichte einer starken Frau, Liebe und Literatur in den 1940er Jahren.<br>Frankfurt, kurz nach dem 2. Weltkrieg: Christa bricht entt\u00e4uscht ihr Germanistikstudium ab, weil sie als Frau an der Universit\u00e4t nicht f\u00fcr voll genommen wird. Zun\u00e4chst aus Verlegenheit f\u00e4ngt sie an, in der Buchhandlung ihres Onkels auszuhelfen, die dieser nach der Enteignung durch die Nationalsozialisten nun wieder aufbaut. Bald schon wird das B\u00fccherverkaufen f\u00fcr Christa zur Passion \u2013 und die Buchhandlung zu einem Ort, an dem sich Gleichgesinnte treffen, an dem Freundschaften entstehen und sogar Liebe. Doch noch sind die Wunden der Kriegszeit nicht verheilt, und Christa muss all ihre Klugheit und Tatkraft einsetzen, um die Buchhandlung und ihr eigenes Gl\u00fcck zu bewahren.\u201c<\/em> <br><br><strong>Meine Meinung:<\/strong><br>Das Buch enth\u00e4lt viele interessante Aspekte des Buchhandels. Die Charaktere habe ich sehr schnell ins Herz geschlossen und die Handlung hat mich von der ersten Seite an mitgenommen. Sehr zu empfehlen!<\/p>\n\n\n\n<p>_<\/p>\n\n\n\n<p class=\"has-small-font-size\"><strong>\u201eFritz und Emma\u201c von Barbara Leciejewski<\/strong><br><strong>Erschienen am 15. M\u00e4rz 2021 im Ullstein-Verlag<\/strong><br><strong>ISBN: 978-3864931482 <br><\/strong><br><strong>Klappentext:<\/strong><br><em>\u201e1947: Emma ist \u00fcbergl\u00fccklich, dass ihr geliebter Fritz doch noch aus dem Krieg in ihr Heimatdorf zur\u00fcckgekehrt ist. Schon lange sind sie ein Paar, nun fiebert Emma der Heirat entgegen. Doch der Krieg hat einen Schatten auf Fritz\u2018 Seele gelegt, gegen den nicht einmal Emma mit all ihrer Liebe ankommt. Und dann, in der Nacht, die eigentlich die gl\u00fccklichste ihres Lebens sein sollte, geschieht etwas Schreckliches, das alles ver\u00e4ndert.<br>2018: Marie ist mit ihrem Mann neu nach Oberkirchbach gezogen und lernt nach und nach die Einwohner des D\u00f6rfchens kennen. Auch den 92-j\u00e4hrigen griesgr\u00e4migen Fritz Draudt und die ebenso alte Emma Jung, die am entgegengesetzten Ende des Dorfes lebt. Marie erf\u00e4hrt, dass die beiden seit fast siebzig Jahren nicht miteinander gesprochen haben. Dabei wollten sie einst heiraten. Marie nimmt sich vor, Fritz und Emma wieder miteinander zu vers\u00f6hnen, bevor es zu sp\u00e4t ist \u2026\u201c<\/em><br><br><strong>Meine Meinung:<br><\/strong>Ein Buch, welches noch lange nachklingen wird und ich wahrscheinlich niemals vergessen werde. Ein absolutes Highlight, das man gelesen haben sollte. Grandios, einfach grandios!<\/p>\n\n\n\n<p>_<\/p>\n\n\n\n<p class=\"has-small-font-size\"><strong>\u201eWeihnachten am Karlsplatz \u2013 Maria\u201c von Anne Stern<\/strong><br><strong>Erschienen am 04. November 2019 im Selbstverlag<br><\/strong><br><strong>Klappentext:<\/strong><br>\u201eLichterfelde, 1968. Maria erh\u00e4lt ihr erstes Solo-Engagement als Ballerina ausgerechnet an der Deutschen Oper in Berlin. Dort soll sie die Rolle der Zuckerfee in der weihnachtlichen Oper \u201eDer Nussknacker\u201c tanzen. Mit gemischten Gef\u00fchlen reist sie in die fr\u00fchere Heimat ihrer Mutter Vera. Sie taucht ein in die Musikszene der Stadt, gewinnt neue Freunde und macht sich auf die Suche nach den Spuren ihrer Herkunft. Wer wohnt heute in der Villa am Karlsplatz, die Vera 1945 \u00fcberst\u00fcrzt verlie\u00df? Was hat ihr Vater, der j\u00fcdische K\u00fcnstler David, hier w\u00e4hrend der Naziherrschaft erlebt und erlitten? Die schwierige Beziehung ihrer Eltern gibt Maria R\u00e4tsel auf. Und auch sie selbst ger\u00e4t in Tuchf\u00fchlung mit der Liebe. Doch ist der Choreograph Alfred der Richtige? Weshalb l\u00e4sst sie dann der Gedanke an den jungen Russen Juri nicht los, der doch nur ihr Tanzkollege ist\u2026&#8220;<br><br>Meine Meinung:<br>Was f\u00fcr eine wunderbare Reihe. Leider ist dies der letzte Teil. Starke und authentische Charaktere, ein stimmungsvolles Setting&#8230; was will das Leserherz mehr?<\/p>\n\n\n\n<p>_<\/p>\n\n\n\n<p class=\"has-small-font-size\"><strong>\u201eEin neuer Anfang: Die Hebammen-Saga\u201c von Linda Winterberg<\/strong><br><strong>Erschienen am 15. M\u00e4rz 2021 im Aufbau-Verlag<br>ISBN:  978-3746637594 <\/strong><br><br><strong>Klappentext:<br><\/strong>\u201eDrei Frauen gegen alle Widerst\u00e4nde. Berlin, 1957: Der Krieg liegt nun schon einige Jahre zur\u00fcck, doch er hat Spuren hinterlassen im Leben von Edith, Margot und Luise. W\u00e4hrend Margot noch immer unter dem Verlust ihrer gro\u00dfen Liebe leidet, k\u00fcmmert Luise sich um vier Pflegekinder, die sie kurz vor Kriegsende bei einem Bombenangriff retten konnte. Und Ediths Tochter Jule hat sich als Hebammen-Sch\u00fclerin beworben. In die Klinik werden immer wieder Frauen eingeliefert, die sich gezwungen sahen, zu \u201eEngelmacherinnen\u201c zu gehen, um nicht als ledige Mutter zu enden. Als es dabei sogar zu Todesf\u00e4llen kommt, wollen die Hebammen nicht l\u00e4nger tatenlos zusehen und versuchen, auf eigene Faust herauszufinden, wer hinter diesen illegalen Abtreibungen steckt.\u201c <br><br>Meine Meinung:<br>Im Juli 2019 erschien der erste Teil der &#8222;Hebammen-Saga&#8220; von Linda Winterberg. Seit dem habe ich mir jeden weiteren Teil direkt gekauft und gelesen. Nun ist die Reihe beendet und es hei\u00dft Abschied nehmen&#8230; die wunderbare Buchreihe wird immer etwas ganz Besonderes bleiben und sicher irgendwann noch einmal gelesen werden.<\/p>\n\n\n\n<p>_<\/p>\n\n\n\n<p class=\"has-small-font-size\"><strong><a href=\"https:\/\/buechertanz.de\/?p=1988\" target=\"_blank\" rel=\"noreferrer noopener\">\u201eDas Kaffeehaus \u2013 Falscher Glanz\u201c<\/a>\u00a0von Marie Lacrosse<\/strong><br><strong>Erschienen am 13. April 2021 im Goldmann-Verlag<br>ISBN: 978-3442205981 <\/strong><br><br><strong>Klappentext:<br><\/strong>\u201eDie junge Sophie von Werdenfels tritt ihre Stelle als Kaiserin Sisis Hofdame an. Doch im Hofstaat hat sie es schwer. Insbesondere die Gr\u00e4fin Marie Festetics, Sisis Favoritin, verfolgt jeden ihrer Schritte mit Eifersucht und Argwohn. Sophie erlebt das vordergr\u00fcndig glamour\u00f6se, hinter den Kulissen jedoch zutiefst bigotte Leben am Kaiserhof mit. Als Hofdame muss sie auch an der Hochzeit ihrer gro\u00dfen Liebe Richard mit Amalie von Thurnau teilnehmen. Als sie selbst gegen ihren Willen mit einem viel \u00e4lteren Adeligen verheiratet werden soll, flieht sie vom Hof ins Kaffeehaus ihres mittlerweile schwer kranken Onkels. Dort \u00fcbernimmt sie die ersten Leitungsaufgaben \u2026\u201c <br><br><strong>Meine Meinung:<\/strong><br>Anfangs tat ich mir mit all den Namen und R\u00e4ngen und Titeln etwas schwer &#8211; trotzdem konnte mich der zweite Teil dieser Reihe auch wieder voll \u00fcberzeugen. <a href=\"https:\/\/buechertanz.de\/?p=1988\" target=\"_blank\" rel=\"noreferrer noopener\">Hier<\/a> findet ihr meine ausf\u00fchrliche Rezension.<\/p>\n\n\n\n<p>_<\/p>\n\n\n\n<p class=\"has-small-font-size\"><strong>\u201eDas Fl\u00fcstern des Strandhafers\u201c von Helene Schilling<\/strong><br><strong>Erschienen am 29.Juli 2019 im Selbstverlag<br>ISBN: 978-1082566097 <\/strong><br><br><strong>Klappentext:<\/strong><br>\u201eEigentlich wollte Betty nie wieder auf die Insel R\u00fcgen kommen. Seit dem Tod ihres Vaters steckt sie in einer Lebenskrise. Ihre letzte Beziehung ist nicht der Rede wert und in ihrem Job als Konditorin, den sie mal hei\u00df und innig liebte, f\u00fchlt sie sich ausgebrannt und mutlos. Doch ein unerwarteter Anruf l\u00e4sst sie die Koffer packen und ans Meer fahren, wo sie einst als Kind so gl\u00fccklich war. In der Villa Nelly trifft sie auf alte Bekannte und wird mehr und mehr hineingezogen in die Welt der Vergangenheit, in den einstigen Glanz des Kurbads Sellin und die wechselvolle Geschichte der Insel, die auch die Geschichte ihrer Familie ist. Was geschah damals an den Kreidefelsen mit ihrer Mutter Lore? Was wei\u00df der Besitzer des kleinen alten Buchladens unten an der Strandstra\u00dfe? Und weshalb h\u00f6rt Betty das Fl\u00fcstern des Strandhafers besonders deutlich, wenn Max in der N\u00e4he ist, der Sohn des Buchh\u00e4ndlers? Gegen ihren Willen sp\u00fcrt Betty, wie sie sich wieder in die Insel ihrer Kindheit verliebt. Und nicht nur in sie\u2026\u201c <br><br><strong>Meine Meinung:<\/strong><br>Ein Buch, wie ein Kurzurlaub am Meer. Wundersch\u00f6ne Landschaftsbeschreibungen mit tollen Figuren. Ein perfektes Buch f\u00fcr den Strand oder um sich an diesen gedanklich zu begeben. <\/p>\n\n\n\n<p><strong>_<\/strong><\/p>\n\n\n\n<div class=\"wp-block-image\"><figure class=\"aligncenter is-resized\"><img loading=\"lazy\" decoding=\"async\" src=\"https:\/\/buechertanz.de\/wp-content\/uploads\/2019\/03\/Blume-1.png\" alt=\"\" class=\"wp-image-363\" width=\"174\" height=\"201\" srcset=\"https:\/\/buechertanz.de\/wp-content\/uploads\/2019\/03\/Blume-1.png 264w, https:\/\/buechertanz.de\/wp-content\/uploads\/2019\/03\/Blume-1-260x300.png 260w\" sizes=\"auto, (max-width: 174px) 100vw, 174px\" \/><\/figure><\/div>\n\n\n\n<p><br><\/p>\n","protected":false},"excerpt":{"rendered":"<p>Hier findet ihr die B\u00fccher, die ich im April 2021 gelesen habe und ihr bekommt einen ersten Eindruck. Die ausf\u00fchrlichen Rezensionen folgen.Falls es schon eine Rezension auf meinem Blog gibt, gelangt ihr mit einem Klick auf den Titel direkt bei der Rezension. _ &#8222;Die Buchh\u00e4ndlerin&#8220; von Ines ThornErschienen am 23. M\u00e4rz 2021 im Rowohlt-VerlagISBN: 978-3499005152 &hellip; <a href=\"https:\/\/buechertanz.de\/?page_id=1994\" class=\"more-link\"><span class=\"screen-reader-text\">Gelesen April 2021<\/span> weiterlesen<\/a><\/p>\n","protected":false},"author":2,"featured_media":0,"parent":0,"menu_order":0,"comment_status":"open","ping_status":"closed","template":"","meta":{"footnotes":""},"class_list":["post-1994","page","type-page","status-publish","hentry"],"_links":{"self":[{"href":"https:\/\/buechertanz.de\/index.php?rest_route=\/wp\/v2\/pages\/1994","targetHints":{"allow":["GET"]}}],"collection":[{"href":"https:\/\/buechertanz.de\/index.php?rest_route=\/wp\/v2\/pages"}],"about":[{"href":"https:\/\/buechertanz.de\/index.php?rest_route=\/wp\/v2\/types\/page"}],"author":[{"embeddable":true,"href":"https:\/\/buechertanz.de\/index.php?rest_route=\/wp\/v2\/users\/2"}],"replies":[{"embeddable":true,"href":"https:\/\/buechertanz.de\/index.php?rest_route=%2Fwp%2Fv2%2Fcomments&post=1994"}],"version-history":[{"count":4,"href":"https:\/\/buechertanz.de\/index.php?rest_route=\/wp\/v2\/pages\/1994\/revisions"}],"predecessor-version":[{"id":3009,"href":"https:\/\/buechertanz.de\/index.php?rest_route=\/wp\/v2\/pages\/1994\/revisions\/3009"}],"wp:attachment":[{"href":"https:\/\/buechertanz.de\/index.php?rest_route=%2Fwp%2Fv2%2Fmedia&parent=1994"}],"curies":[{"name":"wp","href":"https:\/\/api.w.org\/{rel}","templated":true}]}}