{"id":2069,"date":"2021-06-01T08:21:29","date_gmt":"2021-06-01T07:21:29","guid":{"rendered":"http:\/\/buechertanz.de\/?page_id=2069"},"modified":"2023-01-04T14:04:19","modified_gmt":"2023-01-04T13:04:19","slug":"neuzugaenge-mai-2021","status":"publish","type":"page","link":"https:\/\/buechertanz.de\/?page_id=2069","title":{"rendered":"Neuzug\u00e4nge Mai 2021"},"content":{"rendered":"\n<p class=\"has-drop-cap has-small-font-size\">Im Mai 2021 sind insgesamt 30 B\u00fccher hier eingezogen: <br>19 neue B\u00fccher, drei Rezensionsexemplare, vier Gewinne, ein Buch aus dem Antiquariat und drei B\u00fccher aus &#8218;zu-verschenken-Kisten&#8216;.<br>Von diesen B\u00fcchern habe ich &#8222;Die Wehmutter vom Bodensee&#8220; von Doris R\u00f6ckle, <a rel=\"noreferrer noopener\" href=\"https:\/\/buechertanz.de\/?p=2042\" target=\"_blank\">&#8222;Bella Donna &#8211; Die Sch\u00f6ne von Florenz&#8220;<\/a> von Catherine Aurel, <a rel=\"noreferrer noopener\" href=\"https:\/\/buechertanz.de\/?p=2051\" target=\"_blank\">&#8222;Die Frauen von Kopenhagen&#8220;<\/a> von Gertrud Tinning, &#8222;Die Fotografin &#8211; Das Ende der Stille&#8220; von Petra Durst-Benning und &#8222;Der Buchspazierer&#8220; von Carsten Henn direkt gelesen.<br><br>Falls es eine Rezension auf meinem Blog gibt, gelangt ihr mit einem Klick auf den Titel direkt bei der Rezension. <\/p>\n\n\n\n<p>_<\/p>\n\n\n<div class=\"wp-block-image\">\n<figure class=\"aligncenter is-resized\"><img loading=\"lazy\" decoding=\"async\" src=\"https:\/\/buechertanz.de\/wp-content\/uploads\/2021\/06\/05-Neu.jpg\" alt=\"\" class=\"wp-image-2111\" width=\"416\" height=\"529\" srcset=\"https:\/\/buechertanz.de\/wp-content\/uploads\/2021\/06\/05-Neu.jpg 625w, https:\/\/buechertanz.de\/wp-content\/uploads\/2021\/06\/05-Neu-236x300.jpg 236w\" sizes=\"auto, (max-width: 416px) 100vw, 416px\" \/><\/figure><\/div>\n\n\n<p class=\"has-drop-cap has-small-font-size\"><strong>Neue B\u00fccher:<\/strong><\/p>\n\n\n\n<p><\/p>\n\n\n\n<ul class=\"has-small-font-size wp-block-list\"><li>Doris R\u00f6ckle: <br><em>&#8222;Die Wehmutter vom Bodensee&#8220; <\/em><\/li><li>Anne Jacobi: <br><em>&#8222;Der Himmel \u00fcber dem Kilimandscharo&#8220; und &#8222;Sanfter Mond \u00fcber Usambara&#8220; <\/em><\/li><li>Lisa Marcks: <br><em>&#8222;Vom Himmel zum Meer&#8220; <\/em><\/li><li>Kate o&#8216; Hara: <br><em>&#8222;Tal der Illusionen&#8220;<\/em><\/li><li>Zsuzsa B\u00e1nk: <br><em>&#8222;Schlafen werden wir sp\u00e4ter&#8220;<\/em><\/li><li>Elke Hellweg: <br><em>&#8222;Ostseefrische&#8220;<\/em><\/li><li>Peter Prange: <br><em>&#8222;Eine Familie in Deutschland&#8220;<\/em><\/li><li><em>&#8222;Literaturkoffer Frankreich&#8220;<\/em><\/li><li>Petra Durst-Benning: <br><em>&#8222;Die Fotografin &#8211; Das Ende der Stille&#8220;<\/em><\/li><li>Clara Frey <br><em>&#8222;Das Haus der vergessenen Kinder&#8220;<\/em><\/li><li>Kimberley Wilkins: <br><em>&#8222;Sterne \u00fcber dem Meer&#8220;<\/em><\/li><li>Carsten Henn: <br><em>&#8222;Der Buchspazierer&#8220;<\/em><\/li><li>Ruth Saberton: <br><em>&#8222;Der Liebesbrief&#8220;<\/em><\/li><li>Sofia Lundberg: <br><em>&#8222;Ein halbes Herz&#8220;<\/em><\/li><li>Charlotte Jacobi: <br><em>&#8222;Die Patisserie am M\u00fcnsterplatz &#8211; Schicksalsjahre&#8220;<\/em><\/li><li>Marie Benedict: <br><em>&#8222;Lady Churchill&#8220;<\/em><\/li><li>Beate Maly: <br><em>&#8222;Fr\u00e4ulein Mozart und der Klang der Liebe&#8220;<\/em><\/li><li>Gabriele Tergit: <br><em>&#8222;Effingers&#8220;<\/em><\/li><\/ul>\n\n\n\n<p class=\"has-text-align-left\">_ <\/p>\n\n\n<div class=\"wp-block-image\">\n<figure class=\"aligncenter is-resized\"><img loading=\"lazy\" decoding=\"async\" src=\"https:\/\/buechertanz.de\/wp-content\/uploads\/2021\/06\/05-Rezis.jpg\" alt=\"\" class=\"wp-image-2112\" width=\"362\" height=\"453\" srcset=\"https:\/\/buechertanz.de\/wp-content\/uploads\/2021\/06\/05-Rezis.jpg 648w, https:\/\/buechertanz.de\/wp-content\/uploads\/2021\/06\/05-Rezis-240x300.jpg 240w\" sizes=\"auto, (max-width: 362px) 100vw, 362px\" \/><\/figure><\/div>\n\n\n<p class=\"has-drop-cap has-small-font-size\"><strong>Rezensionsexemplare:<\/strong><\/p>\n\n\n\n<p><\/p>\n\n\n\n<ul class=\"has-small-font-size wp-block-list\"><li>Catherine Aurel: <br><em><a rel=\"noreferrer noopener\" href=\"https:\/\/buechertanz.de\/?p=2042\" target=\"_blank\">&#8222;Bella Donna &#8211; Die Sch\u00f6ne von Florenz&#8220;<\/a><\/em><\/li><li>Gertrud Tinning: <br><em><a rel=\"noreferrer noopener\" href=\"https:\/\/buechertanz.de\/?p=2051\" target=\"_blank\">&#8222;Die Frauen von Kopenhagen&#8220;<\/a><\/em><\/li><li>Emily Walton: <br><a rel=\"noreferrer noopener\" href=\"https:\/\/buechertanz.de\/?p=2095\" target=\"_blank\"><em>&#8222;Miss Hollywood &#8211; Mary Pickford und das Jahr der Liebe&#8220;<\/em><\/a><\/li><\/ul>\n\n\n\n<p class=\"has-text-align-left\">_ <\/p>\n\n\n<div class=\"wp-block-image\">\n<figure class=\"aligncenter is-resized\"><img loading=\"lazy\" decoding=\"async\" src=\"https:\/\/buechertanz.de\/wp-content\/uploads\/2021\/06\/05-Gewinne.jpg\" alt=\"\" class=\"wp-image-2113\" width=\"340\" height=\"453\" srcset=\"https:\/\/buechertanz.de\/wp-content\/uploads\/2021\/06\/05-Gewinne.jpg 599w, https:\/\/buechertanz.de\/wp-content\/uploads\/2021\/06\/05-Gewinne-225x300.jpg 225w\" sizes=\"auto, (max-width: 340px) 100vw, 340px\" \/><\/figure><\/div>\n\n\n<p class=\"has-drop-cap has-small-font-size\"><strong>Gewinne:<\/strong><\/p>\n\n\n\n<p><\/p>\n\n\n\n<ul class=\"has-small-font-size wp-block-list\"><li>Ellin Carsta: <br><em>&#8222;Das Unrecht der V\u00e4ter&#8220;, &#8222;Die St\u00e4rke der T\u00f6chter&#8220;, &#8222;Der Bund der Familien&#8220; und &#8222;Notizbuch&#8220;<\/em><\/li><\/ul>\n\n\n\n<p class=\"has-text-align-left\">_ <\/p>\n\n\n<div class=\"wp-block-image\">\n<figure class=\"aligncenter is-resized\"><img loading=\"lazy\" decoding=\"async\" src=\"https:\/\/buechertanz.de\/wp-content\/uploads\/2021\/06\/05-Antiquariat-und-B\u00fccherkisten.jpg\" alt=\"\" class=\"wp-image-2114\" width=\"375\" height=\"440\" srcset=\"https:\/\/buechertanz.de\/wp-content\/uploads\/2021\/06\/05-Antiquariat-und-B\u00fccherkisten.jpg 672w, https:\/\/buechertanz.de\/wp-content\/uploads\/2021\/06\/05-Antiquariat-und-B\u00fccherkisten-255x300.jpg 255w\" sizes=\"auto, (max-width: 375px) 100vw, 375px\" \/><\/figure><\/div>\n\n\n<p class=\"has-drop-cap has-small-font-size\"><strong>Antiquariat:<\/strong><\/p>\n\n\n\n<p><\/p>\n\n\n\n<ul class=\"has-small-font-size wp-block-list\"><li>Andrea Schacht: <br><em>&#8222;Der Tag mit Tiger &#8211; Auf Tigers Spuren&#8220;<\/em><\/li><\/ul>\n\n\n\n<p>_<\/p>\n\n\n\n<p class=\"has-drop-cap has-small-font-size\"><strong>B\u00fccher aus &#8218;zu-verschenken-Kisten&#8216;:<\/strong><\/p>\n\n\n\n<p><\/p>\n\n\n\n<ul class=\"has-small-font-size wp-block-list\"><li>Sebastian Fitzek: <br><em>&#8222;Der Augensammler&#8220;<\/em><\/li><li>Alice Schwarzer: <br><em>&#8222;Romy Schneider&#8220;<\/em><\/li><li>Marion Schreiber: <br><em>&#8222;Stille Rebellen&#8220;<\/em><\/li><\/ul>\n\n\n\n<p>_<\/p>\n\n\n<div class=\"wp-block-image\">\n<figure class=\"aligncenter is-resized\"><img loading=\"lazy\" decoding=\"async\" src=\"https:\/\/buechertanz.de\/wp-content\/uploads\/2019\/03\/Blume.png\" alt=\"\" class=\"wp-image-356\" width=\"194\" height=\"223\" srcset=\"https:\/\/buechertanz.de\/wp-content\/uploads\/2019\/03\/Blume.png 264w, https:\/\/buechertanz.de\/wp-content\/uploads\/2019\/03\/Blume-260x300.png 260w\" sizes=\"auto, (max-width: 194px) 100vw, 194px\" \/><\/figure><\/div>","protected":false},"excerpt":{"rendered":"<p>Im Mai 2021 sind insgesamt 30 B\u00fccher hier eingezogen: 19 neue B\u00fccher, drei Rezensionsexemplare, vier Gewinne, ein Buch aus dem Antiquariat und drei B\u00fccher aus &#8218;zu-verschenken-Kisten&#8216;.Von diesen B\u00fcchern habe ich &#8222;Die Wehmutter vom Bodensee&#8220; von Doris R\u00f6ckle, &#8222;Bella Donna &#8211; Die Sch\u00f6ne von Florenz&#8220; von Catherine Aurel, &#8222;Die Frauen von Kopenhagen&#8220; von Gertrud Tinning, &#8222;Die &hellip; <a href=\"https:\/\/buechertanz.de\/?page_id=2069\" class=\"more-link\"><span class=\"screen-reader-text\">Neuzug\u00e4nge Mai 2021<\/span> weiterlesen<\/a><\/p>\n","protected":false},"author":2,"featured_media":0,"parent":0,"menu_order":0,"comment_status":"closed","ping_status":"closed","template":"","meta":{"footnotes":""},"class_list":["post-2069","page","type-page","status-publish","hentry"],"_links":{"self":[{"href":"https:\/\/buechertanz.de\/index.php?rest_route=\/wp\/v2\/pages\/2069","targetHints":{"allow":["GET"]}}],"collection":[{"href":"https:\/\/buechertanz.de\/index.php?rest_route=\/wp\/v2\/pages"}],"about":[{"href":"https:\/\/buechertanz.de\/index.php?rest_route=\/wp\/v2\/types\/page"}],"author":[{"embeddable":true,"href":"https:\/\/buechertanz.de\/index.php?rest_route=\/wp\/v2\/users\/2"}],"replies":[{"embeddable":true,"href":"https:\/\/buechertanz.de\/index.php?rest_route=%2Fwp%2Fv2%2Fcomments&post=2069"}],"version-history":[{"count":9,"href":"https:\/\/buechertanz.de\/index.php?rest_route=\/wp\/v2\/pages\/2069\/revisions"}],"predecessor-version":[{"id":4256,"href":"https:\/\/buechertanz.de\/index.php?rest_route=\/wp\/v2\/pages\/2069\/revisions\/4256"}],"wp:attachment":[{"href":"https:\/\/buechertanz.de\/index.php?rest_route=%2Fwp%2Fv2%2Fmedia&parent=2069"}],"curies":[{"name":"wp","href":"https:\/\/api.w.org\/{rel}","templated":true}]}}