{"id":2779,"date":"2022-03-01T13:07:46","date_gmt":"2022-03-01T12:07:46","guid":{"rendered":"http:\/\/buechertanz.de\/?page_id=2779"},"modified":"2023-01-04T15:13:07","modified_gmt":"2023-01-04T14:13:07","slug":"neuzugaenge-februar-2022","status":"publish","type":"page","link":"https:\/\/buechertanz.de\/?page_id=2779","title":{"rendered":"Neuzug\u00e4nge Februar 2022"},"content":{"rendered":"\n<p class=\"has-drop-cap has-small-font-size\">Im <strong>Februar 2022<\/strong>&nbsp;sind insgesamt&nbsp;<strong>18 B\u00fccher<\/strong>&nbsp;hier eingezogen:<br>14 neue B\u00fccher und zwei Rezensionsexemplare und zwei B\u00fccher aus \u00d6ffentlichen B\u00fccherschr\u00e4nken.<br>Falls es eine Rezension auf meinem Blog gibt, gelangt ihr mit einem Klick auf den Titel direkt bei der Rezension. <\/p>\n\n\n\n<p>_<\/p>\n\n\n\n<div class=\"wp-block-media-text alignwide\"><figure class=\"wp-block-media-text__media\"><img loading=\"lazy\" decoding=\"async\" width=\"1024\" height=\"1024\" src=\"https:\/\/buechertanz.de\/wp-content\/uploads\/2022\/03\/02-Februar-1-1024x1024.jpg\" alt=\"\" class=\"wp-image-2796 size-full\" srcset=\"https:\/\/buechertanz.de\/wp-content\/uploads\/2022\/03\/02-Februar-1-1024x1024.jpg 1024w, https:\/\/buechertanz.de\/wp-content\/uploads\/2022\/03\/02-Februar-1-150x150.jpg 150w, https:\/\/buechertanz.de\/wp-content\/uploads\/2022\/03\/02-Februar-1-300x300.jpg 300w, https:\/\/buechertanz.de\/wp-content\/uploads\/2022\/03\/02-Februar-1-768x768.jpg 768w, https:\/\/buechertanz.de\/wp-content\/uploads\/2022\/03\/02-Februar-1.jpg 1187w\" sizes=\"auto, (max-width: 1024px) 100vw, 1024px\" \/><\/figure><div class=\"wp-block-media-text__content\">\n<p class=\"has-drop-cap has-small-font-size\"><strong>Neue B\u00fccher:<\/strong><\/p>\n\n\n\n<p><\/p>\n\n\n\n<ul class=\"has-small-font-size wp-block-list\"><li>Amelia Martin: <em>&#8222;Das Auktionshaus &#8211; Die Tr\u00e4ume Wiens&#8220;<\/em><\/li><li>Elena Molini:<em> &#8222;Die kleine literarische Apotheke&#8220;<\/em><\/li><li>Wolf Hector: <em>&#8222;Die Br\u00fccke der Freiheit&#8220;<\/em><\/li><li>Posy Lovell: <em>&#8222;Der G\u00e4rtnerinnen von Kew Gardens&#8220;<\/em><\/li><li>Ines Thorn:<em> &#8222;Die Buchh\u00e4ndlerin &#8211; Die Macht der Worte&#8220;<\/em><\/li><li>Ulrike Renk: <em>&#8222;Eine Familie in Berlin &#8211; Ursula und die Farben der Hoffnung&#8220;<\/em><\/li><li>Lucinda Riley: <em>&#8222;Die Mondschwester&#8220;<\/em><\/li><li>Jette Martens: <em>&#8222;Gut Schwanensee &#8211; Deine Liebe in meinem Herzen&#8220;<\/em><\/li><li>Nicole C. Vosseler: <em>&#8222;Die Eisbaronin &#8211; Bis ans Ende der Welt&#8220;<\/em><\/li><li>Wendy Holden: <em>&#8222;Teatime mit Lilibet&#8220;<\/em><\/li><li>Eva Neiss: <em>&#8222;Das Leben in unseren H\u00e4nden&#8220;<\/em><\/li><li>Walter Moers: <em>&#8222;Die Stadt der Tr\u00e4umenden B\u00fccher&#8220;<\/em><\/li><li>Paula Mattis: <em>&#8222;Das Gest\u00fct am See &#8211; St\u00fcrmische Jahre&#8220;<\/em><\/li><li>Tabea Bach:<em> &#8222;Winterliebe auf der Kamelieninsel&#8220;<\/em><\/li><\/ul>\n<\/div><\/div>\n\n\n\n<p>_<\/p>\n\n\n\n<p class=\"has-drop-cap has-small-font-size\"><strong>Rezensionsexemplare:<\/strong><\/p>\n\n\n\n<p><\/p>\n\n\n\n<ul class=\"has-small-font-size wp-block-list\"><li>B. Engelreiter:<em> <a rel=\"noreferrer noopener\" href=\"https:\/\/buechertanz.de\/?p=2758\" target=\"_blank\">&#8222;Totengfriss &#8211; Ein Fasnetkrimi&#8220;<\/a><\/em><\/li><li>Susanne Goga:<em> <a rel=\"noreferrer noopener\" href=\"https:\/\/buechertanz.de\/?p=2770\" target=\"_blank\">&#8222;Schatten in der Friedrichstadt &#8211; Ein Fall f\u00fcr Leo Wechsler&#8220;<\/a><\/em><\/li><\/ul>\n\n\n\n<p>_<\/p>\n\n\n\n<p class=\"has-drop-cap has-small-font-size\"><strong>\u00d6ffentliche B\u00fccherschr\u00e4nke:<\/strong><\/p>\n\n\n\n<p><\/p>\n\n\n\n<ul class=\"has-small-font-size wp-block-list\"><li>A. H\u00e4user, G. Haugg: <em>&#8222;Hungerwinter&#8220;<\/em><\/li><li>Roma Ligocka:<em> &#8222;Das M\u00e4dchen im roten Mantel&#8220;<\/em><\/li><\/ul>\n\n\n\n<p>_<\/p>\n\n\n<div class=\"wp-block-image is-style-rounded\">\n<figure class=\"aligncenter is-resized\"><img loading=\"lazy\" decoding=\"async\" src=\"https:\/\/buechertanz.de\/wp-content\/uploads\/2019\/03\/Blume-3.png\" alt=\"\" class=\"wp-image-365\" width=\"189\" height=\"218\" srcset=\"https:\/\/buechertanz.de\/wp-content\/uploads\/2019\/03\/Blume-3.png 264w, https:\/\/buechertanz.de\/wp-content\/uploads\/2019\/03\/Blume-3-260x300.png 260w\" sizes=\"auto, (max-width: 189px) 100vw, 189px\" \/><\/figure><\/div>","protected":false},"excerpt":{"rendered":"<p>Im Februar 2022&nbsp;sind insgesamt&nbsp;18 B\u00fccher&nbsp;hier eingezogen:14 neue B\u00fccher und zwei Rezensionsexemplare und zwei B\u00fccher aus \u00d6ffentlichen B\u00fccherschr\u00e4nken.Falls es eine Rezension auf meinem Blog gibt, gelangt ihr mit einem Klick auf den Titel direkt bei der Rezension. _ Neue B\u00fccher: Amelia Martin: &#8222;Das Auktionshaus &#8211; Die Tr\u00e4ume Wiens&#8220; Elena Molini: &#8222;Die kleine literarische Apotheke&#8220; Wolf Hector: &hellip; <a href=\"https:\/\/buechertanz.de\/?page_id=2779\" class=\"more-link\"><span class=\"screen-reader-text\">Neuzug\u00e4nge Februar 2022<\/span> weiterlesen<\/a><\/p>\n","protected":false},"author":2,"featured_media":0,"parent":0,"menu_order":0,"comment_status":"open","ping_status":"closed","template":"","meta":{"footnotes":""},"class_list":["post-2779","page","type-page","status-publish","hentry"],"_links":{"self":[{"href":"https:\/\/buechertanz.de\/index.php?rest_route=\/wp\/v2\/pages\/2779","targetHints":{"allow":["GET"]}}],"collection":[{"href":"https:\/\/buechertanz.de\/index.php?rest_route=\/wp\/v2\/pages"}],"about":[{"href":"https:\/\/buechertanz.de\/index.php?rest_route=\/wp\/v2\/types\/page"}],"author":[{"embeddable":true,"href":"https:\/\/buechertanz.de\/index.php?rest_route=\/wp\/v2\/users\/2"}],"replies":[{"embeddable":true,"href":"https:\/\/buechertanz.de\/index.php?rest_route=%2Fwp%2Fv2%2Fcomments&post=2779"}],"version-history":[{"count":6,"href":"https:\/\/buechertanz.de\/index.php?rest_route=\/wp\/v2\/pages\/2779\/revisions"}],"predecessor-version":[{"id":4283,"href":"https:\/\/buechertanz.de\/index.php?rest_route=\/wp\/v2\/pages\/2779\/revisions\/4283"}],"wp:attachment":[{"href":"https:\/\/buechertanz.de\/index.php?rest_route=%2Fwp%2Fv2%2Fmedia&parent=2779"}],"curies":[{"name":"wp","href":"https:\/\/api.w.org\/{rel}","templated":true}]}}