{"id":4058,"date":"2022-12-30T15:52:57","date_gmt":"2022-12-30T14:52:57","guid":{"rendered":"https:\/\/buechertanz.de\/?page_id=4058"},"modified":"2022-12-30T17:10:30","modified_gmt":"2022-12-30T16:10:30","slug":"gelesen-dezember-2022","status":"publish","type":"page","link":"https:\/\/buechertanz.de\/?page_id=4058","title":{"rendered":"Gelesen Dezember 2022"},"content":{"rendered":"\n<p class=\"has-drop-cap has-small-font-size\">Hier findet ihr die B\u00fccher, die ich im&nbsp;<strong>Dezember 2022<\/strong>&nbsp;gelesen habe \u2013 insgesamt sind es&nbsp;<strong>sechs B\u00fccher<\/strong>&nbsp;mit&nbsp;<strong>2076&nbsp;Seiten<\/strong>&nbsp;geworden. Eines der B\u00fccher habe ich unkenntlich gemacht, da ich dieses Buch erst im Laufe des n\u00e4chsten Jahre erscheinen wird &#8211; und ich noch nicht zeigen darf.<br>Falls es auf meinem Blog schon eine Rezension gibt, findet ihr diese, wenn ihr auf den Buchtitel klickt. Viel Spa\u00df beim Schm\u00f6kern.<\/p>\n\n\n<div class=\"wp-block-image\">\n<figure class=\"aligncenter size-full\"><img loading=\"lazy\" decoding=\"async\" width=\"997\" height=\"988\" src=\"https:\/\/buechertanz.de\/wp-content\/uploads\/2022\/12\/12-Dezember.jpg\" alt=\"\" class=\"wp-image-4087\" srcset=\"https:\/\/buechertanz.de\/wp-content\/uploads\/2022\/12\/12-Dezember.jpg 997w, https:\/\/buechertanz.de\/wp-content\/uploads\/2022\/12\/12-Dezember-300x297.jpg 300w, https:\/\/buechertanz.de\/wp-content\/uploads\/2022\/12\/12-Dezember-150x150.jpg 150w, https:\/\/buechertanz.de\/wp-content\/uploads\/2022\/12\/12-Dezember-768x761.jpg 768w\" sizes=\"auto, (max-width: 997px) 100vw, 997px\" \/><figcaption><em>Mein Lesemonat Dezember 2022: Sechs B\u00fccher mit insgesamt 2076 Seiten<\/em><\/figcaption><\/figure><\/div>\n\n\n<p class=\"has-small-font-size\">Diesem Monat habe ich vier Rezensionsexemplare gelesen &#8211; die anderen B\u00fccher habe ich mir selbst gekauft. <\/p>\n\n\n\n<p>_<\/p>\n\n\n\n<div class=\"wp-block-media-text alignwide\" style=\"grid-template-columns:30% auto\"><figure class=\"wp-block-media-text__media\"><img loading=\"lazy\" decoding=\"async\" width=\"583\" height=\"580\" src=\"https:\/\/buechertanz.de\/wp-content\/uploads\/2022\/12\/85-Emil-Eichhoernlein-und-der-leuchtende-Stern.jpg\" alt=\"\" class=\"wp-image-4014 size-full\" srcset=\"https:\/\/buechertanz.de\/wp-content\/uploads\/2022\/12\/85-Emil-Eichhoernlein-und-der-leuchtende-Stern.jpg 583w, https:\/\/buechertanz.de\/wp-content\/uploads\/2022\/12\/85-Emil-Eichhoernlein-und-der-leuchtende-Stern-300x298.jpg 300w, https:\/\/buechertanz.de\/wp-content\/uploads\/2022\/12\/85-Emil-Eichhoernlein-und-der-leuchtende-Stern-150x150.jpg 150w\" sizes=\"auto, (max-width: 583px) 100vw, 583px\" \/><\/figure><div class=\"wp-block-media-text__content\">\n<ul class=\"has-small-font-size wp-block-list\"><li>Zusammen mit meinen T\u00f6chtern habe ich das Buch <strong>&#8222;Emil Eichh\u00f6rnlein und der leuchtende Stern&#8220; <\/strong>von Harald Gritzner gelesen. <br>Wir sind von diesem wundersch\u00f6nen Kinderbuch sehr begeistert, da es Kindern den Wert von Freundschaften und des Zusammenhaltens vermittelt. Der poetische Text und die wundervollen Illustrationen bilden ein Gesamtkunstwerk, welches wir euch nur empfehlen k\u00f6nnen.<\/li><\/ul>\n<\/div><\/div>\n\n\n\n<p>_<\/p>\n\n\n\n<div class=\"wp-block-media-text alignwide has-media-on-the-right\" style=\"grid-template-columns:auto 22%\"><figure class=\"wp-block-media-text__media\"><img loading=\"lazy\" decoding=\"async\" width=\"367\" height=\"580\" src=\"https:\/\/buechertanz.de\/wp-content\/uploads\/2022\/12\/86-Die-Welt-im-Nebel.jpg\" alt=\"\" class=\"wp-image-4016 size-full\" srcset=\"https:\/\/buechertanz.de\/wp-content\/uploads\/2022\/12\/86-Die-Welt-im-Nebel.jpg 367w, https:\/\/buechertanz.de\/wp-content\/uploads\/2022\/12\/86-Die-Welt-im-Nebel-190x300.jpg 190w\" sizes=\"auto, (max-width: 367px) 100vw, 367px\" \/><\/figure><div class=\"wp-block-media-text__content\">\n<ul class=\"has-small-font-size wp-block-list\"><li>Mit <strong><a href=\"https:\/\/buechertanz.de\/?p=4018\" target=\"_blank\" rel=\"noreferrer noopener\">&#8222;Die Welt im Nebel&#8220;<\/a><\/strong> von Ana Pawlik begab ich wieder auf eine spannungsgeladene Zeitreise ins Mittelalter. Nach <a href=\"https:\/\/buechertanz.de\/?p=2817\" target=\"_blank\" rel=\"noreferrer noopener\">&#8222;In den Klauen der Macht&#8220;<\/a>, welches ich zu Beginn des Jahres gelesen habe, bildet &#8222;Die Welt im Nebel&#8220; den zweiten Teil einer Reihe. <br>Was f\u00fcr ein imposanter und intensiver Roman, welcher mich von der ersten bis zur letzten Seite gepackt hielt und mit Sicherheit noch einige Zeit nachklingen wird.<br>Ein MUSS f\u00fcr alle Mittelalter-Fans und Liebhaber historischer Romane.<\/li><\/ul>\n<\/div><\/div>\n\n\n\n<p>_<\/p>\n\n\n\n<div class=\"wp-block-media-text alignwide\" style=\"grid-template-columns:28% auto\"><figure class=\"wp-block-media-text__media\"><img loading=\"lazy\" decoding=\"async\" width=\"657\" height=\"1024\" src=\"https:\/\/buechertanz.de\/wp-content\/uploads\/2022\/12\/87-Margarethe-Steiff-657x1024.jpeg\" alt=\"\" class=\"wp-image-4036 size-full\" srcset=\"https:\/\/buechertanz.de\/wp-content\/uploads\/2022\/12\/87-Margarethe-Steiff-657x1024.jpeg 657w, https:\/\/buechertanz.de\/wp-content\/uploads\/2022\/12\/87-Margarethe-Steiff-193x300.jpeg 193w, https:\/\/buechertanz.de\/wp-content\/uploads\/2022\/12\/87-Margarethe-Steiff-768x1197.jpeg 768w, https:\/\/buechertanz.de\/wp-content\/uploads\/2022\/12\/87-Margarethe-Steiff.jpeg 770w\" sizes=\"auto, (max-width: 657px) 100vw, 657px\" \/><\/figure><div class=\"wp-block-media-text__content\">\n<ul class=\"has-small-font-size wp-block-list\"><li>Es folgte das Buch <strong>&#8222;Margarete Steiff &#8211; Teddyb\u00e4ren und Kindertr\u00e4ume&#8220;<\/strong> von Kristina L\u00fcding. <br>Die Geschichte liest sich leicht und ich habe das Buch immer wieder gerne in die Hand genommen, um weiterzulesen.<br>Leider ist es dann doch so, dass so einiges dazugedichtet wurde &#8211; darauf geht die Autorin in ihrem Nachwort auch ein. So ganz m\u00f6chte sich f\u00fcr mich nicht der Grund erschlie\u00dfen, warum man zu dieser generell spannenden Lebensgeschichte noch unbedingt etwas Zus\u00e4tzliches dazu packen musste. Damit verliert dieses Buch leider etwas den Anspruch einer Romanbiographie.<br>Sch\u00f6n und angenehm ist es aber trotzdem zu lesen und ich konnte mich sehr gut in die Figuren und ihre Leben und Gedanken hineinversetzen.<\/li><\/ul>\n<\/div><\/div>\n\n\n\n<p>_<\/p>\n\n\n\n<div class=\"wp-block-media-text alignwide has-media-on-the-right\" style=\"grid-template-columns:auto 25%\"><figure class=\"wp-block-media-text__media\"><img loading=\"lazy\" decoding=\"async\" width=\"315\" height=\"500\" src=\"https:\/\/buechertanz.de\/wp-content\/uploads\/2022\/12\/88-Glasgow-Girls-Aufbruch-in-die-Welt-der-Kunst.jpg\" alt=\"\" class=\"wp-image-4038 size-full\" srcset=\"https:\/\/buechertanz.de\/wp-content\/uploads\/2022\/12\/88-Glasgow-Girls-Aufbruch-in-die-Welt-der-Kunst.jpg 315w, https:\/\/buechertanz.de\/wp-content\/uploads\/2022\/12\/88-Glasgow-Girls-Aufbruch-in-die-Welt-der-Kunst-189x300.jpg 189w\" sizes=\"auto, (max-width: 315px) 100vw, 315px\" \/><\/figure><div class=\"wp-block-media-text__content\">\n<ul class=\"has-small-font-size wp-block-list\"><li>Im Anschluss folgte ein Buch, welches ich als ein Highlight bezeichnen m\u00f6chte:<a href=\"https:\/\/buechertanz.de\/?p=4045\" target=\"_blank\" rel=\"noreferrer noopener\"> <strong>&#8222;Glasgow Girls &#8211; Aufbruch in die Welt der Kunst&#8220;<\/strong><\/a><strong> <\/strong>von Susanne Goga.<br>Mit wunderbaren, unvergesslichen Charakteren, einer packenden Handlung, einem \u00e4u\u00dferst bildhaften Sprachstil und einer farbenpr\u00e4chtigen Atmosph\u00e4re konnte mich das Buch von Anfang bis Ende begeistern. Zus\u00e4tzlich vermittelt Susanne Goga so viel (kunst-)geschichtliches Wissen \u2013 eine Geschichts- und Kunstlektion, welche Spa\u00df und Freude bereitet. Unbedingt lesen!<\/li><\/ul>\n<\/div><\/div>\n\n\n\n<p>_<\/p>\n\n\n\n<div class=\"wp-block-media-text alignwide\" style=\"grid-template-columns:24% auto\"><figure class=\"wp-block-media-text__media\"><img loading=\"lazy\" decoding=\"async\" width=\"329\" height=\"500\" src=\"https:\/\/buechertanz.de\/wp-content\/uploads\/2022\/12\/89-Der-Totentanz-zu-Freiburg.jpg\" alt=\"\" class=\"wp-image-4050 size-full\" srcset=\"https:\/\/buechertanz.de\/wp-content\/uploads\/2022\/12\/89-Der-Totentanz-zu-Freiburg.jpg 329w, https:\/\/buechertanz.de\/wp-content\/uploads\/2022\/12\/89-Der-Totentanz-zu-Freiburg-197x300.jpg 197w\" sizes=\"auto, (max-width: 329px) 100vw, 329px\" \/><\/figure><div class=\"wp-block-media-text__content\">\n<ul class=\"has-small-font-size wp-block-list\"><li>Mit <strong>&#8222;Der Totentanz zu Freiburg&#8220;<\/strong> von Astrid Fritz durfte ich wieder in die Vergangenheit meiner Heimatstadt abtauchen.<br>Auch dieser Fall f\u00fcr Serafina konnte mich wieder von vorne bis hinten besten unterhalten und sehr begeistern.<br>Es ist aber eine etwas andere Serafina, als in den vorherigen B\u00e4nden, sie ist angreifbarer &#8211; aber noch immer mutig, unerschrocken und eine wahre K\u00e4mpferin.<\/li><\/ul>\n<\/div><\/div>\n\n\n\n<p>_<\/p>\n\n\n\n<div class=\"wp-block-media-text alignwide has-media-on-the-right\" style=\"grid-template-columns:auto 27%\"><figure class=\"wp-block-media-text__media\"><img loading=\"lazy\" decoding=\"async\" width=\"350\" height=\"526\" src=\"https:\/\/buechertanz.de\/wp-content\/uploads\/2022\/12\/90-DKvB.jpg\" alt=\"\" class=\"wp-image-4052 size-full\" srcset=\"https:\/\/buechertanz.de\/wp-content\/uploads\/2022\/12\/90-DKvB.jpg 350w, https:\/\/buechertanz.de\/wp-content\/uploads\/2022\/12\/90-DKvB-200x300.jpg 200w\" sizes=\"auto, (max-width: 350px) 100vw, 350px\" \/><\/figure><div class=\"wp-block-media-text__content\">\n<ul class=\"has-small-font-size wp-block-list\"><li>\u00dcber mein letztes Buch des Jahres muss ich noch Stillschweigen bewahren. Es wird im Laufe des Jahres 2023 erscheinen. <\/li><\/ul>\n<\/div><\/div>\n\n\n\n<p>_<\/p>\n\n\n\n<p class=\"has-small-font-size\">Das war mein Lesemonat Dezember 2022.<br>Ich bedanke mich noch einmal an dieser Stelle ganz herzlich bei Harald Gritzner, Ana Pawlik und beim Diana-Verlag f\u00fcr die Zusendung und Bereitstellung der B\u00fccher als Rezensionsexemplare. Und auch ein herzliches Dankesch\u00f6n an die Autorinnen und Autoren f\u00fcr die wunderbaren Lesestunden.<\/p>\n\n\n\n<p class=\"has-small-font-size\">Liebe Gr\u00fc\u00dfe, eure<\/p>\n\n\n\n<figure class=\"wp-block-image size-large is-resized\"><img loading=\"lazy\" decoding=\"async\" src=\"https:\/\/buechertanz.de\/wp-content\/uploads\/2022\/06\/Unterschrift-1024x404.jpg\" alt=\"\" class=\"wp-image-3355\" width=\"219\" height=\"86\" srcset=\"https:\/\/buechertanz.de\/wp-content\/uploads\/2022\/06\/Unterschrift-1024x404.jpg 1024w, https:\/\/buechertanz.de\/wp-content\/uploads\/2022\/06\/Unterschrift-300x118.jpg 300w, https:\/\/buechertanz.de\/wp-content\/uploads\/2022\/06\/Unterschrift-768x303.jpg 768w, https:\/\/buechertanz.de\/wp-content\/uploads\/2022\/06\/Unterschrift.jpg 1500w\" sizes=\"auto, (max-width: 219px) 100vw, 219px\" \/><\/figure>\n","protected":false},"excerpt":{"rendered":"<p>Hier findet ihr die B\u00fccher, die ich im&nbsp;Dezember 2022&nbsp;gelesen habe \u2013 insgesamt sind es&nbsp;sechs B\u00fccher&nbsp;mit&nbsp;2076&nbsp;Seiten&nbsp;geworden. Eines der B\u00fccher habe ich unkenntlich gemacht, da ich dieses Buch erst im Laufe des n\u00e4chsten Jahre erscheinen wird &#8211; und ich noch nicht zeigen darf.Falls es auf meinem Blog schon eine Rezension gibt, findet ihr diese, wenn ihr auf &hellip; <a href=\"https:\/\/buechertanz.de\/?page_id=4058\" class=\"more-link\"><span class=\"screen-reader-text\">Gelesen Dezember 2022<\/span> weiterlesen<\/a><\/p>\n","protected":false},"author":2,"featured_media":0,"parent":0,"menu_order":0,"comment_status":"open","ping_status":"closed","template":"","meta":{"footnotes":""},"class_list":["post-4058","page","type-page","status-publish","hentry"],"_links":{"self":[{"href":"https:\/\/buechertanz.de\/index.php?rest_route=\/wp\/v2\/pages\/4058","targetHints":{"allow":["GET"]}}],"collection":[{"href":"https:\/\/buechertanz.de\/index.php?rest_route=\/wp\/v2\/pages"}],"about":[{"href":"https:\/\/buechertanz.de\/index.php?rest_route=\/wp\/v2\/types\/page"}],"author":[{"embeddable":true,"href":"https:\/\/buechertanz.de\/index.php?rest_route=\/wp\/v2\/users\/2"}],"replies":[{"embeddable":true,"href":"https:\/\/buechertanz.de\/index.php?rest_route=%2Fwp%2Fv2%2Fcomments&post=4058"}],"version-history":[{"count":6,"href":"https:\/\/buechertanz.de\/index.php?rest_route=\/wp\/v2\/pages\/4058\/revisions"}],"predecessor-version":[{"id":4099,"href":"https:\/\/buechertanz.de\/index.php?rest_route=\/wp\/v2\/pages\/4058\/revisions\/4099"}],"wp:attachment":[{"href":"https:\/\/buechertanz.de\/index.php?rest_route=%2Fwp%2Fv2%2Fmedia&parent=4058"}],"curies":[{"name":"wp","href":"https:\/\/api.w.org\/{rel}","templated":true}]}}