{"id":435,"date":"2019-03-06T21:00:12","date_gmt":"2019-03-06T20:00:12","guid":{"rendered":"http:\/\/buechertanz.de\/?page_id=435"},"modified":"2026-04-29T16:05:59","modified_gmt":"2026-04-29T15:05:59","slug":"lesemonate","status":"publish","type":"page","link":"https:\/\/buechertanz.de\/?page_id=435","title":{"rendered":"Lesejahre &#038; Lesemonate"},"content":{"rendered":"\n<p class=\"has-drop-cap has-small-font-size\">Unter diesem Men\u00fcpunkt findet ihr, nach Jahren, dann nach Monaten sortiert, die B\u00fccher, die ich in den jeweiligen Monaten gelesen habe.<\/p>\n\n\n\n<p class=\"has-small-font-size\">Viel Spa\u00df, eure<\/p>\n\n\n\n<figure class=\"wp-block-image size-large is-resized\"><img loading=\"lazy\" decoding=\"async\" width=\"1024\" height=\"404\" src=\"https:\/\/buechertanz.de\/wp-content\/uploads\/2022\/06\/Unterschrift-1024x404.jpg\" alt=\"\" class=\"wp-image-3355\" style=\"width:123px;height:48px\" srcset=\"https:\/\/buechertanz.de\/wp-content\/uploads\/2022\/06\/Unterschrift-1024x404.jpg 1024w, https:\/\/buechertanz.de\/wp-content\/uploads\/2022\/06\/Unterschrift-300x118.jpg 300w, https:\/\/buechertanz.de\/wp-content\/uploads\/2022\/06\/Unterschrift-768x303.jpg 768w, https:\/\/buechertanz.de\/wp-content\/uploads\/2022\/06\/Unterschrift.jpg 1500w\" sizes=\"auto, (max-width: 1024px) 100vw, 1024px\" \/><\/figure>\n\n\n<div class=\"wp-block-image is-style-rounded\">\n<figure class=\"aligncenter is-resized\"><img loading=\"lazy\" decoding=\"async\" width=\"1024\" height=\"768\" src=\"https:\/\/buechertanz.de\/wp-content\/uploads\/2019\/03\/IMG_20190306_225845562-1024x768.jpg\" alt=\"\" class=\"wp-image-476\" style=\"width:419px;height:314px\" srcset=\"https:\/\/buechertanz.de\/wp-content\/uploads\/2019\/03\/IMG_20190306_225845562-1024x768.jpg 1024w, https:\/\/buechertanz.de\/wp-content\/uploads\/2019\/03\/IMG_20190306_225845562-300x225.jpg 300w, https:\/\/buechertanz.de\/wp-content\/uploads\/2019\/03\/IMG_20190306_225845562-768x576.jpg 768w\" sizes=\"auto, (max-width: 1024px) 100vw, 1024px\" \/><figcaption class=\"wp-element-caption\">Lesen, lesen, lesen.<br><\/figcaption><\/figure><\/div>\n\n\n<p class=\"has-text-align-center\">_ _ _ <\/p>\n\n\n\n<p class=\"has-text-align-center has-large-font-size\"><strong>2026<\/strong><\/p>\n\n\n\n<p class=\"has-drop-cap has-small-font-size\">Hier findet ihr alle gelesenen B\u00fccher des Jahres<strong> 2026 <\/strong>nach Monaten geordnet:<\/p>\n\n\n\n<p><\/p>\n\n\n\n<ul class=\"wp-block-list\">\n<li class=\"has-small-font-size\"><a href=\"https:\/\/buechertanz.de\/?page_id=10702\" target=\"_blank\" rel=\"noreferrer noopener\">Gelesen April 2026<\/a><\/li>\n\n\n\n<li class=\"has-small-font-size\"><a href=\"https:\/\/buechertanz.de\/?page_id=10616\" target=\"_blank\" rel=\"noreferrer noopener\">Gelesen M\u00e4rz 2026<\/a><\/li>\n\n\n\n<li class=\"has-small-font-size\"><a href=\"https:\/\/buechertanz.de\/?page_id=10457\" target=\"_blank\" rel=\"noreferrer noopener\">Gelesen Februar 2026<\/a><\/li>\n\n\n\n<li class=\"has-small-font-size\"><a href=\"https:\/\/buechertanz.de\/?page_id=10325\" target=\"_blank\" rel=\"noreferrer noopener\">Gelesen Januar 2026<\/a><\/li>\n<\/ul>\n\n\n\n<p class=\"has-text-align-center\">_ _ _ <\/p>\n\n\n\n<p class=\"has-text-align-center has-large-font-size\"><strong>2025<\/strong><\/p>\n\n\n\n<p class=\"has-drop-cap has-small-font-size\">Im Jahr <strong>2025<\/strong> habe ich 100 B\u00fccher gelesen. Hier  findet ihr alle gelesenen B\u00fccher des Jahres nach Monaten geordnet:<\/p>\n\n\n\n<p><\/p>\n\n\n\n<ul class=\"wp-block-list\">\n<li class=\"has-small-font-size\"><a href=\"https:\/\/buechertanz.de\/?page_id=10101\" target=\"_blank\" rel=\"noreferrer noopener\">Gelesen Dezember 2025<\/a><\/li>\n\n\n\n<li class=\"has-small-font-size\"><a href=\"https:\/\/buechertanz.de\/?page_id=9903\" target=\"_blank\" rel=\"noreferrer noopener\">Gelesen November 2025<\/a><\/li>\n\n\n\n<li class=\"has-small-font-size\"><a href=\"https:\/\/buechertanz.de\/?page_id=9655\" target=\"_blank\" rel=\"noreferrer noopener\">Gelesen Oktober 2025<\/a><\/li>\n\n\n\n<li class=\"has-small-font-size\"><a href=\"https:\/\/buechertanz.de\/?page_id=9495\" target=\"_blank\" rel=\"noreferrer noopener\">Gelesen September 2025<\/a><\/li>\n\n\n\n<li class=\"has-small-font-size\"><a href=\"https:\/\/buechertanz.de\/?page_id=9372\" target=\"_blank\" rel=\"noreferrer noopener\">Gelesen August 2025<\/a><\/li>\n\n\n\n<li class=\"has-small-font-size\"><a href=\"https:\/\/buechertanz.de\/?page_id=9169\" target=\"_blank\" rel=\"noreferrer noopener\">Gelesen Juli 2025<\/a><\/li>\n\n\n\n<li class=\"has-small-font-size\"><a href=\"https:\/\/buechertanz.de\/?page_id=8991\" target=\"_blank\" rel=\"noreferrer noopener\">Gelesen Juni 2025<\/a><\/li>\n\n\n\n<li class=\"has-small-font-size\"><a href=\"https:\/\/buechertanz.de\/?page_id=8901\" target=\"_blank\" rel=\"noreferrer noopener\">Gelesen Mai 2025<\/a><\/li>\n\n\n\n<li class=\"has-small-font-size\"><a href=\"https:\/\/buechertanz.de\/?page_id=8772\" target=\"_blank\" rel=\"noreferrer noopener\">Gelesen April 2025<\/a><\/li>\n\n\n\n<li class=\"has-small-font-size\"><a href=\"https:\/\/buechertanz.de\/?page_id=8662\" target=\"_blank\" rel=\"noreferrer noopener\">Gelsen M\u00e4rz 2025<\/a><\/li>\n\n\n\n<li class=\"has-small-font-size\"><a href=\"https:\/\/buechertanz.de\/?page_id=8534\" target=\"_blank\" rel=\"noreferrer noopener\">Gelesen Februar 2025<\/a><\/li>\n\n\n\n<li class=\"has-small-font-size\"><a href=\"https:\/\/buechertanz.de\/?page_id=8395\" target=\"_blank\" rel=\"noreferrer noopener\">Gelesen Januar 2025<\/a><\/li>\n<\/ul>\n\n\n\n<p class=\"has-text-align-center\">_ _ _<\/p>\n\n\n\n<p class=\"has-text-align-center has-large-font-size\"><strong>2024<\/strong><\/p>\n\n\n\n<p class=\"has-drop-cap has-small-font-size\">Im Jahr <strong>2024<\/strong> habe ich (wie im Jahr zuvor) insgesamt 78 B\u00fccher gelesen. Hier findet ihr alle gelesenen B\u00fccher des Jahres nach Monaten geordnet:<\/p>\n\n\n\n<p><\/p>\n\n\n\n<ul class=\"wp-block-list\">\n<li class=\"has-small-font-size\"><a href=\"https:\/\/buechertanz.de\/?page_id=8280\" target=\"_blank\" rel=\"noreferrer noopener\">Gelesen Dezember 2024<\/a><\/li>\n\n\n\n<li class=\"has-small-font-size\"><a href=\"https:\/\/buechertanz.de\/?page_id=8177\" target=\"_blank\" rel=\"noreferrer noopener\">Gelesen November 2024<\/a><\/li>\n\n\n\n<li class=\"has-small-font-size\"><a href=\"https:\/\/buechertanz.de\/?page_id=8090\" target=\"_blank\" rel=\"noreferrer noopener\">Gelesen Oktober 2024<\/a><\/li>\n\n\n\n<li class=\"has-small-font-size\"><a href=\"https:\/\/buechertanz.de\/?page_id=7985\" target=\"_blank\" rel=\"noreferrer noopener\">Gelesen September 2024<\/a><\/li>\n\n\n\n<li class=\"has-small-font-size\"><a href=\"https:\/\/buechertanz.de\/?page_id=7791\" target=\"_blank\" rel=\"noreferrer noopener\">Gelesen August 2024<\/a><\/li>\n\n\n\n<li class=\"has-small-font-size\"><a href=\"https:\/\/buechertanz.de\/?page_id=7573\" target=\"_blank\" rel=\"noreferrer noopener\">Gelesen Juli 2024<\/a><\/li>\n\n\n\n<li class=\"has-small-font-size\"><a href=\"https:\/\/buechertanz.de\/?page_id=7456\" target=\"_blank\" rel=\"noreferrer noopener\">Gelesen Juni 2024<\/a><\/li>\n\n\n\n<li class=\"has-small-font-size\"><a href=\"https:\/\/buechertanz.de\/?page_id=7309\" target=\"_blank\" rel=\"noreferrer noopener\">Gelesen Mai 2024<\/a><\/li>\n\n\n\n<li class=\"has-small-font-size\"><a href=\"https:\/\/buechertanz.de\/?page_id=7198\" target=\"_blank\" rel=\"noreferrer noopener\">Gelesen April 2024<\/a><\/li>\n\n\n\n<li class=\"has-small-font-size\"><a href=\"https:\/\/buechertanz.de\/?page_id=7077\" target=\"_blank\" rel=\"noreferrer noopener\">Gelesen M\u00e4rz 2024<\/a><\/li>\n\n\n\n<li class=\"has-small-font-size\"><a href=\"https:\/\/buechertanz.de\/?page_id=6953\" target=\"_blank\" rel=\"noreferrer noopener\">Gelesen Februar 2024<\/a><\/li>\n\n\n\n<li class=\"has-small-font-size\"><a href=\"https:\/\/buechertanz.de\/?page_id=6832\" target=\"_blank\" rel=\"noreferrer noopener\">Gelesen Januar 2024<\/a><\/li>\n<\/ul>\n\n\n\n<p class=\"has-text-align-center\">_ _ _ <\/p>\n\n\n\n<p class=\"has-text-align-center has-large-font-size\"><strong>2023<\/strong><\/p>\n\n\n\n<p class=\"has-drop-cap has-small-font-size\">Im Jahr <strong>2023<\/strong> habe ich insgesamt 78 B\u00fccher gelesen. Hier findet ihr alle gelesenen B\u00fccher des Jahres nach Monaten geordnet:<\/p>\n\n\n\n<p><\/p>\n\n\n\n<ul class=\"wp-block-list has-small-font-size\">\n<li><a href=\"https:\/\/buechertanz.de\/?page_id=6664\" target=\"_blank\" rel=\"noreferrer noopener\">Gelesen Dezember 2023<\/a><\/li>\n\n\n\n<li><a href=\"https:\/\/buechertanz.de\/?page_id=6437\" target=\"_blank\" rel=\"noreferrer noopener\">Gelesen November 2023<\/a><\/li>\n\n\n\n<li><a href=\"https:\/\/buechertanz.de\/?page_id=6224\" target=\"_blank\" rel=\"noreferrer noopener\">Gelesen Oktober 2023<\/a><\/li>\n\n\n\n<li><a rel=\"noreferrer noopener\" href=\"https:\/\/buechertanz.de\/?page_id=6015\" target=\"_blank\">Gelesen September 2023<\/a><\/li>\n\n\n\n<li><a rel=\"noreferrer noopener\" href=\"https:\/\/buechertanz.de\/?page_id=5807\" target=\"_blank\">Gelesen August 2023<\/a><\/li>\n\n\n\n<li><a rel=\"noreferrer noopener\" href=\"https:\/\/buechertanz.de\/?page_id=5556\" target=\"_blank\">Gelesen Juli 2023<\/a><\/li>\n\n\n\n<li><a rel=\"noreferrer noopener\" href=\"https:\/\/buechertanz.de\/?page_id=5289\" target=\"_blank\">Gelesen Juni 2023<\/a><\/li>\n\n\n\n<li><a rel=\"noreferrer noopener\" href=\"https:\/\/buechertanz.de\/?page_id=5140\" target=\"_blank\">Gelesen Mai 2023<\/a><\/li>\n\n\n\n<li><a rel=\"noreferrer noopener\" href=\"https:\/\/buechertanz.de\/?page_id=4916\" target=\"_blank\">Gelesen April 2023<\/a><\/li>\n\n\n\n<li><a rel=\"noreferrer noopener\" href=\"https:\/\/buechertanz.de\/?page_id=4817\" target=\"_blank\">Gelesen M\u00e4rz 2023<\/a><\/li>\n\n\n\n<li><a rel=\"noreferrer noopener\" href=\"https:\/\/buechertanz.de\/?page_id=4556\" target=\"_blank\">Gelesen Februar 2023<\/a><\/li>\n\n\n\n<li><a rel=\"noreferrer noopener\" href=\"https:\/\/buechertanz.de\/?page_id=4436\" target=\"_blank\">Gelesen Januar 2023<\/a><\/li>\n<\/ul>\n\n\n\n<p class=\"has-text-align-center\">_ _ _<\/p>\n\n\n\n<p class=\"has-text-align-center has-large-font-size\"><strong>2022<\/strong><\/p>\n\n\n\n<p class=\"has-drop-cap has-small-font-size\">Im Jahr <strong>2022<\/strong> habe ich 90 B\u00fccher mit insgesamt 37.838 Seiten gelesen. <a href=\"https:\/\/buechertanz.de\/?page_id=2599\" target=\"_blank\" rel=\"noreferrer noopener\">Hier<\/a> findet ihr einen R\u00fcckblick auf dieses spannende Lesejahr und hier findet ihr alle gelesenen B\u00fccher nach Monaten geordnet:<\/p>\n\n\n\n<ul class=\"wp-block-list has-small-font-size\">\n<li><a rel=\"noreferrer noopener\" href=\"https:\/\/buechertanz.de\/?page_id=4058\" target=\"_blank\">Gelesen Dezember 2022<\/a><\/li>\n\n\n\n<li><a rel=\"noreferrer noopener\" href=\"https:\/\/buechertanz.de\/?page_id=3983\" target=\"_blank\">Gelesen November 2022<\/a><\/li>\n\n\n\n<li><a rel=\"noreferrer noopener\" href=\"https:\/\/buechertanz.de\/?page_id=3858\" target=\"_blank\">Gelesen Oktober 2022<\/a><\/li>\n\n\n\n<li><a rel=\"noreferrer noopener\" href=\"https:\/\/buechertanz.de\/?page_id=3756\" target=\"_blank\">Gelesen September 2022<\/a><\/li>\n\n\n\n<li><a rel=\"noreferrer noopener\" href=\"https:\/\/buechertanz.de\/?page_id=3688\" target=\"_blank\">Gelesen August 2022<\/a><\/li>\n\n\n\n<li><a rel=\"noreferrer noopener\" href=\"https:\/\/buechertanz.de\/?page_id=3549\" target=\"_blank\">Gelesen Juli 2022<\/a><\/li>\n\n\n\n<li><a rel=\"noreferrer noopener\" href=\"https:\/\/buechertanz.de\/?page_id=3410\" target=\"_blank\">Gelesen Juni 2022<\/a><\/li>\n\n\n\n<li><a rel=\"noreferrer noopener\" href=\"https:\/\/buechertanz.de\/?page_id=3320\" target=\"_blank\">Gelesen Mai 2022<\/a><\/li>\n\n\n\n<li><a rel=\"noreferrer noopener\" href=\"https:\/\/buechertanz.de\/?page_id=3233\" target=\"_blank\">Gelesen April 2022<\/a><\/li>\n\n\n\n<li><a rel=\"noreferrer noopener\" href=\"https:\/\/buechertanz.de\/?page_id=2931\" target=\"_blank\">Gelesen M\u00e4rz 2022<\/a><\/li>\n\n\n\n<li><a rel=\"noreferrer noopener\" href=\"https:\/\/buechertanz.de\/?page_id=2778\" target=\"_blank\">Gelesen Februar 2022<\/a><\/li>\n\n\n\n<li><a rel=\"noreferrer noopener\" href=\"https:\/\/buechertanz.de\/?page_id=2698\" target=\"_blank\">Gelesen Januar 2022<\/a><\/li>\n<\/ul>\n\n\n\n<p class=\"has-text-align-center\">_ _ _<\/p>\n\n\n\n<p class=\"has-text-align-center has-large-font-size\"><strong>2021<\/strong><\/p>\n\n\n\n<p class=\"has-drop-cap has-small-font-size\">Im Jahr <strong>2021<\/strong> habe ich insgesamt 70 B\u00fccher gelesen. <br>Hier findet ihr alle gelesenen B\u00fccher nach Monaten geordnet:<\/p>\n\n\n\n<ul class=\"wp-block-list has-small-font-size\">\n<li><a rel=\"noreferrer noopener\" href=\"https:\/\/buechertanz.de\/?page_id=2597\" target=\"_blank\">Gelesen Dezember 2021<\/a><\/li>\n\n\n\n<li><a rel=\"noreferrer noopener\" href=\"https:\/\/buechertanz.de\/?page_id=2552\" target=\"_blank\">Gelesen November 202<\/a>2<\/li>\n\n\n\n<li><a rel=\"noreferrer noopener\" href=\"https:\/\/buechertanz.de\/?page_id=2456\" target=\"_blank\">Gelesen Oktober 2021<\/a><\/li>\n\n\n\n<li><a rel=\"noreferrer noopener\" href=\"https:\/\/buechertanz.de\/?page_id=2382\" target=\"_blank\">Gelesen September 2021<\/a><\/li>\n\n\n\n<li><a rel=\"noreferrer noopener\" href=\"https:\/\/buechertanz.de\/?page_id=2308\" target=\"_blank\">Gelesen August 2021<\/a><\/li>\n\n\n\n<li><a rel=\"noreferrer noopener\" href=\"https:\/\/buechertanz.de\/?page_id=2220\" target=\"_blank\">Gelesen Juli 2021<\/a><\/li>\n\n\n\n<li><a rel=\"noreferrer noopener\" href=\"https:\/\/buechertanz.de\/?page_id=2147\" target=\"_blank\">Gelesen Juni 2021<\/a><\/li>\n\n\n\n<li><a rel=\"noreferrer noopener\" href=\"https:\/\/buechertanz.de\/?page_id=2068\" target=\"_blank\">Gelesen Mai 2021<\/a><\/li>\n\n\n\n<li><a rel=\"noreferrer noopener\" href=\"https:\/\/buechertanz.de\/?page_id=1994\" target=\"_blank\">Gelesen April 2021<\/a><\/li>\n\n\n\n<li><a rel=\"noreferrer noopener\" href=\"https:\/\/buechertanz.de\/?page_id=1946\" target=\"_blank\">Gelesen M\u00e4rz 2021<\/a><\/li>\n\n\n\n<li><a rel=\"noreferrer noopener\" href=\"https:\/\/buechertanz.de\/?page_id=1882\" target=\"_blank\">Gelesen Februar 2021<\/a><\/li>\n\n\n\n<li><a rel=\"noreferrer noopener\" href=\"https:\/\/buechertanz.de\/?page_id=1718\" target=\"_blank\">Gelesen Januar 2021<\/a><\/li>\n<\/ul>\n\n\n\n<p class=\"has-text-align-center\">_ _ _<\/p>\n\n\n\n<p class=\"has-text-align-center has-large-font-size\"><strong> 2020<\/strong><\/p>\n\n\n\n<p class=\"has-drop-cap has-small-font-size\">Im Jahr <strong>2020<\/strong> habe ich insgesamt 60 B\u00fccher gelesen.<br>Hier findet ihr alle gelesenen B\u00fccher nach Monaten geordnet:<br><\/p>\n\n\n\n<ul class=\"wp-block-list has-small-font-size\">\n<li><a rel=\"noreferrer noopener\" href=\"https:\/\/buechertanz.de\/?page_id=1716\" target=\"_blank\">Gelesen Dezember 2020<\/a><\/li>\n\n\n\n<li><a rel=\"noreferrer noopener\" href=\"https:\/\/buechertanz.de\/?page_id=1715\" target=\"_blank\">Gelesen November 2020<\/a><\/li>\n\n\n\n<li><a rel=\"noreferrer noopener\" href=\"https:\/\/buechertanz.de\/?page_id=1714\" target=\"_blank\">Gelesen Oktober 2020<\/a><\/li>\n\n\n\n<li><a rel=\"noreferrer noopener\" href=\"https:\/\/buechertanz.de\/?page_id=1649\" target=\"_blank\">Gelesen September 2020<\/a><\/li>\n\n\n\n<li><a rel=\"noreferrer noopener\" href=\"https:\/\/buechertanz.de\/?page_id=1591\" target=\"_blank\">Gelesen August 2020<\/a><\/li>\n\n\n\n<li><a rel=\"noreferrer noopener\" href=\"https:\/\/buechertanz.de\/?page_id=1513\" target=\"_blank\">Gelesen Juli 2020<\/a><\/li>\n\n\n\n<li><a rel=\"noreferrer noopener\" href=\"https:\/\/buechertanz.de\/?page_id=1466\" target=\"_blank\">Gelesen Juni 2020<\/a><\/li>\n\n\n\n<li><a rel=\"noreferrer noopener\" href=\"https:\/\/buechertanz.de\/?page_id=1335\" target=\"_blank\">Gelesen Mai 2020<\/a><\/li>\n\n\n\n<li><a rel=\"noreferrer noopener\" href=\"https:\/\/buechertanz.de\/?page_id=1246\" target=\"_blank\">Gelesen April 2020<\/a><\/li>\n\n\n\n<li><a rel=\"noreferrer noopener\" href=\"https:\/\/buechertanz.de\/?page_id=1187\" target=\"_blank\">Gelesen M\u00e4rz 2020<\/a><\/li>\n\n\n\n<li><a rel=\"noreferrer noopener\" href=\"https:\/\/buechertanz.de\/?page_id=1153\" target=\"_blank\">Gelesen Februar 2020<\/a><\/li>\n\n\n\n<li><a rel=\"noreferrer noopener\" href=\"https:\/\/buechertanz.de\/?page_id=983\" target=\"_blank\">Gelesen Januar 2019<\/a><\/li>\n<\/ul>\n\n\n\n<p class=\"has-text-align-center\">_ _ _<\/p>\n\n\n\n<p class=\"has-text-align-center has-large-font-size\"><strong>2019<\/strong><\/p>\n\n\n\n<p class=\"has-drop-cap has-small-font-size\">Im Jahr <strong>2019<\/strong> habe ich insgesamt 50 B\u00fccher gelesen. <a href=\"https:\/\/buechertanz.de\/?page_id=962\">Hier<\/a> findet ihr einen kurzen R\u00fcckblick auf dieses spannende Jahr und hier findet ihr alle gelesenen B\u00fccher nach Monaten geordnet:<\/p>\n\n\n\n<p><\/p>\n\n\n\n<ul class=\"wp-block-list has-small-font-size\">\n<li><a rel=\"noreferrer noopener\" href=\"https:\/\/buechertanz.de\/?page_id=965\" target=\"_blank\">Gelesen Dezember 2019<\/a><\/li>\n\n\n\n<li><a rel=\"noreferrer noopener\" href=\"https:\/\/buechertanz.de\/?page_id=925\" target=\"_blank\">Gelesen November 2019<\/a><\/li>\n\n\n\n<li><a rel=\"noreferrer noopener\" href=\"https:\/\/buechertanz.de\/?page_id=881\" target=\"_blank\">Gelesen Oktober 2019<\/a><\/li>\n\n\n\n<li><a rel=\"noreferrer noopener\" href=\"https:\/\/buechertanz.de\/?page_id=839\" target=\"_blank\">Gelesen September 2019<\/a><\/li>\n\n\n\n<li><a rel=\"noreferrer noopener\" href=\"https:\/\/buechertanz.de\/?page_id=770\" target=\"_blank\">Gelesen August 2019<\/a><\/li>\n\n\n\n<li><a rel=\"noreferrer noopener\" href=\"https:\/\/buechertanz.de\/?page_id=736\" target=\"_blank\">Gelesen Juli 2019<\/a><\/li>\n\n\n\n<li><a rel=\"noreferrer noopener\" href=\"https:\/\/buechertanz.de\/?page_id=707\" target=\"_blank\">Gelesen Juni 2019<\/a><\/li>\n\n\n\n<li><a rel=\"noreferrer noopener\" href=\"https:\/\/buechertanz.de\/?page_id=657\" target=\"_blank\">Gelesen Mai 2019<\/a><\/li>\n\n\n\n<li><a rel=\"noreferrer noopener\" href=\"https:\/\/buechertanz.de\/?page_id=590\" target=\"_blank\">Gelesen April 2019<\/a><\/li>\n\n\n\n<li><a rel=\"noreferrer noopener\" href=\"https:\/\/buechertanz.de\/?page_id=540\" target=\"_blank\">Gelesen M\u00e4rz 2019<\/a><\/li>\n\n\n\n<li><a rel=\"noreferrer noopener\" href=\"https:\/\/buechertanz.de\/?page_id=439\" target=\"_blank\">Gelesen Februar 2019<\/a><\/li>\n<\/ul>\n\n\n\n<p class=\"has-text-align-center\">_ _ _<\/p>\n\n\n<div class=\"wp-block-image is-style-rounded\">\n<figure class=\"aligncenter is-resized\"><img loading=\"lazy\" decoding=\"async\" width=\"264\" height=\"305\" src=\"https:\/\/buechertanz.de\/wp-content\/uploads\/2019\/03\/Blume-3.png\" alt=\"\" class=\"wp-image-365\" style=\"width:132px;height:153px\" srcset=\"https:\/\/buechertanz.de\/wp-content\/uploads\/2019\/03\/Blume-3.png 264w, https:\/\/buechertanz.de\/wp-content\/uploads\/2019\/03\/Blume-3-260x300.png 260w\" sizes=\"auto, (max-width: 264px) 100vw, 264px\" \/><\/figure><\/div>","protected":false},"excerpt":{"rendered":"<p>Unter diesem Men\u00fcpunkt findet ihr, nach Jahren, dann nach Monaten sortiert, die B\u00fccher, die ich in den jeweiligen Monaten gelesen habe. Viel Spa\u00df, eure _ _ _ 2026 Hier findet ihr alle gelesenen B\u00fccher des Jahres 2026 nach Monaten geordnet: _ _ _ 2025 Im Jahr 2025 habe ich 100 B\u00fccher gelesen. Hier findet ihr &hellip; <a href=\"https:\/\/buechertanz.de\/?page_id=435\" class=\"more-link\"><span class=\"screen-reader-text\">Lesejahre &#038; Lesemonate<\/span> weiterlesen<\/a><\/p>\n","protected":false},"author":2,"featured_media":0,"parent":0,"menu_order":0,"comment_status":"open","ping_status":"closed","template":"","meta":{"footnotes":""},"class_list":["post-435","page","type-page","status-publish","hentry"],"_links":{"self":[{"href":"https:\/\/buechertanz.de\/index.php?rest_route=\/wp\/v2\/pages\/435","targetHints":{"allow":["GET"]}}],"collection":[{"href":"https:\/\/buechertanz.de\/index.php?rest_route=\/wp\/v2\/pages"}],"about":[{"href":"https:\/\/buechertanz.de\/index.php?rest_route=\/wp\/v2\/types\/page"}],"author":[{"embeddable":true,"href":"https:\/\/buechertanz.de\/index.php?rest_route=\/wp\/v2\/users\/2"}],"replies":[{"embeddable":true,"href":"https:\/\/buechertanz.de\/index.php?rest_route=%2Fwp%2Fv2%2Fcomments&post=435"}],"version-history":[{"count":129,"href":"https:\/\/buechertanz.de\/index.php?rest_route=\/wp\/v2\/pages\/435\/revisions"}],"predecessor-version":[{"id":10712,"href":"https:\/\/buechertanz.de\/index.php?rest_route=\/wp\/v2\/pages\/435\/revisions\/10712"}],"wp:attachment":[{"href":"https:\/\/buechertanz.de\/index.php?rest_route=%2Fwp%2Fv2%2Fmedia&parent=435"}],"curies":[{"name":"wp","href":"https:\/\/api.w.org\/{rel}","templated":true}]}}