{"id":4598,"date":"2023-03-13T15:21:48","date_gmt":"2023-03-13T14:21:48","guid":{"rendered":"https:\/\/buechertanz.de\/?page_id=4598"},"modified":"2023-03-27T21:25:27","modified_gmt":"2023-03-27T20:25:27","slug":"biografie","status":"publish","type":"page","link":"https:\/\/buechertanz.de\/?page_id=4598","title":{"rendered":"Biografie"},"content":{"rendered":"\n<p class=\"has-drop-cap has-small-font-size\">Die Autorin Petra Durst-Benning wurde am 11. Februar 1965 in Baden-W\u00fcrttemberg geboren. Dem Abschluss eines Agrarwirtschaftlichen Gymnasiums folgte eine Lehre zur staatlich anerkannten Wirtschaftskorrespondentin und \u00dcbersetzerin. Sp\u00e4ter arbeitete sie als Redakteurin einer Hundezeitschrift und als Sachbuchautorin zu nat\u00fcrlichen Heilmethoden bei Tieren.<\/p>\n\n\n\n<div class=\"wp-block-columns is-layout-flex wp-container-core-columns-is-layout-9d6595d7 wp-block-columns-is-layout-flex\">\n<div class=\"wp-block-column is-layout-flow wp-block-column-is-layout-flow\">\n<figure class=\"wp-block-image size-full is-resized is-style-rounded\"><img loading=\"lazy\" decoding=\"async\" src=\"https:\/\/buechertanz.de\/wp-content\/uploads\/2023\/03\/received_476090164613794.jpeg\" alt=\"\" class=\"wp-image-4745\" width=\"303\" height=\"436\" srcset=\"https:\/\/buechertanz.de\/wp-content\/uploads\/2023\/03\/received_476090164613794.jpeg 365w, https:\/\/buechertanz.de\/wp-content\/uploads\/2023\/03\/received_476090164613794-208x300.jpeg 208w\" sizes=\"auto, (max-width: 303px) 100vw, 303px\" \/><figcaption><em>Petra Durst-Benning als junge Autorin &#8230; <br>(c) by Petra Durst-Benning<\/em><\/figcaption><\/figure>\n<\/div>\n\n\n\n<div class=\"wp-block-column is-layout-flow wp-block-column-is-layout-flow\">\n<figure class=\"wp-block-image size-large is-style-rounded\"><img loading=\"lazy\" decoding=\"async\" width=\"768\" height=\"1024\" src=\"https:\/\/buechertanz.de\/wp-content\/uploads\/2023\/03\/received_1639481749901666-768x1024.jpeg\" alt=\"\" class=\"wp-image-4746\" srcset=\"https:\/\/buechertanz.de\/wp-content\/uploads\/2023\/03\/received_1639481749901666-768x1024.jpeg 768w, https:\/\/buechertanz.de\/wp-content\/uploads\/2023\/03\/received_1639481749901666-225x300.jpeg 225w, https:\/\/buechertanz.de\/wp-content\/uploads\/2023\/03\/received_1639481749901666-1152x1536.jpeg 1152w, https:\/\/buechertanz.de\/wp-content\/uploads\/2023\/03\/received_1639481749901666.jpeg 1200w\" sizes=\"auto, (max-width: 768px) 100vw, 768px\" \/><figcaption><em>&#8230; und Petra Durst-Benning 20 Jahre sp\u00e4ter<br>(c) by Petra Durst-Benning<\/em><\/figcaption><\/figure>\n<\/div>\n<\/div>\n\n\n\n<p class=\"has-small-font-size\">In den 1990er Jahren wandte sich Petra Durst-Benning dann der Belletristik zu und schrieb ihren Roman<em> \u201eDie Silberdistel\u201c<\/em>, welcher im 16. Jahrhundert in W\u00fcrttemberg zur Zeit des \u201eArmen Konrads\u201c spielt. Dieser Roman wurde von vielen Verlagen abgelehnt, was die junge Autorin aber nicht entmutigte. 1996 wurde dieser Roman dann im Econ Verlag ver\u00f6ffentlicht.<br>Es folgten viele weitere historische und zeitgen\u00f6ssische Romane, mit denen Petra Durst-Benning sich eine gro\u00dfe Fangemeinde aufgebaut hat. In Deutschland hat sie etwa 2,5 Millionen B\u00fccher verkauft, in den USA insgesamt 1,5 Millionen. Petra Durst-Benning wurde f\u00fcr ihre Werke mehrfach ausgezeichnet und wird gerne als \u201eeine der First Ladys des Historischen Romans\u201c (Denglers Literaturkritik) bezeichnet.<br>Au\u00dferdem wurden <em>\u201eDie Samenh\u00e4ndlerin\u201c<\/em> und <em>\u201eDie Glasbl\u00e4serin\u201c<\/em> verfilmt.<br>Die Autorin lebt seit Ende des Jahres 2021 mit ihrem zweite Ehemann und ihren drei Hunden \u00fcberwiegend in Bad Kreuznach \u2013 ihre tiefen famili\u00e4ren Wurzeln und Kontakte in die schw\u00e4bische Heimat m\u00f6chte sie aber beibehalten.<\/p>\n\n\n\n<ul class=\"has-small-font-size wp-block-list\"><li><a rel=\"noreferrer noopener\" href=\"https:\/\/buechertanz.de\/?page_id=4737\" target=\"_blank\">Hier<\/a> findet ihr eine \u00dcbersicht \u00fcber das belletristische Werk der Autorin<\/li><li><a rel=\"noreferrer noopener\" href=\"https:\/\/buechertanz.de\/?page_id=4599\" target=\"_blank\">Hier<\/a> findet ihr ein exklusives Interview<\/li><\/ul>\n\n\n\n<p class=\"has-small-font-size\">Alles Liebe, eure<\/p>\n\n\n\n<figure class=\"wp-block-image size-large is-resized\"><img loading=\"lazy\" decoding=\"async\" src=\"https:\/\/buechertanz.de\/wp-content\/uploads\/2022\/06\/Unterschrift-1024x404.jpg\" alt=\"\" class=\"wp-image-3355\" width=\"202\" height=\"80\" srcset=\"https:\/\/buechertanz.de\/wp-content\/uploads\/2022\/06\/Unterschrift-1024x404.jpg 1024w, https:\/\/buechertanz.de\/wp-content\/uploads\/2022\/06\/Unterschrift-300x118.jpg 300w, https:\/\/buechertanz.de\/wp-content\/uploads\/2022\/06\/Unterschrift-768x303.jpg 768w, https:\/\/buechertanz.de\/wp-content\/uploads\/2022\/06\/Unterschrift.jpg 1500w\" sizes=\"auto, (max-width: 202px) 100vw, 202px\" \/><\/figure>\n\n\n<div class=\"wp-block-image is-style-rounded\">\n<figure class=\"aligncenter size-full is-resized\"><img loading=\"lazy\" decoding=\"async\" src=\"https:\/\/buechertanz.de\/wp-content\/uploads\/2019\/03\/cropped-Blume-1.png\" alt=\"\" class=\"wp-image-2847\" width=\"157\" height=\"157\" srcset=\"https:\/\/buechertanz.de\/wp-content\/uploads\/2019\/03\/cropped-Blume-1.png 248w, https:\/\/buechertanz.de\/wp-content\/uploads\/2019\/03\/cropped-Blume-1-150x150.png 150w\" sizes=\"auto, (max-width: 157px) 100vw, 157px\" \/><\/figure><\/div>","protected":false},"excerpt":{"rendered":"<p>Die Autorin Petra Durst-Benning wurde am 11. Februar 1965 in Baden-W\u00fcrttemberg geboren. Dem Abschluss eines Agrarwirtschaftlichen Gymnasiums folgte eine Lehre zur staatlich anerkannten Wirtschaftskorrespondentin und \u00dcbersetzerin. Sp\u00e4ter arbeitete sie als Redakteurin einer Hundezeitschrift und als Sachbuchautorin zu nat\u00fcrlichen Heilmethoden bei Tieren. In den 1990er Jahren wandte sich Petra Durst-Benning dann der Belletristik zu und schrieb &hellip; <a href=\"https:\/\/buechertanz.de\/?page_id=4598\" class=\"more-link\"><span class=\"screen-reader-text\">Biografie<\/span> weiterlesen<\/a><\/p>\n","protected":false},"author":2,"featured_media":0,"parent":0,"menu_order":0,"comment_status":"open","ping_status":"closed","template":"","meta":{"footnotes":""},"class_list":["post-4598","page","type-page","status-publish","hentry"],"_links":{"self":[{"href":"https:\/\/buechertanz.de\/index.php?rest_route=\/wp\/v2\/pages\/4598","targetHints":{"allow":["GET"]}}],"collection":[{"href":"https:\/\/buechertanz.de\/index.php?rest_route=\/wp\/v2\/pages"}],"about":[{"href":"https:\/\/buechertanz.de\/index.php?rest_route=\/wp\/v2\/types\/page"}],"author":[{"embeddable":true,"href":"https:\/\/buechertanz.de\/index.php?rest_route=\/wp\/v2\/users\/2"}],"replies":[{"embeddable":true,"href":"https:\/\/buechertanz.de\/index.php?rest_route=%2Fwp%2Fv2%2Fcomments&post=4598"}],"version-history":[{"count":6,"href":"https:\/\/buechertanz.de\/index.php?rest_route=\/wp\/v2\/pages\/4598\/revisions"}],"predecessor-version":[{"id":4779,"href":"https:\/\/buechertanz.de\/index.php?rest_route=\/wp\/v2\/pages\/4598\/revisions\/4779"}],"wp:attachment":[{"href":"https:\/\/buechertanz.de\/index.php?rest_route=%2Fwp%2Fv2%2Fmedia&parent=4598"}],"curies":[{"name":"wp","href":"https:\/\/api.w.org\/{rel}","templated":true}]}}