{"id":4601,"date":"2023-03-13T15:21:48","date_gmt":"2023-03-13T14:21:48","guid":{"rendered":"https:\/\/buechertanz.de\/?page_id=4601"},"modified":"2023-05-30T18:20:23","modified_gmt":"2023-05-30T17:20:23","slug":"das-buch","status":"publish","type":"page","link":"https:\/\/buechertanz.de\/?page_id=4601","title":{"rendered":"Das Buch"},"content":{"rendered":"\n<p class=\"has-drop-cap has-small-font-size\">Hier m\u00f6chte ich euch ganz viel \u00fcber das Buch &#8222;Die russische Herzogin&#8220; von Petra Durst-Benning erz\u00e4hlen. Das sind zum Beispiel Infos \u00fcber das Buch und den Inhalt, eine Kurzrezension, wichtige Figuren, Handlungsorte und vieles mehr.  <br>Diese Seiten befinden sich im Aufbau &#8211; die Inhalte kommen erst nach und nach. <\/p>\n\n\n\n<div class=\"wp-block-columns is-layout-flex wp-container-core-columns-is-layout-9d6595d7 wp-block-columns-is-layout-flex\">\n<div class=\"wp-block-column is-layout-flow wp-block-column-is-layout-flow\">\n<figure class=\"wp-block-image size-full is-resized\"><img loading=\"lazy\" decoding=\"async\" src=\"https:\/\/buechertanz.de\/wp-content\/uploads\/2023\/03\/Die-russische-Herzogin-TB.jpg\" alt=\"\" class=\"wp-image-4663\" width=\"328\" height=\"518\" srcset=\"https:\/\/buechertanz.de\/wp-content\/uploads\/2023\/03\/Die-russische-Herzogin-TB.jpg 316w, https:\/\/buechertanz.de\/wp-content\/uploads\/2023\/03\/Die-russische-Herzogin-TB-190x300.jpg 190w\" sizes=\"auto, (max-width: 328px) 100vw, 328px\" \/><\/figure>\n<\/div>\n\n\n\n<div class=\"wp-block-column is-layout-flow wp-block-column-is-layout-flow\">\n<figure class=\"wp-block-image size-full is-resized\"><img loading=\"lazy\" decoding=\"async\" src=\"https:\/\/buechertanz.de\/wp-content\/uploads\/2023\/03\/Die-russische-Herzogin_Neuausgabe.jpg\" alt=\"\" class=\"wp-image-4664\" width=\"330\" height=\"513\" srcset=\"https:\/\/buechertanz.de\/wp-content\/uploads\/2023\/03\/Die-russische-Herzogin_Neuausgabe.jpg 416w, https:\/\/buechertanz.de\/wp-content\/uploads\/2023\/03\/Die-russische-Herzogin_Neuausgabe-193x300.jpg 193w\" sizes=\"auto, (max-width: 330px) 100vw, 330px\" \/><\/figure>\n<\/div>\n<\/div>\n\n\n\n<p class=\"has-small-font-size\">Diese Inhalte sind bereits verf\u00fcgbar:<\/p>\n\n\n\n<ul class=\"has-small-font-size wp-block-list\"><li><a rel=\"noreferrer noopener\" href=\"https:\/\/buechertanz.de\/?page_id=4655\" target=\"_blank\">Das neue Cover<\/a><\/li><li><a rel=\"noreferrer noopener\" href=\"https:\/\/buechertanz.de\/?page_id=4602\" target=\"_blank\">Bibliografische Angaben<\/a><\/li><li><a rel=\"noreferrer noopener\" href=\"https:\/\/buechertanz.de\/?page_id=4604\" target=\"_blank\">Figuren<\/a> (werden nach und nach erg\u00e4nzt)<\/li><li><a href=\"https:\/\/buechertanz.de\/?page_id=4605\" target=\"_blank\" rel=\"noreferrer noopener\">Handlungsorte<\/a> (werden nach und nach erg\u00e4nzt)<\/li><li><a rel=\"noreferrer noopener\" href=\"https:\/\/buechertanz.de\/?page_id=4607\" target=\"_blank\">Zitate\/ Textausschnitte<\/a> (werden ebenfalls nach und nach erg\u00e4nzt)<\/li><\/ul>\n\n\n\n<p class=\"has-small-font-size\">Liebe Gr\u00fc\u00dfe, eure<\/p>\n\n\n\n<figure class=\"wp-block-image size-large is-resized\"><img loading=\"lazy\" decoding=\"async\" src=\"https:\/\/buechertanz.de\/wp-content\/uploads\/2022\/06\/Unterschrift-1024x404.jpg\" alt=\"\" class=\"wp-image-3355\" width=\"202\" height=\"80\" srcset=\"https:\/\/buechertanz.de\/wp-content\/uploads\/2022\/06\/Unterschrift-1024x404.jpg 1024w, https:\/\/buechertanz.de\/wp-content\/uploads\/2022\/06\/Unterschrift-300x118.jpg 300w, https:\/\/buechertanz.de\/wp-content\/uploads\/2022\/06\/Unterschrift-768x303.jpg 768w, https:\/\/buechertanz.de\/wp-content\/uploads\/2022\/06\/Unterschrift.jpg 1500w\" sizes=\"auto, (max-width: 202px) 100vw, 202px\" \/><\/figure>\n\n\n<div class=\"wp-block-image is-style-rounded\">\n<figure class=\"aligncenter size-full is-resized\"><img loading=\"lazy\" decoding=\"async\" src=\"https:\/\/buechertanz.de\/wp-content\/uploads\/2019\/03\/cropped-Blume-1.png\" alt=\"\" class=\"wp-image-2847\" width=\"131\" height=\"131\" srcset=\"https:\/\/buechertanz.de\/wp-content\/uploads\/2019\/03\/cropped-Blume-1.png 248w, https:\/\/buechertanz.de\/wp-content\/uploads\/2019\/03\/cropped-Blume-1-150x150.png 150w\" sizes=\"auto, (max-width: 131px) 100vw, 131px\" \/><\/figure><\/div>","protected":false},"excerpt":{"rendered":"<p>Hier m\u00f6chte ich euch ganz viel \u00fcber das Buch &#8222;Die russische Herzogin&#8220; von Petra Durst-Benning erz\u00e4hlen. Das sind zum Beispiel Infos \u00fcber das Buch und den Inhalt, eine Kurzrezension, wichtige Figuren, Handlungsorte und vieles mehr. Diese Seiten befinden sich im Aufbau &#8211; die Inhalte kommen erst nach und nach. Diese Inhalte sind bereits verf\u00fcgbar: Das &hellip; <a href=\"https:\/\/buechertanz.de\/?page_id=4601\" class=\"more-link\"><span class=\"screen-reader-text\">Das Buch<\/span> weiterlesen<\/a><\/p>\n","protected":false},"author":2,"featured_media":0,"parent":0,"menu_order":0,"comment_status":"open","ping_status":"closed","template":"","meta":{"footnotes":""},"class_list":["post-4601","page","type-page","status-publish","hentry"],"_links":{"self":[{"href":"https:\/\/buechertanz.de\/index.php?rest_route=\/wp\/v2\/pages\/4601","targetHints":{"allow":["GET"]}}],"collection":[{"href":"https:\/\/buechertanz.de\/index.php?rest_route=\/wp\/v2\/pages"}],"about":[{"href":"https:\/\/buechertanz.de\/index.php?rest_route=\/wp\/v2\/types\/page"}],"author":[{"embeddable":true,"href":"https:\/\/buechertanz.de\/index.php?rest_route=\/wp\/v2\/users\/2"}],"replies":[{"embeddable":true,"href":"https:\/\/buechertanz.de\/index.php?rest_route=%2Fwp%2Fv2%2Fcomments&post=4601"}],"version-history":[{"count":7,"href":"https:\/\/buechertanz.de\/index.php?rest_route=\/wp\/v2\/pages\/4601\/revisions"}],"predecessor-version":[{"id":5157,"href":"https:\/\/buechertanz.de\/index.php?rest_route=\/wp\/v2\/pages\/4601\/revisions\/5157"}],"wp:attachment":[{"href":"https:\/\/buechertanz.de\/index.php?rest_route=%2Fwp%2Fv2%2Fmedia&parent=4601"}],"curies":[{"name":"wp","href":"https:\/\/api.w.org\/{rel}","templated":true}]}}