{"id":5074,"date":"2023-05-16T14:09:55","date_gmt":"2023-05-16T13:09:55","guid":{"rendered":"https:\/\/buechertanz.de\/?page_id=5074"},"modified":"2023-05-29T17:23:33","modified_gmt":"2023-05-29T16:23:33","slug":"gewinnspiel-mai-2023","status":"publish","type":"page","link":"https:\/\/buechertanz.de\/?page_id=5074","title":{"rendered":"Gewinnspiel Mai 2023"},"content":{"rendered":"\n<p class=\"has-drop-cap has-small-font-size\">Diesen Monat verlose ich ein Fan-Sets, bestehend aus einer Autogrammkarte, einem Lesezeichen, einem Aufkleber, einem Button, einem T\u00fcrh\u00e4nger und einer \u00dcbersicht \u00fcber das belletristische Werk der Autorin. <br>Ihr m\u00f6chtet  Set gewinnen? Beantwortet mir gerne die Fragen in den Kommentaren und ihr springt in den Lostopf.<br><br><strong>Dieses Gewinnspiel ist bereits beendet!<\/strong><\/p>\n\n\n\n<div class=\"wp-block-media-text alignwide\"><figure class=\"wp-block-media-text__media\"><img loading=\"lazy\" decoding=\"async\" width=\"1024\" height=\"1015\" src=\"https:\/\/buechertanz.de\/wp-content\/uploads\/2023\/05\/03-Gewinnspiel-Mai_komp-1024x1015.jpg\" alt=\"\" class=\"wp-image-5082 size-full\" srcset=\"https:\/\/buechertanz.de\/wp-content\/uploads\/2023\/05\/03-Gewinnspiel-Mai_komp-1024x1015.jpg 1024w, https:\/\/buechertanz.de\/wp-content\/uploads\/2023\/05\/03-Gewinnspiel-Mai_komp-300x297.jpg 300w, https:\/\/buechertanz.de\/wp-content\/uploads\/2023\/05\/03-Gewinnspiel-Mai_komp-150x150.jpg 150w, https:\/\/buechertanz.de\/wp-content\/uploads\/2023\/05\/03-Gewinnspiel-Mai_komp-768x761.jpg 768w, https:\/\/buechertanz.de\/wp-content\/uploads\/2023\/05\/03-Gewinnspiel-Mai_komp-1536x1522.jpg 1536w, https:\/\/buechertanz.de\/wp-content\/uploads\/2023\/05\/03-Gewinnspiel-Mai_komp-2048x2030.jpg 2048w\" sizes=\"auto, (max-width: 1024px) 100vw, 1024px\" \/><\/figure><div class=\"wp-block-media-text__content\">\n<p class=\"has-background has-small-font-size\" style=\"background-color:#d66868\">Regen oder Sonnenschein? Was ist dein Lieblings-Lesewetter? Und warum?<\/p>\n<\/div><\/div>\n\n\n\n<p><strong>Regeln und Teilnahmebedingungen:<\/strong><\/p>\n\n\n\n<p class=\"has-small-font-size\">\u2013&nbsp;<strong>Beginn des Gewinnspiels:<\/strong><br>~ Dienstag, 16. Mai 2023<br>\u2013&nbsp;<strong>Ende des Gewinnspiels:<\/strong><br>~ Sonntag, 21. Mai 2023, 22Uhr<br>\u2013&nbsp;<strong>Auslosung:<\/strong><br>~ Montag, 22. Mai 2023<br><strong>\u2013 Weitere Teilnahmebedingungen:<\/strong><br>~ Der Rechtsweg ist ausgeschlossen.<br>~ Du bist mindestens 18 Jahre alt und wohnst in Deutschland.<strong><br><\/strong>~ Antworten bitte hier in die Kommentare.<br>~ Du kannst zus\u00e4tzlich auf Facebook und Instagram mitmachen \u2013 damit erh\u00f6ht sich deine Losanzahl und deine Gewinnchance.<br>~ Nach Ende des Gewinnspiels schreibe ich euch an und bitte um eure Adresse. Diese Adresse wird NICHT gespeichert und\/ oder f\u00fcr andere Zwecke genutzt.<br>~ Eine Auszahlung des Gewinns ist ausgeschlossen.<br>~ Mit der Teilnahme am Gewinnspiel und des senden deines Kommentares, erkl\u00e4rst du dich mit den Teilnahmebedingungen einverstanden und versicherst, dass du die<strong><a rel=\"noreferrer noopener\" href=\"https:\/\/buechertanz.de\/?page_id=44\" target=\"_blank\">&nbsp;Datenschutzhinweise<\/a><\/strong>&nbsp;gelesen und verstanden hast und diese akzeptierst.<br>~ Es gibt kein Recht auf den Gewinn, es entscheidet allein das Los.<br>~ Reine Gewinnspiel-Accounts sind von der Teilnahme ausgeschlossen.<\/p>\n\n\n\n<p class=\"has-small-font-size\">Viel Spa\u00df, viel Gl\u00fcck und liebe Gr\u00fc\u00dfe,<\/p>\n\n\n\n<figure class=\"wp-block-image size-large is-resized\"><img loading=\"lazy\" decoding=\"async\" src=\"https:\/\/buechertanz.de\/wp-content\/uploads\/2022\/06\/Unterschrift-1024x404.jpg\" alt=\"\" class=\"wp-image-3355\" width=\"163\" height=\"64\" srcset=\"https:\/\/buechertanz.de\/wp-content\/uploads\/2022\/06\/Unterschrift-1024x404.jpg 1024w, https:\/\/buechertanz.de\/wp-content\/uploads\/2022\/06\/Unterschrift-300x118.jpg 300w, https:\/\/buechertanz.de\/wp-content\/uploads\/2022\/06\/Unterschrift-768x303.jpg 768w, https:\/\/buechertanz.de\/wp-content\/uploads\/2022\/06\/Unterschrift.jpg 1500w\" sizes=\"auto, (max-width: 163px) 100vw, 163px\" \/><\/figure>\n\n\n<div class=\"wp-block-image is-style-rounded\">\n<figure class=\"aligncenter size-full is-resized\"><img loading=\"lazy\" decoding=\"async\" src=\"https:\/\/buechertanz.de\/wp-content\/uploads\/2019\/03\/cropped-Blume-1.png\" alt=\"\" class=\"wp-image-2847\" width=\"124\" height=\"124\" srcset=\"https:\/\/buechertanz.de\/wp-content\/uploads\/2019\/03\/cropped-Blume-1.png 248w, https:\/\/buechertanz.de\/wp-content\/uploads\/2019\/03\/cropped-Blume-1-150x150.png 150w\" sizes=\"auto, (max-width: 124px) 100vw, 124px\" \/><\/figure><\/div>","protected":false},"excerpt":{"rendered":"<p>Diesen Monat verlose ich ein Fan-Sets, bestehend aus einer Autogrammkarte, einem Lesezeichen, einem Aufkleber, einem Button, einem T\u00fcrh\u00e4nger und einer \u00dcbersicht \u00fcber das belletristische Werk der Autorin. Ihr m\u00f6chtet Set gewinnen? Beantwortet mir gerne die Fragen in den Kommentaren und ihr springt in den Lostopf. Dieses Gewinnspiel ist bereits beendet! Regen oder Sonnenschein? Was ist &hellip; <a href=\"https:\/\/buechertanz.de\/?page_id=5074\" class=\"more-link\"><span class=\"screen-reader-text\">Gewinnspiel Mai 2023<\/span> weiterlesen<\/a><\/p>\n","protected":false},"author":2,"featured_media":0,"parent":0,"menu_order":0,"comment_status":"open","ping_status":"closed","template":"","meta":{"footnotes":""},"class_list":["post-5074","page","type-page","status-publish","hentry"],"_links":{"self":[{"href":"https:\/\/buechertanz.de\/index.php?rest_route=\/wp\/v2\/pages\/5074","targetHints":{"allow":["GET"]}}],"collection":[{"href":"https:\/\/buechertanz.de\/index.php?rest_route=\/wp\/v2\/pages"}],"about":[{"href":"https:\/\/buechertanz.de\/index.php?rest_route=\/wp\/v2\/types\/page"}],"author":[{"embeddable":true,"href":"https:\/\/buechertanz.de\/index.php?rest_route=\/wp\/v2\/users\/2"}],"replies":[{"embeddable":true,"href":"https:\/\/buechertanz.de\/index.php?rest_route=%2Fwp%2Fv2%2Fcomments&post=5074"}],"version-history":[{"count":3,"href":"https:\/\/buechertanz.de\/index.php?rest_route=\/wp\/v2\/pages\/5074\/revisions"}],"predecessor-version":[{"id":5121,"href":"https:\/\/buechertanz.de\/index.php?rest_route=\/wp\/v2\/pages\/5074\/revisions\/5121"}],"wp:attachment":[{"href":"https:\/\/buechertanz.de\/index.php?rest_route=%2Fwp%2Fv2%2Fmedia&parent=5074"}],"curies":[{"name":"wp","href":"https:\/\/api.w.org\/{rel}","templated":true}]}}