{"id":5806,"date":"2023-08-31T11:56:03","date_gmt":"2023-08-31T10:56:03","guid":{"rendered":"https:\/\/buechertanz.de\/?page_id=5806"},"modified":"2023-08-31T12:56:12","modified_gmt":"2023-08-31T11:56:12","slug":"neuzugaenge-august-2023","status":"publish","type":"page","link":"https:\/\/buechertanz.de\/?page_id=5806","title":{"rendered":"Neuzug\u00e4nge August 2023"},"content":{"rendered":"\n<p class=\"has-drop-cap has-small-font-size\">Im&nbsp;<strong>August 2023<\/strong>&nbsp;sind insgesamt&nbsp;<strong>12 B\u00fccher&nbsp;<\/strong>hier eingezogen:<br>Sieben neue B\u00fccher und f\u00fcnf Rezensionsexemplare, eines davon als eBook. <br>Falls es eine Rezension auf meinem Blog gibt, gelangt ihr mit einem Klick auf den Titel direkt bei der Rezension.<\/p>\n\n\n<div class=\"wp-block-image\">\n<figure class=\"aligncenter size-large is-resized\"><img loading=\"lazy\" decoding=\"async\" src=\"https:\/\/buechertanz.de\/wp-content\/uploads\/2023\/08\/08-August-Komplett_komp-1024x1019.jpg\" alt=\"\" class=\"wp-image-5825\" width=\"593\" height=\"589\" srcset=\"https:\/\/buechertanz.de\/wp-content\/uploads\/2023\/08\/08-August-Komplett_komp-1024x1019.jpg 1024w, https:\/\/buechertanz.de\/wp-content\/uploads\/2023\/08\/08-August-Komplett_komp-300x298.jpg 300w, https:\/\/buechertanz.de\/wp-content\/uploads\/2023\/08\/08-August-Komplett_komp-150x150.jpg 150w, https:\/\/buechertanz.de\/wp-content\/uploads\/2023\/08\/08-August-Komplett_komp-768x764.jpg 768w, https:\/\/buechertanz.de\/wp-content\/uploads\/2023\/08\/08-August-Komplett_komp.jpg 1178w\" sizes=\"auto, (max-width: 593px) 100vw, 593px\" \/><\/figure><\/div>\n\n\n<p class=\"has-text-align-center\" style=\"font-size:11px\"><em>Meine zw\u00f6lf neuen Seitlinge im August 2023<\/em><\/p>\n\n\n\n<p>_<\/p>\n\n\n\n<div class=\"wp-block-media-text alignwide is-vertically-aligned-center\"><figure class=\"wp-block-media-text__media\"><img loading=\"lazy\" decoding=\"async\" width=\"1024\" height=\"1019\" src=\"https:\/\/buechertanz.de\/wp-content\/uploads\/2023\/08\/08-August-Neue-Buecher_komp-1024x1019.jpg\" alt=\"\" class=\"wp-image-5826 size-full\" srcset=\"https:\/\/buechertanz.de\/wp-content\/uploads\/2023\/08\/08-August-Neue-Buecher_komp-1024x1019.jpg 1024w, https:\/\/buechertanz.de\/wp-content\/uploads\/2023\/08\/08-August-Neue-Buecher_komp-300x298.jpg 300w, https:\/\/buechertanz.de\/wp-content\/uploads\/2023\/08\/08-August-Neue-Buecher_komp-150x150.jpg 150w, https:\/\/buechertanz.de\/wp-content\/uploads\/2023\/08\/08-August-Neue-Buecher_komp-768x764.jpg 768w, https:\/\/buechertanz.de\/wp-content\/uploads\/2023\/08\/08-August-Neue-Buecher_komp.jpg 1178w\" sizes=\"auto, (max-width: 1024px) 100vw, 1024px\" \/><\/figure><div class=\"wp-block-media-text__content\">\n<p class=\"has-drop-cap has-small-font-size\"><strong>Neue B\u00fccher:<\/strong><\/p>\n\n\n\n<p><\/p>\n\n\n\n<ul class=\"wp-block-list\">\n<li class=\"has-small-font-size\">Anna-Maria Caspari: <em>&#8222;Perlenbach&#8220;<\/em><\/li>\n\n\n\n<li class=\"has-small-font-size\">Simona Dorra: <em>&#8222;Schierlingstod&#8220; <\/em>und <em>&#8222;Hexenglut&#8220;<\/em><\/li>\n\n\n\n<li class=\"has-small-font-size\">Astrid Fritz: <em>&#8222;Die Magd des Medicus&#8220;<\/em><\/li>\n\n\n\n<li class=\"has-small-font-size\">Susanne von Berg: <em>&#8222;Das Kaufhaus &#8211; Zeit des Wandels&#8220;<\/em><\/li>\n\n\n\n<li class=\"has-small-font-size\">Hanna Caspian: <em>Schloss Liebenberg &#8211; Hinter dem goldenen Schatten&#8220;<\/em><\/li>\n\n\n\n<li class=\"has-small-font-size\">Lia Scott: <em>&#8222;Sturmjahre &#8211; Das Versprechen einer neuen Zeit&#8220;<\/em><\/li>\n<\/ul>\n<\/div><\/div>\n\n\n\n<p>_<\/p>\n\n\n\n<div class=\"wp-block-media-text alignwide has-media-on-the-right is-vertically-aligned-center\"><div class=\"wp-block-media-text__content\">\n<p class=\"has-drop-cap has-small-font-size\"><strong>Rezensionsexemplare:<\/strong><\/p>\n\n\n\n<p><\/p>\n\n\n\n<ul class=\"wp-block-list\">\n<li class=\"has-small-font-size\">Maria Nikolai: <em><a href=\"https:\/\/buechertanz.de\/?p=5631\" target=\"_blank\" rel=\"noreferrer noopener\">&#8222;Die Bodensee-Saga &#8211; T\u00f6chter eines neuen Morgens&#8220; <\/a><\/em>(eBook)<\/li>\n\n\n\n<li class=\"has-small-font-size\">Juliana Weinberg: <em><a href=\"https:\/\/buechertanz.de\/?p=5674\" target=\"_blank\" rel=\"noreferrer noopener\">&#8222;Gut Erlensee &#8211; Marillas Schicksal&#8220;<\/a><\/em><\/li>\n\n\n\n<li class=\"has-small-font-size\">Teresa Simon: <em><a href=\"https:\/\/buechertanz.de\/?p=5730\" target=\"_blank\" rel=\"noreferrer noopener\">&#8222;Die Reporterin &#8211; Worte der Wahrheit&#8220;<\/a><\/em><\/li>\n\n\n\n<li class=\"has-small-font-size\">Maria Nikolai: <em><a rel=\"noreferrer noopener\" href=\"https:\/\/buechertanz.de\/?p=5631\" target=\"_blank\">&#8222;Die Bodensee-Saga &#8211; T\u00f6chter eines neuen Morgens&#8220;<\/a> <\/em>(Taschenbuch)<\/li>\n\n\n\n<li class=\"has-small-font-size\">Lilli Beck: <em><a href=\"https:\/\/buechertanz.de\/?p=5778\" target=\"_blank\" rel=\"noreferrer noopener\">&#8222;Die Schwestern vom See &#8211; Neue Wege&#8220;<\/a><\/em><\/li>\n<\/ul>\n<\/div><figure class=\"wp-block-media-text__media\"><img loading=\"lazy\" decoding=\"async\" width=\"1024\" height=\"1018\" src=\"https:\/\/buechertanz.de\/wp-content\/uploads\/2023\/08\/08-August-Rezensionsexemplare_komp-1024x1018.jpg\" alt=\"\" class=\"wp-image-5827 size-full\" srcset=\"https:\/\/buechertanz.de\/wp-content\/uploads\/2023\/08\/08-August-Rezensionsexemplare_komp-1024x1018.jpg 1024w, https:\/\/buechertanz.de\/wp-content\/uploads\/2023\/08\/08-August-Rezensionsexemplare_komp-300x298.jpg 300w, https:\/\/buechertanz.de\/wp-content\/uploads\/2023\/08\/08-August-Rezensionsexemplare_komp-150x150.jpg 150w, https:\/\/buechertanz.de\/wp-content\/uploads\/2023\/08\/08-August-Rezensionsexemplare_komp-768x764.jpg 768w, https:\/\/buechertanz.de\/wp-content\/uploads\/2023\/08\/08-August-Rezensionsexemplare_komp.jpg 1030w\" sizes=\"auto, (max-width: 1024px) 100vw, 1024px\" \/><\/figure><\/div>\n\n\n\n<p>_<\/p>\n\n\n\n<p class=\"has-small-font-size\">Einige dieser wundersch\u00f6nen Neuzug\u00e4nge sind bereits gelesen, auf andere freue ich mich noch.<br>Ich bedanke mich deshalb ganz herzlich bei der Autorin Juliana Weinberg, beim Penguin Verlag, beim Heyne Verlag, und beim Blanvalet Verlag  f\u00fcr die Zusendung und Bereitstellung der B\u00fccher als Rezensionsexemplare. <\/p>\n\n\n\n<p class=\"has-small-font-size\">Liebe Gr\u00fc\u00dfe,<\/p>\n\n\n\n<figure class=\"wp-block-image size-large is-resized\"><img loading=\"lazy\" decoding=\"async\" src=\"https:\/\/buechertanz.de\/wp-content\/uploads\/2023\/06\/Unterschrift-1024x404.jpg\" alt=\"\" class=\"wp-image-5276\" width=\"146\" height=\"58\" srcset=\"https:\/\/buechertanz.de\/wp-content\/uploads\/2023\/06\/Unterschrift-1024x404.jpg 1024w, https:\/\/buechertanz.de\/wp-content\/uploads\/2023\/06\/Unterschrift-300x118.jpg 300w, https:\/\/buechertanz.de\/wp-content\/uploads\/2023\/06\/Unterschrift-768x303.jpg 768w, https:\/\/buechertanz.de\/wp-content\/uploads\/2023\/06\/Unterschrift.jpg 1500w\" sizes=\"auto, (max-width: 146px) 100vw, 146px\" \/><\/figure>\n","protected":false},"excerpt":{"rendered":"<p>Im&nbsp;August 2023&nbsp;sind insgesamt&nbsp;12 B\u00fccher&nbsp;hier eingezogen:Sieben neue B\u00fccher und f\u00fcnf Rezensionsexemplare, eines davon als eBook. Falls es eine Rezension auf meinem Blog gibt, gelangt ihr mit einem Klick auf den Titel direkt bei der Rezension. Meine zw\u00f6lf neuen Seitlinge im August 2023 _ _ _ Einige dieser wundersch\u00f6nen Neuzug\u00e4nge sind bereits gelesen, auf andere freue ich &hellip; <a href=\"https:\/\/buechertanz.de\/?page_id=5806\" class=\"more-link\"><span class=\"screen-reader-text\">Neuzug\u00e4nge August 2023<\/span> weiterlesen<\/a><\/p>\n","protected":false},"author":2,"featured_media":0,"parent":0,"menu_order":0,"comment_status":"open","ping_status":"closed","template":"","meta":{"footnotes":""},"class_list":["post-5806","page","type-page","status-publish","hentry"],"_links":{"self":[{"href":"https:\/\/buechertanz.de\/index.php?rest_route=\/wp\/v2\/pages\/5806","targetHints":{"allow":["GET"]}}],"collection":[{"href":"https:\/\/buechertanz.de\/index.php?rest_route=\/wp\/v2\/pages"}],"about":[{"href":"https:\/\/buechertanz.de\/index.php?rest_route=\/wp\/v2\/types\/page"}],"author":[{"embeddable":true,"href":"https:\/\/buechertanz.de\/index.php?rest_route=\/wp\/v2\/users\/2"}],"replies":[{"embeddable":true,"href":"https:\/\/buechertanz.de\/index.php?rest_route=%2Fwp%2Fv2%2Fcomments&post=5806"}],"version-history":[{"count":3,"href":"https:\/\/buechertanz.de\/index.php?rest_route=\/wp\/v2\/pages\/5806\/revisions"}],"predecessor-version":[{"id":5829,"href":"https:\/\/buechertanz.de\/index.php?rest_route=\/wp\/v2\/pages\/5806\/revisions\/5829"}],"wp:attachment":[{"href":"https:\/\/buechertanz.de\/index.php?rest_route=%2Fwp%2Fv2%2Fmedia&parent=5806"}],"curies":[{"name":"wp","href":"https:\/\/api.w.org\/{rel}","templated":true}]}}