{"id":5807,"date":"2023-08-31T11:56:03","date_gmt":"2023-08-31T10:56:03","guid":{"rendered":"https:\/\/buechertanz.de\/?page_id=5807"},"modified":"2023-12-16T09:59:38","modified_gmt":"2023-12-16T08:59:38","slug":"gelesen-august-2023","status":"publish","type":"page","link":"https:\/\/buechertanz.de\/?page_id=5807","title":{"rendered":"Gelesen August 2023"},"content":{"rendered":"\n<p class=\"has-drop-cap has-small-font-size\">Hier findet ihr die B\u00fccher, die ich im&nbsp;<strong>August 2023&nbsp;<\/strong>gelesen habe \u2013 insgesamt sind es&nbsp;<strong>acht B\u00fccher&nbsp;<\/strong>mit<strong>&nbsp;3.549 Seiten&nbsp;<\/strong>geworden. Es war ein sch\u00f6ner und abwechslungsreicher Lesemonat.<br>Falls es ausf\u00fchrliche Rezensionen zu den B\u00fcchern gibt,  findet ihr diese, wenn ihr auf den entsprechenden Buchtitel klickt. Viel Spa\u00df beim Schm\u00f6kern.<\/p>\n\n\n<div class=\"wp-block-image is-resized\">\n<figure class=\"aligncenter size-large\"><img loading=\"lazy\" decoding=\"async\" width=\"1024\" height=\"1019\" src=\"https:\/\/buechertanz.de\/wp-content\/uploads\/2023\/08\/08-August_komp-1024x1019.jpg\" alt=\"\" class=\"wp-image-5817\" srcset=\"https:\/\/buechertanz.de\/wp-content\/uploads\/2023\/08\/08-August_komp-1024x1019.jpg 1024w, https:\/\/buechertanz.de\/wp-content\/uploads\/2023\/08\/08-August_komp-300x298.jpg 300w, https:\/\/buechertanz.de\/wp-content\/uploads\/2023\/08\/08-August_komp-150x150.jpg 150w, https:\/\/buechertanz.de\/wp-content\/uploads\/2023\/08\/08-August_komp-768x764.jpg 768w, https:\/\/buechertanz.de\/wp-content\/uploads\/2023\/08\/08-August_komp.jpg 1178w\" sizes=\"auto, (max-width: 1024px) 100vw, 1024px\" \/><\/figure><\/div>\n\n\n<p class=\"has-text-align-center\" style=\"font-size:11px\"><em>Mein Lesemonat August 2023: Acht gelesene B\u00fccher mit insgesamt 3.549 Seiten<\/em><\/p>\n\n\n\n<p>_<\/p>\n\n\n\n<div class=\"wp-block-media-text alignwide is-vertically-aligned-center\" style=\"grid-template-columns:25% auto\"><figure class=\"wp-block-media-text__media\"><img loading=\"lazy\" decoding=\"async\" width=\"520\" height=\"791\" src=\"https:\/\/buechertanz.de\/wp-content\/uploads\/2023\/08\/50-Sturmjahre-Ein-Gefuehl-von-Unendlichkeit.jpg\" alt=\"\" class=\"wp-image-5590 size-full\" srcset=\"https:\/\/buechertanz.de\/wp-content\/uploads\/2023\/08\/50-Sturmjahre-Ein-Gefuehl-von-Unendlichkeit.jpg 520w, https:\/\/buechertanz.de\/wp-content\/uploads\/2023\/08\/50-Sturmjahre-Ein-Gefuehl-von-Unendlichkeit-197x300.jpg 197w\" sizes=\"auto, (max-width: 520px) 100vw, 520px\" \/><\/figure><div class=\"wp-block-media-text__content\">\n<ul class=\"wp-block-list\">\n<li class=\"has-small-font-size\">Den Anfang machte das Buch <strong><em>&#8222;Sturmjahre &#8211; Ein Gef\u00fchl von Unendlichkeit&#8220; <\/em><\/strong>von Lia Scott. Dieser Reihenauftakt hat mich sehr begeistert: <br>Es ist eine Geschichte, die mich ab der ersten Seite mitgenommen hat, auch wenn die dargestellten geschichtlichen Hintergr\u00fcnde (Erster Weltkrieg, Spanische Grippe) nicht immer leicht zu ertragen waren.<br>Wie ein Sog riss mich die Handlung mit und innerhalb von 3 1\/2 Tagen waren die etwas mehr als 500 Seiten weggelesen. Dazu kommt der rundum gelungene und bildliche Sprachstil der Autorin.<br>Das ist eine Geschichte zum Abtauchen und dabei alles um sich herum zu vergessen.<\/li>\n<\/ul>\n<\/div><\/div>\n\n\n\n<p>_<\/p>\n\n\n\n<div class=\"wp-block-media-text alignwide has-media-on-the-right is-vertically-aligned-center\" style=\"grid-template-columns:auto 25%\"><div class=\"wp-block-media-text__content\">\n<ul class=\"wp-block-list\">\n<li class=\"has-small-font-size\">Es folgte das Buch <strong><em><a href=\"https:\/\/buechertanz.de\/?p=5631\" target=\"_blank\" rel=\"noreferrer noopener\">&#8222;Die Bodensee-Saga &#8211; T\u00f6chter eines neuen Morgens&#8220;<\/a> <\/em><\/strong>von Maria Nikolai. Ich bin so in dieser emotionalen Geschichte abgetaucht, war stellenweise tief betroffen, an anderer Stelle schmunzelte ich in mich hinein. Den eBook-Reader legte ich nie gerne zur Seite, zu jeder Gelegenheit musste ich weiter lesen.<br>Es ist der wunderbare Abschluss dieser absolut lesenswerten Buchreihe, welche mich mit ihren authentischen Charakteren und dem bild- und traumhaften Sprachstil v\u00f6llig begeistert hat.<br>Es ist schwer, aus diesem kleinen Geschichten &#8211; Universum zur\u00fcckzukehren, die T\u00fcr hinter sich zu schlie\u00dfen und die liebgewonnenen Charaktere zur\u00fcckzulassen.<br>Doch sie alle werden im Herzen bleiben. F\u00fcr immer.&nbsp;<\/li>\n<\/ul>\n<\/div><figure class=\"wp-block-media-text__media\"><img loading=\"lazy\" decoding=\"async\" width=\"350\" height=\"524\" src=\"https:\/\/buechertanz.de\/wp-content\/uploads\/2023\/08\/51-Die-Bodensee-Saga-Toechter-eines-neuen-Morgens.jpg\" alt=\"\" class=\"wp-image-5592 size-full\" srcset=\"https:\/\/buechertanz.de\/wp-content\/uploads\/2023\/08\/51-Die-Bodensee-Saga-Toechter-eines-neuen-Morgens.jpg 350w, https:\/\/buechertanz.de\/wp-content\/uploads\/2023\/08\/51-Die-Bodensee-Saga-Toechter-eines-neuen-Morgens-200x300.jpg 200w\" sizes=\"auto, (max-width: 350px) 100vw, 350px\" \/><\/figure><\/div>\n\n\n\n<p>_<\/p>\n\n\n\n<div class=\"wp-block-media-text alignwide is-vertically-aligned-center\" style=\"grid-template-columns:25% auto\"><figure class=\"wp-block-media-text__media\"><img loading=\"lazy\" decoding=\"async\" width=\"403\" height=\"600\" src=\"https:\/\/buechertanz.de\/wp-content\/uploads\/2023\/08\/52-Gut-Erlensee-Marillas-Schicksal-.jpeg\" alt=\"\" class=\"wp-image-5632 size-full\" srcset=\"https:\/\/buechertanz.de\/wp-content\/uploads\/2023\/08\/52-Gut-Erlensee-Marillas-Schicksal-.jpeg 403w, https:\/\/buechertanz.de\/wp-content\/uploads\/2023\/08\/52-Gut-Erlensee-Marillas-Schicksal--202x300.jpeg 202w\" sizes=\"auto, (max-width: 403px) 100vw, 403px\" \/><\/figure><div class=\"wp-block-media-text__content\">\n<ul class=\"wp-block-list\">\n<li class=\"has-small-font-size\">Und auch das n\u00e4chste Buch bedeutete, Abschied von einer wunderbaren Buchreihe zu nehmen: <strong><em><a href=\"https:\/\/buechertanz.de\/?p=5674\" target=\"_blank\" rel=\"noreferrer noopener\">&#8222;Gut Erlensee &#8211; Marillas Schicksal&#8220;<\/a> <\/em><\/strong>von Juliana Weinberg.<br>Dieser dritte und abschlie\u00dfende Band hat nochmal eine ganz eigene und sehr emotionale Grundstimmung. Eine G\u00e4nsehaut jagte die n\u00e4chste, die Tr\u00e4nen standen mir in den Augen &#8230; und ich wollte Marilla oft einfach nur ganz fest in den Arm nehmen.<br>Schweren Herzens hie\u00df es nach der letzten Seite Abschied zu nehmen von der turbulenten Familie Lamprecht und all den liebgewonnenen Charakteren.<\/li>\n<\/ul>\n<\/div><\/div>\n\n\n\n<p>_<\/p>\n\n\n\n<div class=\"wp-block-media-text alignwide has-media-on-the-right is-vertically-aligned-center\" style=\"grid-template-columns:auto 25%\"><div class=\"wp-block-media-text__content\">\n<ul class=\"wp-block-list\">\n<li class=\"has-small-font-size\">Der Monat August 2023 brachte eine Neuerscheinung von einer Autorin, welche mich zur Leserin historischer Romane gemacht hat. <em><strong>&#8222;Die Magd des Medicus&#8220; <\/strong><\/em>von Astrid Fritz. Diese Neuerscheinung musste ich einfach direkt lesen.<br>Es ist eine Geschichte, in der ich sofort angekommen und v\u00f6llig drin versunken bin. Die Charaktere sind sehr fein gezeichnet und ich habe sie nur sehr ungern wieder gehen lassen.<br>Der bildgewaltige und mitrei\u00dfende Sprachstil der Autorin hat mich das Buch nur ungern aus den H\u00e4nden legen lassen.<br>Auch bei diesem Buch merkt man, wie gr\u00fcndlich Astrid Fritz f\u00fcr ihre Romane recherchiert.<br>Zum Ende hin gab es mir in der Handlung allerdings einen etwas zu gro\u00dfen Zufall, trotzdem empfehle ich euch diesen historischen Schm\u00f6ker gerne weiter.<\/li>\n<\/ul>\n<\/div><figure class=\"wp-block-media-text__media\"><img loading=\"lazy\" decoding=\"async\" width=\"200\" height=\"304\" src=\"https:\/\/buechertanz.de\/wp-content\/uploads\/2023\/08\/53-Die-Magd-des-Medicus.jpeg\" alt=\"\" class=\"wp-image-5723 size-full\" srcset=\"https:\/\/buechertanz.de\/wp-content\/uploads\/2023\/08\/53-Die-Magd-des-Medicus.jpeg 200w, https:\/\/buechertanz.de\/wp-content\/uploads\/2023\/08\/53-Die-Magd-des-Medicus-197x300.jpeg 197w\" sizes=\"auto, (max-width: 200px) 100vw, 200px\" \/><\/figure><\/div>\n\n\n\n<p>_<\/p>\n\n\n\n<div class=\"wp-block-media-text alignwide is-vertically-aligned-center\" style=\"grid-template-columns:25% auto\"><figure class=\"wp-block-media-text__media\"><img loading=\"lazy\" decoding=\"async\" width=\"350\" height=\"550\" src=\"https:\/\/buechertanz.de\/wp-content\/uploads\/2023\/08\/54-Die-Reporterin-Worte-der-Wahrheit.jpg\" alt=\"\" class=\"wp-image-5725 size-full\" srcset=\"https:\/\/buechertanz.de\/wp-content\/uploads\/2023\/08\/54-Die-Reporterin-Worte-der-Wahrheit.jpg 350w, https:\/\/buechertanz.de\/wp-content\/uploads\/2023\/08\/54-Die-Reporterin-Worte-der-Wahrheit-191x300.jpg 191w\" sizes=\"auto, (max-width: 350px) 100vw, 350px\" \/><\/figure><div class=\"wp-block-media-text__content\">\n<ul class=\"wp-block-list\">\n<li class=\"has-small-font-size\">Ein weiterer Reihen-Abschluss folgte mit<a href=\"https:\/\/buechertanz.de\/?p=5730\" target=\"_blank\" rel=\"noreferrer noopener\"> <strong><em>&#8222;Die Reporterin &#8211; Worte der Wahrheit&#8220;<\/em><\/strong><\/a><strong><em> <\/em><\/strong>von Teresa Simon.<br>Mir hat der Auftakt &#8222;Die Reporterin &#8211; Zwischen den Zeilen&#8220; schon richtig gut gefallen &#8211; mit diesem mitrei\u00dfenden zweiten Teil hat sich Teresa Simon selbst \u00fcbertroffen.<br>Ich kam Malou noch einmal sehr viel n\u00e4her, litt und fieberte mit ihr mit. Wieder lernte ich durch sie und ihre interessanten Interviews Stars &#8218;hautnah&#8216; kennen, von denen mir viele seit Kindheitstagen ein Begriff sind.<br>Ein wunderbarer Roman, der mit viel Zeitkolorit in die wilden 1960er entf\u00fchrt. Absolut empfehlenswert.<\/li>\n<\/ul>\n<\/div><\/div>\n\n\n\n<p>_<\/p>\n\n\n\n<div class=\"wp-block-media-text alignwide has-media-on-the-right is-vertically-aligned-center\" style=\"grid-template-columns:auto 25%\"><div class=\"wp-block-media-text__content\">\n<ul class=\"wp-block-list\">\n<li class=\"has-small-font-size\">Ein Monat der Abschiede. Denn auch das n\u00e4chste gelesene Buch bedeutete einen Abschied von einer Buchreihe:<br><strong><em>&#8222;Das Kaufhaus &#8211; Zeit des Wandels&#8220; <\/em><\/strong>von Susanne von Berg ist ein packendes und emotionales Finale, innerhalb weniger Tage waren die 349 Seiten weggelesen.<br>Aber: Ich bin der Meinung, dass die Geschichte noch weiter erz\u00e4hlt werden k\u00f6nnte, f\u00fcr einen vierten Band w\u00e4re definitiv noch gen\u00fcgend Stoff da. <\/li>\n<\/ul>\n<\/div><figure class=\"wp-block-media-text__media\"><img loading=\"lazy\" decoding=\"async\" width=\"392\" height=\"599\" src=\"https:\/\/buechertanz.de\/wp-content\/uploads\/2023\/08\/55-Das-Kaufhaus-Zeit-des-Wandels.jpeg\" alt=\"\" class=\"wp-image-5758 size-full\" srcset=\"https:\/\/buechertanz.de\/wp-content\/uploads\/2023\/08\/55-Das-Kaufhaus-Zeit-des-Wandels.jpeg 392w, https:\/\/buechertanz.de\/wp-content\/uploads\/2023\/08\/55-Das-Kaufhaus-Zeit-des-Wandels-196x300.jpeg 196w\" sizes=\"auto, (max-width: 392px) 100vw, 392px\" \/><\/figure><\/div>\n\n\n\n<p>_<\/p>\n\n\n\n<div class=\"wp-block-media-text alignwide is-vertically-aligned-center\" style=\"grid-template-columns:25% auto\"><figure class=\"wp-block-media-text__media\"><img loading=\"lazy\" decoding=\"async\" width=\"350\" height=\"524\" src=\"https:\/\/buechertanz.de\/wp-content\/uploads\/2023\/08\/56-Die-Schwestern-vom-See-Neue-Wege.jpg\" alt=\"\" class=\"wp-image-5759 size-full\" srcset=\"https:\/\/buechertanz.de\/wp-content\/uploads\/2023\/08\/56-Die-Schwestern-vom-See-Neue-Wege.jpg 350w, https:\/\/buechertanz.de\/wp-content\/uploads\/2023\/08\/56-Die-Schwestern-vom-See-Neue-Wege-200x300.jpg 200w\" sizes=\"auto, (max-width: 350px) 100vw, 350px\" \/><\/figure><div class=\"wp-block-media-text__content\">\n<ul class=\"wp-block-list\">\n<li class=\"has-small-font-size\">Das n\u00e4chste Buch entf\u00fchrte mich an den Bodensee und damit an meinen absoluten Sehnsuchtsort: <strong><em><a href=\"https:\/\/buechertanz.de\/?p=5778\" target=\"_blank\" rel=\"noreferrer noopener\">&#8222;Die Schwestern vom See &#8211; Neue Wege&#8220;<\/a> <\/em><\/strong>von Lilli Beck. <br>Auch wenn ich den ersten Band der Reihe vor etwa einem Jahr gelesen habe, war ich wieder sehr schnell in der Geschichte angekommen und konnte mich auch wieder gut in die Gef\u00fchlswelt und die Hintergr\u00fcnde der vielen Figuren einf\u00fchlen und einfinden.<br>Eine sch\u00f6ne Geschichte und Fortsetzung, welche stellenweise doch sehr ans Herz geht und die ich unheimlich gerne gelesen habe. Ich freue mich auf den dritten Band der Reihe. <\/li>\n<\/ul>\n<\/div><\/div>\n\n\n\n<p>_<\/p>\n\n\n\n<div class=\"wp-block-media-text alignwide has-media-on-the-right is-vertically-aligned-center\" style=\"grid-template-columns:auto 25%\"><div class=\"wp-block-media-text__content\">\n<ul class=\"wp-block-list\">\n<li class=\"has-small-font-size\">Abgeschlossen habe ich meinen Lesemonat mit dem Buch <strong><em>&#8222;Die Buchverliebten&#8220; <\/em><\/strong>von Anja Baumheier.<br>Dieses Buch ist einfach unglaublich&#8230; Es sagt so so vieles \u00fcber den Zauber des Lesens und was B\u00fccher und Geschichten bewirken k\u00f6nnen. Auch wenn ich anfangs von den Zeitspr\u00fcngen etwas verwirrt war, ist hier eine Geschichte entstanden, die ich mit Sicherheit nicht mehr so schnell vergessen werde.<br>Ein absolut empfehlenswertes Buch f\u00fcr alle begeisterten und leidenschaftlichen Leser und Leserinnen. Einfach sch\u00f6n.<\/li>\n<\/ul>\n<\/div><figure class=\"wp-block-media-text__media\"><img loading=\"lazy\" decoding=\"async\" width=\"163\" height=\"266\" src=\"https:\/\/buechertanz.de\/wp-content\/uploads\/2023\/08\/57-Die-Buchverliebten.jpg\" alt=\"\" class=\"wp-image-5760 size-full\"\/><\/figure><\/div>\n\n\n\n<p>_<\/p>\n\n\n\n<p class=\"has-small-font-size\">Das war mein Lesemonat August 2023.<br>Ich bedanke mich bei der Autorin Juliana Weinberg, beim Penguin Verlag, beim Heyne Verlag und beim Blanvalet Verlag f\u00fcr die Bereitstellung und Zusendung der B\u00fccher als Rezensionsexemplare.<br>Und auch an alle Autorinnen und Autoren ein riesiges Dankesch\u00f6n f\u00fcr eure Geschichten.<\/p>\n\n\n\n<p class=\"has-small-font-size\">Liebe Gr\u00fc\u00dfe,<\/p>\n\n\n\n<figure class=\"wp-block-image size-large is-resized\"><img loading=\"lazy\" decoding=\"async\" width=\"1024\" height=\"404\" src=\"https:\/\/buechertanz.de\/wp-content\/uploads\/2023\/06\/Unterschrift-1024x404.jpg\" alt=\"\" class=\"wp-image-5276\" style=\"width:184px;height:73px\" srcset=\"https:\/\/buechertanz.de\/wp-content\/uploads\/2023\/06\/Unterschrift-1024x404.jpg 1024w, https:\/\/buechertanz.de\/wp-content\/uploads\/2023\/06\/Unterschrift-300x118.jpg 300w, https:\/\/buechertanz.de\/wp-content\/uploads\/2023\/06\/Unterschrift-768x303.jpg 768w, https:\/\/buechertanz.de\/wp-content\/uploads\/2023\/06\/Unterschrift.jpg 1500w\" sizes=\"auto, (max-width: 1024px) 100vw, 1024px\" \/><\/figure>\n","protected":false},"excerpt":{"rendered":"<p>Hier findet ihr die B\u00fccher, die ich im&nbsp;August 2023&nbsp;gelesen habe \u2013 insgesamt sind es&nbsp;acht B\u00fccher&nbsp;mit&nbsp;3.549 Seiten&nbsp;geworden. Es war ein sch\u00f6ner und abwechslungsreicher Lesemonat.Falls es ausf\u00fchrliche Rezensionen zu den B\u00fcchern gibt, findet ihr diese, wenn ihr auf den entsprechenden Buchtitel klickt. Viel Spa\u00df beim Schm\u00f6kern. Mein Lesemonat August 2023: Acht gelesene B\u00fccher mit insgesamt 3.549 Seiten &hellip; <a href=\"https:\/\/buechertanz.de\/?page_id=5807\" class=\"more-link\"><span class=\"screen-reader-text\">Gelesen August 2023<\/span> weiterlesen<\/a><\/p>\n","protected":false},"author":2,"featured_media":0,"parent":0,"menu_order":0,"comment_status":"open","ping_status":"closed","template":"","meta":{"footnotes":""},"class_list":["post-5807","page","type-page","status-publish","hentry"],"_links":{"self":[{"href":"https:\/\/buechertanz.de\/index.php?rest_route=\/wp\/v2\/pages\/5807","targetHints":{"allow":["GET"]}}],"collection":[{"href":"https:\/\/buechertanz.de\/index.php?rest_route=\/wp\/v2\/pages"}],"about":[{"href":"https:\/\/buechertanz.de\/index.php?rest_route=\/wp\/v2\/types\/page"}],"author":[{"embeddable":true,"href":"https:\/\/buechertanz.de\/index.php?rest_route=\/wp\/v2\/users\/2"}],"replies":[{"embeddable":true,"href":"https:\/\/buechertanz.de\/index.php?rest_route=%2Fwp%2Fv2%2Fcomments&post=5807"}],"version-history":[{"count":5,"href":"https:\/\/buechertanz.de\/index.php?rest_route=\/wp\/v2\/pages\/5807\/revisions"}],"predecessor-version":[{"id":6537,"href":"https:\/\/buechertanz.de\/index.php?rest_route=\/wp\/v2\/pages\/5807\/revisions\/6537"}],"wp:attachment":[{"href":"https:\/\/buechertanz.de\/index.php?rest_route=%2Fwp%2Fv2%2Fmedia&parent=5807"}],"curies":[{"name":"wp","href":"https:\/\/api.w.org\/{rel}","templated":true}]}}