{"id":6437,"date":"2023-11-29T21:09:10","date_gmt":"2023-11-29T20:09:10","guid":{"rendered":"https:\/\/buechertanz.de\/?page_id=6437"},"modified":"2023-12-30T21:19:54","modified_gmt":"2023-12-30T20:19:54","slug":"gelesen-november-2023","status":"publish","type":"page","link":"https:\/\/buechertanz.de\/?page_id=6437","title":{"rendered":"Gelesen November 2023"},"content":{"rendered":"\n<p class=\"has-drop-cap has-small-font-size\">Hier findet ihr die B\u00fccher, die ich im\u00a0<strong>November 2023\u00a0<\/strong>gelesen habe \u2013 insgesamt sind es\u00a0<strong>f\u00fcnf B\u00fccher\u00a0<\/strong>mit<strong>\u00a02.365 Seiten\u00a0<\/strong>geworden. Es war ein sch\u00f6ner und abwechslungsreicher Lesemonat, allerdings (f\u00fcr meine Verh\u00e4ltnisse) nicht ganz so \u00fcppig. Vier der f\u00fcnf B\u00fccher sind Rezensionsexemplare \u2013 meine ausf\u00fchrlichen Rezensionen findet ihr, wenn ihr auf den entsprechenden Buchtitel klickt.<br>Viel Spa\u00df beim Schm\u00f6kern.<\/p>\n\n\n\n<p>_<\/p>\n\n\n<div class=\"wp-block-image is-style-default\">\n<figure class=\"aligncenter size-full is-resized\"><img loading=\"lazy\" decoding=\"async\" width=\"510\" height=\"509\" src=\"https:\/\/buechertanz.de\/wp-content\/uploads\/2023\/11\/20231130_093907.jpg\" alt=\"\" class=\"wp-image-6480\" style=\"width:364px;height:auto\" srcset=\"https:\/\/buechertanz.de\/wp-content\/uploads\/2023\/11\/20231130_093907.jpg 510w, https:\/\/buechertanz.de\/wp-content\/uploads\/2023\/11\/20231130_093907-300x300.jpg 300w, https:\/\/buechertanz.de\/wp-content\/uploads\/2023\/11\/20231130_093907-150x150.jpg 150w\" sizes=\"auto, (max-width: 510px) 100vw, 510px\" \/><\/figure><\/div>\n\n\n<p class=\"has-text-align-center\" style=\"font-size:11px\"><em>Mein Lesemonat November 2023:<\/em> F\u00fcnf B\u00fccher mit insgesamt 2.365 Seiten<\/p>\n\n\n\n<p>_<\/p>\n\n\n\n<div class=\"wp-block-media-text is-vertically-aligned-center\" style=\"grid-template-columns:25% auto\"><figure class=\"wp-block-media-text__media\"><img loading=\"lazy\" decoding=\"async\" width=\"281\" height=\"445\" src=\"https:\/\/buechertanz.de\/wp-content\/uploads\/2023\/11\/69-Traeume-aus-Licht.jpg\" alt=\"\" class=\"wp-image-6251 size-full\" srcset=\"https:\/\/buechertanz.de\/wp-content\/uploads\/2023\/11\/69-Traeume-aus-Licht.jpg 281w, https:\/\/buechertanz.de\/wp-content\/uploads\/2023\/11\/69-Traeume-aus-Licht-189x300.jpg 189w\" sizes=\"auto, (max-width: 281px) 100vw, 281px\" \/><\/figure><div class=\"wp-block-media-text__content\">\n<ul class=\"wp-block-list\">\n<li class=\"has-small-font-size\">Den Anfang machte das Buch <em><strong>&#8222;Tr\u00e4ume aus Licht&#8220;<\/strong><\/em> von Isabel Roderick, welches ich mir Ende Oktober 2023 spontan gekauft habe.<br>Es ist nun fast vier Wochen her, seit ich dieses Buch gelesen habe, vier weitere B\u00fccher liegen zwischen mir und dieser Geschichte. Und trotzdem ist mir &#8222;Tr\u00e4ume aus Licht&#8220; so im Kopf und im Herzen geblieben.<br>Was ist dieses Buch f\u00fcr eine gelungene, emotionale und wunderbare Unterhaltung. Einfach &#8230; Perfekt. Ich zitterte, fieberte und weinte mit&#8230; konnte stellenweise einfach nicht mehr aufh\u00f6ren zu lesen.<br>Ein Highlight. Unbedingt&#8230; aber wirklich unbedingt lesen!<\/li>\n<\/ul>\n<\/div><\/div>\n\n\n\n<p>_<\/p>\n\n\n\n<div class=\"wp-block-media-text has-media-on-the-right is-vertically-aligned-center\" style=\"grid-template-columns:auto 25%\"><div class=\"wp-block-media-text__content\">\n<ul class=\"wp-block-list\">\n<li class=\"has-small-font-size\">Der November 2023 brachte die lang ersehnte Neuerscheinung von Anne Stern: <strong><em><a href=\"https:\/\/buechertanz.de\/?p=6272\" target=\"_blank\" rel=\"noreferrer noopener\">&#8222;Lindy Girls&#8220;<\/a><\/em><\/strong>. <br>Seit ich im April 2023 dieses wundersch\u00f6ne Cover gesehen habe, freute ich mich auf die Geschichte.<br>Und die Vorfreude hat sich gelohnt: \u201eLindy Girls\u201c ist ein Roman, welcher voller Leben und Musik, Leichtigkeit aber auch Tragik ist. Mir hat das Lesen viel Freude bereitet, es gab aber auch Momente, bei denen ich schlucken musste.<br>Mit ihren facettenreichen Charakteren und ihrer bildhaften und vor allem poetischen Sprache hat mich Anne Stern wieder auf eine unvergessliche, musikalische und t\u00e4nzerische Zeitreise genommen. Sehr lesenswert. <br><\/li>\n<\/ul>\n<\/div><figure class=\"wp-block-media-text__media\"><img loading=\"lazy\" decoding=\"async\" width=\"654\" height=\"1000\" src=\"https:\/\/buechertanz.de\/wp-content\/uploads\/2023\/11\/70-Lindy-Girls.jpg\" alt=\"\" class=\"wp-image-6267 size-full\" srcset=\"https:\/\/buechertanz.de\/wp-content\/uploads\/2023\/11\/70-Lindy-Girls.jpg 654w, https:\/\/buechertanz.de\/wp-content\/uploads\/2023\/11\/70-Lindy-Girls-196x300.jpg 196w\" sizes=\"auto, (max-width: 654px) 100vw, 654px\" \/><\/figure><\/div>\n\n\n\n<p>_<\/p>\n\n\n\n<div class=\"wp-block-media-text is-vertically-aligned-center\" style=\"grid-template-columns:25% auto\"><figure class=\"wp-block-media-text__media\"><img loading=\"lazy\" decoding=\"async\" width=\"350\" height=\"534\" src=\"https:\/\/buechertanz.de\/wp-content\/uploads\/2023\/11\/71-Dallmayr-Das-Erbe-einer-Dynastie_.jpg\" alt=\"\" class=\"wp-image-6314 size-full\" srcset=\"https:\/\/buechertanz.de\/wp-content\/uploads\/2023\/11\/71-Dallmayr-Das-Erbe-einer-Dynastie_.jpg 350w, https:\/\/buechertanz.de\/wp-content\/uploads\/2023\/11\/71-Dallmayr-Das-Erbe-einer-Dynastie_-197x300.jpg 197w\" sizes=\"auto, (max-width: 350px) 100vw, 350px\" \/><\/figure><div class=\"wp-block-media-text__content\">\n<ul class=\"wp-block-list\">\n<li class=\"has-small-font-size\">Mit dem Buch <strong><em><a href=\"https:\/\/buechertanz.de\/?p=6313\" target=\"_blank\" rel=\"noreferrer noopener\">&#8222;Dallmayr &#8211; Das Erbe einer Dynastie&#8220;<\/a><\/em><\/strong> von Lisa Graf liegt nun der finale Band dieser wunderbaren Reihe vor. <br>Ich habe Therese, die Hauptfigur des ersten und zweiten Bands, zu Beginn des dritten Bandes wirklich sehr vermisst.<br>Trotzdem erz\u00e4hlt auch dieser Band eine spannende und mitrei\u00dfende Geschichte \u2013 voller W\u00e4rme, Hoffnung und Genuss, aber auch mit viel Tragik und vielen Abschieden.<br>Ich habe jede einzelne der fast 500 Seiten genossen und stelle das Buch sehr zufrieden ins Regal. Gro\u00dfe Leseempfehlung.<\/li>\n<\/ul>\n<\/div><\/div>\n\n\n\n<p>_<\/p>\n\n\n\n<div class=\"wp-block-media-text has-media-on-the-right is-vertically-aligned-center\" style=\"grid-template-columns:auto 25%\"><div class=\"wp-block-media-text__content\">\n<ul class=\"wp-block-list\">\n<li class=\"has-small-font-size\">Weiter ging es mit dem Buch <strong><em><a href=\"https:\/\/buechertanz.de\/?p=6355\" target=\"_blank\" rel=\"noreferrer noopener\">&#8222;Der Eispalast&#8220;<\/a><\/em><\/strong> von Rena Rosenthal, welches den Auftakt einer neuen Buchreihe bildet. <br>Es ist eine so kraftvolle und wundersch\u00f6ne Geschichte, welche ich mit Sicherheit noch lange in meinem Herzen tragen werde.<br>Dadurch, dass die vielen unterschiedlichen und interessanten Figuren aus ihrer direkten Perspektive erz\u00e4hlen, entsteht eine ganz eigene und dichte Atmosph\u00e4re, in der ich mich ab der ersten Seite wohl gef\u00fchlt habe.<br>Dieses Buch empfehle ich euch sehr gerne weiter.<\/li>\n<\/ul>\n<\/div><figure class=\"wp-block-media-text__media\"><img loading=\"lazy\" decoding=\"async\" width=\"350\" height=\"524\" src=\"https:\/\/buechertanz.de\/wp-content\/uploads\/2023\/11\/72-Der-Eispalast.jpg\" alt=\"\" class=\"wp-image-6340 size-full\" srcset=\"https:\/\/buechertanz.de\/wp-content\/uploads\/2023\/11\/72-Der-Eispalast.jpg 350w, https:\/\/buechertanz.de\/wp-content\/uploads\/2023\/11\/72-Der-Eispalast-200x300.jpg 200w\" sizes=\"auto, (max-width: 350px) 100vw, 350px\" \/><\/figure><\/div>\n\n\n\n<p>_<\/p>\n\n\n\n<div class=\"wp-block-media-text is-vertically-aligned-center\" style=\"grid-template-columns:25% auto\"><figure class=\"wp-block-media-text__media\"><img loading=\"lazy\" decoding=\"async\" width=\"286\" height=\"445\" src=\"https:\/\/buechertanz.de\/wp-content\/uploads\/2023\/11\/73-Der-Buchmaler-von-Zuerich.jpg\" alt=\"\" class=\"wp-image-6383 size-full\" srcset=\"https:\/\/buechertanz.de\/wp-content\/uploads\/2023\/11\/73-Der-Buchmaler-von-Zuerich.jpg 286w, https:\/\/buechertanz.de\/wp-content\/uploads\/2023\/11\/73-Der-Buchmaler-von-Zuerich-193x300.jpg 193w\" sizes=\"auto, (max-width: 286px) 100vw, 286px\" \/><\/figure><div class=\"wp-block-media-text__content\">\n<ul class=\"wp-block-list\">\n<li class=\"has-small-font-size\">Dieses kleinen aber feinen Lesemonat schloss ich dann mit einem weiteren Highlight: <strong><em><a href=\"https:\/\/buechertanz.de\/?p=6396\" target=\"_blank\" rel=\"noreferrer noopener\">&#8222;Der Buchmaler von Z\u00fcrich&#8220;<\/a> <\/em><\/strong>von Erika Weigele.<br>Diese mitrei\u00dfende Geschichte hat mir au\u00dferordentlich gut gefallen. Ab der ersten Seite baut sich ein Spannungsbogen auf, der bis zur letzten Seite anh\u00e4lt.<br>Es waren lese-intensive Tage und N\u00e4chte, in denen ich mir oft sagte: \u201eNur noch dieses eine Kapitel\u2026\u201c Dabei blieb es selten.<br>Gro\u00dfartige Unterhaltung, die mit authentischen Charakteren besticht und wunderbar erz\u00e4hlt ist. Lohnt sich! Gro\u00dfe Leseempfehlung.<\/li>\n<\/ul>\n<\/div><\/div>\n\n\n\n<p>_<\/p>\n\n\n\n<p class=\"has-small-font-size\">Herzlichen Dank an die Aufbau Verlage, den Penguin Verlag und an die Autorin Erika Weigele f\u00fcr die Zusendung und Bereitstellung der B\u00fccher als Rezensionsexemplare.<br>Ich hatte mit diesen B\u00fcchern, die alle meinen Geschmack zu hundert Prozent getroffen haben,  wunderbare, mitrei\u00dfende und lehrreiche Lesestunden. Danke daf\u00fcr.<\/p>\n\n\n\n<p class=\"has-small-font-size\">Liebe Gr\u00fc\u00dfe,<\/p>\n\n\n\n<figure class=\"wp-block-image size-large is-resized\"><img loading=\"lazy\" decoding=\"async\" width=\"1024\" height=\"404\" src=\"https:\/\/buechertanz.de\/wp-content\/uploads\/2023\/06\/Unterschrift-1024x404.jpg\" alt=\"\" class=\"wp-image-5276\" style=\"width:185px;height:auto\" srcset=\"https:\/\/buechertanz.de\/wp-content\/uploads\/2023\/06\/Unterschrift-1024x404.jpg 1024w, https:\/\/buechertanz.de\/wp-content\/uploads\/2023\/06\/Unterschrift-300x118.jpg 300w, https:\/\/buechertanz.de\/wp-content\/uploads\/2023\/06\/Unterschrift-768x303.jpg 768w, https:\/\/buechertanz.de\/wp-content\/uploads\/2023\/06\/Unterschrift.jpg 1500w\" sizes=\"auto, (max-width: 1024px) 100vw, 1024px\" \/><\/figure>\n","protected":false},"excerpt":{"rendered":"<p>Hier findet ihr die B\u00fccher, die ich im\u00a0November 2023\u00a0gelesen habe \u2013 insgesamt sind es\u00a0f\u00fcnf B\u00fccher\u00a0mit\u00a02.365 Seiten\u00a0geworden. Es war ein sch\u00f6ner und abwechslungsreicher Lesemonat, allerdings (f\u00fcr meine Verh\u00e4ltnisse) nicht ganz so \u00fcppig. Vier der f\u00fcnf B\u00fccher sind Rezensionsexemplare \u2013 meine ausf\u00fchrlichen Rezensionen findet ihr, wenn ihr auf den entsprechenden Buchtitel klickt.Viel Spa\u00df beim Schm\u00f6kern. _ Mein &hellip; <a href=\"https:\/\/buechertanz.de\/?page_id=6437\" class=\"more-link\"><span class=\"screen-reader-text\">Gelesen November 2023<\/span> weiterlesen<\/a><\/p>\n","protected":false},"author":2,"featured_media":0,"parent":0,"menu_order":0,"comment_status":"open","ping_status":"closed","template":"","meta":{"footnotes":""},"class_list":["post-6437","page","type-page","status-publish","hentry"],"_links":{"self":[{"href":"https:\/\/buechertanz.de\/index.php?rest_route=\/wp\/v2\/pages\/6437","targetHints":{"allow":["GET"]}}],"collection":[{"href":"https:\/\/buechertanz.de\/index.php?rest_route=\/wp\/v2\/pages"}],"about":[{"href":"https:\/\/buechertanz.de\/index.php?rest_route=\/wp\/v2\/types\/page"}],"author":[{"embeddable":true,"href":"https:\/\/buechertanz.de\/index.php?rest_route=\/wp\/v2\/users\/2"}],"replies":[{"embeddable":true,"href":"https:\/\/buechertanz.de\/index.php?rest_route=%2Fwp%2Fv2%2Fcomments&post=6437"}],"version-history":[{"count":8,"href":"https:\/\/buechertanz.de\/index.php?rest_route=\/wp\/v2\/pages\/6437\/revisions"}],"predecessor-version":[{"id":6687,"href":"https:\/\/buechertanz.de\/index.php?rest_route=\/wp\/v2\/pages\/6437\/revisions\/6687"}],"wp:attachment":[{"href":"https:\/\/buechertanz.de\/index.php?rest_route=%2Fwp%2Fv2%2Fmedia&parent=6437"}],"curies":[{"name":"wp","href":"https:\/\/api.w.org\/{rel}","templated":true}]}}