{"id":7078,"date":"2024-03-30T21:47:56","date_gmt":"2024-03-30T20:47:56","guid":{"rendered":"https:\/\/buechertanz.de\/?page_id=7078"},"modified":"2024-04-14T13:55:06","modified_gmt":"2024-04-14T12:55:06","slug":"neuzugaenge-maerz-2024","status":"publish","type":"page","link":"https:\/\/buechertanz.de\/?page_id=7078","title":{"rendered":"Neuzug\u00e4nge M\u00e4rz 2024"},"content":{"rendered":"\n<p class=\"has-drop-cap has-small-font-size\">Im&nbsp;<strong>M\u00e4rz 2024<\/strong>&nbsp;sind insgesamt&nbsp;<strong>13 B\u00fccher&nbsp;<\/strong>hier eingezogen:<br>F\u00fcnf Rezensionsexemplare, sieben neue B\u00fccher und ein Buch aus dem \u00f6ffentlichen B\u00fccherschrank \u2013 zu den ausf\u00fchrlichen Rezensionen gelangt ihr mit einem Klick auf den Titel.<br>Viel Spa\u00df beim St\u00f6bern!<\/p>\n\n\n<div class=\"wp-block-image\">\n<figure class=\"aligncenter size-full is-resized\"><img loading=\"lazy\" decoding=\"async\" width=\"750\" height=\"748\" src=\"https:\/\/buechertanz.de\/wp-content\/uploads\/2024\/03\/03-Maerz-gesamt_komp.jpg\" alt=\"\" class=\"wp-image-7090\" style=\"width:538px;height:auto\" srcset=\"https:\/\/buechertanz.de\/wp-content\/uploads\/2024\/03\/03-Maerz-gesamt_komp.jpg 750w, https:\/\/buechertanz.de\/wp-content\/uploads\/2024\/03\/03-Maerz-gesamt_komp-300x300.jpg 300w, https:\/\/buechertanz.de\/wp-content\/uploads\/2024\/03\/03-Maerz-gesamt_komp-150x150.jpg 150w\" sizes=\"auto, (max-width: 750px) 100vw, 750px\" \/><\/figure><\/div>\n\n\n<p class=\"has-text-align-center\" style=\"font-size:11px\"><em>Meine neuen Seitlinge<\/em> vom M\u00e4rz 2024<\/p>\n\n\n\n<p>_<\/p>\n\n\n\n<div class=\"wp-block-media-text is-vertically-aligned-center\"><figure class=\"wp-block-media-text__media\"><img loading=\"lazy\" decoding=\"async\" width=\"780\" height=\"778\" src=\"https:\/\/buechertanz.de\/wp-content\/uploads\/2024\/03\/03-Maerz-Rezensionsexemplare_komp.jpg\" alt=\"\" class=\"wp-image-7092 size-full\" srcset=\"https:\/\/buechertanz.de\/wp-content\/uploads\/2024\/03\/03-Maerz-Rezensionsexemplare_komp.jpg 780w, https:\/\/buechertanz.de\/wp-content\/uploads\/2024\/03\/03-Maerz-Rezensionsexemplare_komp-300x300.jpg 300w, https:\/\/buechertanz.de\/wp-content\/uploads\/2024\/03\/03-Maerz-Rezensionsexemplare_komp-150x150.jpg 150w, https:\/\/buechertanz.de\/wp-content\/uploads\/2024\/03\/03-Maerz-Rezensionsexemplare_komp-768x766.jpg 768w\" sizes=\"auto, (max-width: 780px) 100vw, 780px\" \/><\/figure><div class=\"wp-block-media-text__content\">\n<p class=\"has-drop-cap has-small-font-size\"><strong>Rezensionsexemplare: <\/strong><\/p>\n\n\n\n<p><\/p>\n\n\n\n<ul class=\"wp-block-list\">\n<li class=\"has-small-font-size\">Julia Kr\u00f6hn: <strong><em><a href=\"https:\/\/buechertanz.de\/?p=7067\" target=\"_blank\" rel=\"noreferrer noopener\">&#8222;Der Pakt der Frauen&#8220;<\/a><\/em><\/strong><\/li>\n\n\n\n<li class=\"has-small-font-size\">Anne Stern: <strong><em><a href=\"https:\/\/buechertanz.de\/?p=6995\" target=\"_blank\" rel=\"noreferrer noopener\">&#8222;Das Opernhaus &#8211; Rot das Feuer&#8220;<\/a><\/em><\/strong><\/li>\n\n\n\n<li class=\"has-small-font-size\">Sonja Roos: <strong><em><a href=\"https:\/\/buechertanz.de\/?p=7020\" target=\"_blank\" rel=\"noreferrer noopener\">&#8222;Eine grenzenlose Welt &#8211; Aufbruch&#8220;<\/a><\/em><\/strong><\/li>\n\n\n\n<li class=\"has-small-font-size\">Silke Elzner: <strong><em><a href=\"https:\/\/buechertanz.de\/?p=7048\" target=\"_blank\" rel=\"noreferrer noopener\">&#8222;Das Verm\u00e4chtnis der Agnes Bernauer&#8220;<\/a><\/em><\/strong><\/li>\n\n\n\n<li class=\"has-small-font-size\">Bettina Pecha: <strong><em><a href=\"https:\/\/buechertanz.de\/?p=7108\" target=\"_blank\" rel=\"noreferrer noopener\">&#8222;Die Zeit der Hoffnung&#8220;<\/a><\/em><\/strong><\/li>\n<\/ul>\n<\/div><\/div>\n\n\n\n<p>_<\/p>\n\n\n\n<div class=\"wp-block-media-text has-media-on-the-right is-vertically-aligned-center\"><div class=\"wp-block-media-text__content\">\n<p class=\"has-drop-cap has-small-font-size\"><strong>Neue B\u00fccher: <\/strong><\/p>\n\n\n\n<p><\/p>\n\n\n\n<ul class=\"wp-block-list\">\n<li class=\"has-small-font-size\">Barbara Leciejewski: <strong><em>&#8222;F\u00fcr immer, dein August&#8220;<\/em><\/strong><\/li>\n\n\n\n<li class=\"has-small-font-size\">Ewald Arenz: <strong><em>&#8222;Der Duft von Schokolade&#8220;<\/em><\/strong><\/li>\n\n\n\n<li class=\"has-small-font-size\">Julie Heiland: <strong><em>&#8222;Schicksalsjahre &#8211; Die Frauen vom Neumarkt&#8220;<\/em><\/strong><\/li>\n\n\n\n<li class=\"has-small-font-size\">Minette Walters: <strong><em>&#8222;In der Mitte der Nacht&#8220;<\/em><\/strong><\/li>\n\n\n\n<li class=\"has-small-font-size\">Michael Kumpfm\u00fcller: <strong><em>&#8222;Die Herrlichkeit des Lebens&#8220;<\/em><\/strong><\/li>\n\n\n\n<li class=\"has-small-font-size\">Ellin Carsta: <strong><em>&#8222;Der Aufbruch der Geschwister&#8220;<\/em><\/strong><\/li>\n\n\n\n<li class=\"has-small-font-size\">Zach ~ Bauer: <strong>&#8222;Das Reich der zwei Kreuze&#8220;<\/strong><\/li>\n<\/ul>\n<\/div><figure class=\"wp-block-media-text__media\"><img loading=\"lazy\" decoding=\"async\" width=\"840\" height=\"838\" src=\"https:\/\/buechertanz.de\/wp-content\/uploads\/2024\/03\/03-Maerz-Neue-Buecher_komp.jpg\" alt=\"\" class=\"wp-image-7093 size-full\" srcset=\"https:\/\/buechertanz.de\/wp-content\/uploads\/2024\/03\/03-Maerz-Neue-Buecher_komp.jpg 840w, https:\/\/buechertanz.de\/wp-content\/uploads\/2024\/03\/03-Maerz-Neue-Buecher_komp-300x300.jpg 300w, https:\/\/buechertanz.de\/wp-content\/uploads\/2024\/03\/03-Maerz-Neue-Buecher_komp-150x150.jpg 150w, https:\/\/buechertanz.de\/wp-content\/uploads\/2024\/03\/03-Maerz-Neue-Buecher_komp-768x766.jpg 768w\" sizes=\"auto, (max-width: 840px) 100vw, 840px\" \/><\/figure><\/div>\n\n\n\n<p>_<\/p>\n\n\n\n<div class=\"wp-block-media-text\"><figure class=\"wp-block-media-text__media\"><img loading=\"lazy\" decoding=\"async\" width=\"840\" height=\"838\" src=\"https:\/\/buechertanz.de\/wp-content\/uploads\/2024\/03\/03-Maerz-Buecherschrank_komp.jpg\" alt=\"\" class=\"wp-image-7094 size-full\" srcset=\"https:\/\/buechertanz.de\/wp-content\/uploads\/2024\/03\/03-Maerz-Buecherschrank_komp.jpg 840w, https:\/\/buechertanz.de\/wp-content\/uploads\/2024\/03\/03-Maerz-Buecherschrank_komp-300x300.jpg 300w, https:\/\/buechertanz.de\/wp-content\/uploads\/2024\/03\/03-Maerz-Buecherschrank_komp-150x150.jpg 150w, https:\/\/buechertanz.de\/wp-content\/uploads\/2024\/03\/03-Maerz-Buecherschrank_komp-768x766.jpg 768w\" sizes=\"auto, (max-width: 840px) 100vw, 840px\" \/><\/figure><div class=\"wp-block-media-text__content\">\n<p class=\"has-drop-cap has-small-font-size\"><strong>\u00d6ffentlicher B\u00fccherschrank:<\/strong><\/p>\n\n\n\n<p><\/p>\n\n\n\n<ul class=\"wp-block-list\">\n<li class=\"has-small-font-size\">Gerit Bertram: <strong><em>&#8222;Die Goldspinnerin&#8220;<\/em><\/strong><\/li>\n<\/ul>\n<\/div><\/div>\n\n\n\n<p>_<\/p>\n\n\n\n<p class=\"has-small-font-size\">Ich bedanke mich ganz herzlich beim Heyne Verlag, dem Goldmann Verlag, dem Rowohlt Verlag und den Autorinnen Silke Elzner und Bettina Pecha f\u00fcr die Zusendung und Bereitstellung der B\u00fccher als Rezensionsexemplare.<br>Auf viele meiner dreizehn Neuzug\u00e4nge darf ich mich noch freuen &#8211; einige sind bereits gelesen. <\/p>\n\n\n\n<p class=\"has-small-font-size\">Liebe Gr\u00fc\u00dfe, eure<\/p>\n\n\n\n<figure class=\"wp-block-image size-large is-resized\"><img loading=\"lazy\" decoding=\"async\" width=\"1024\" height=\"404\" src=\"https:\/\/buechertanz.de\/wp-content\/uploads\/2023\/06\/Unterschrift-1024x404.jpg\" alt=\"\" class=\"wp-image-5276\" style=\"width:186px;height:auto\" srcset=\"https:\/\/buechertanz.de\/wp-content\/uploads\/2023\/06\/Unterschrift-1024x404.jpg 1024w, https:\/\/buechertanz.de\/wp-content\/uploads\/2023\/06\/Unterschrift-300x118.jpg 300w, https:\/\/buechertanz.de\/wp-content\/uploads\/2023\/06\/Unterschrift-768x303.jpg 768w, https:\/\/buechertanz.de\/wp-content\/uploads\/2023\/06\/Unterschrift.jpg 1500w\" sizes=\"auto, (max-width: 1024px) 100vw, 1024px\" \/><\/figure>\n\n\n<div class=\"wp-block-image is-style-rounded\">\n<figure class=\"aligncenter size-full is-resized\"><img loading=\"lazy\" decoding=\"async\" width=\"264\" height=\"305\" src=\"https:\/\/buechertanz.de\/wp-content\/uploads\/2023\/06\/Blume.png\" alt=\"\" class=\"wp-image-5274\" style=\"width:100px;height:auto\" srcset=\"https:\/\/buechertanz.de\/wp-content\/uploads\/2023\/06\/Blume.png 264w, https:\/\/buechertanz.de\/wp-content\/uploads\/2023\/06\/Blume-260x300.png 260w\" sizes=\"auto, (max-width: 264px) 100vw, 264px\" \/><\/figure><\/div>","protected":false},"excerpt":{"rendered":"<p>Im&nbsp;M\u00e4rz 2024&nbsp;sind insgesamt&nbsp;13 B\u00fccher&nbsp;hier eingezogen:F\u00fcnf Rezensionsexemplare, sieben neue B\u00fccher und ein Buch aus dem \u00f6ffentlichen B\u00fccherschrank \u2013 zu den ausf\u00fchrlichen Rezensionen gelangt ihr mit einem Klick auf den Titel.Viel Spa\u00df beim St\u00f6bern! Meine neuen Seitlinge vom M\u00e4rz 2024 _ _ _ _ Ich bedanke mich ganz herzlich beim Heyne Verlag, dem Goldmann Verlag, dem Rowohlt &hellip; <a href=\"https:\/\/buechertanz.de\/?page_id=7078\" class=\"more-link\"><span class=\"screen-reader-text\">Neuzug\u00e4nge M\u00e4rz 2024<\/span> weiterlesen<\/a><\/p>\n","protected":false},"author":2,"featured_media":0,"parent":0,"menu_order":0,"comment_status":"open","ping_status":"closed","template":"","meta":{"footnotes":""},"class_list":["post-7078","page","type-page","status-publish","hentry"],"_links":{"self":[{"href":"https:\/\/buechertanz.de\/index.php?rest_route=\/wp\/v2\/pages\/7078","targetHints":{"allow":["GET"]}}],"collection":[{"href":"https:\/\/buechertanz.de\/index.php?rest_route=\/wp\/v2\/pages"}],"about":[{"href":"https:\/\/buechertanz.de\/index.php?rest_route=\/wp\/v2\/types\/page"}],"author":[{"embeddable":true,"href":"https:\/\/buechertanz.de\/index.php?rest_route=\/wp\/v2\/users\/2"}],"replies":[{"embeddable":true,"href":"https:\/\/buechertanz.de\/index.php?rest_route=%2Fwp%2Fv2%2Fcomments&post=7078"}],"version-history":[{"count":4,"href":"https:\/\/buechertanz.de\/index.php?rest_route=\/wp\/v2\/pages\/7078\/revisions"}],"predecessor-version":[{"id":7157,"href":"https:\/\/buechertanz.de\/index.php?rest_route=\/wp\/v2\/pages\/7078\/revisions\/7157"}],"wp:attachment":[{"href":"https:\/\/buechertanz.de\/index.php?rest_route=%2Fwp%2Fv2%2Fmedia&parent=7078"}],"curies":[{"name":"wp","href":"https:\/\/api.w.org\/{rel}","templated":true}]}}