{"id":7572,"date":"2024-07-30T08:58:21","date_gmt":"2024-07-30T07:58:21","guid":{"rendered":"https:\/\/buechertanz.de\/?page_id=7572"},"modified":"2024-10-01T07:03:31","modified_gmt":"2024-10-01T06:03:31","slug":"neuzugaenge-juli-2024","status":"publish","type":"page","link":"https:\/\/buechertanz.de\/?page_id=7572","title":{"rendered":"Neuzug\u00e4nge Juli 2024"},"content":{"rendered":"\n<p class=\"has-small-font-size\">Im&nbsp;<strong>Juli 2024<\/strong>&nbsp;sind insgesamt&nbsp;<strong>acht B\u00fccher&nbsp;<\/strong>hier eingezogen:<br>Darunter sind diese vier Rezensionsexemplare:&nbsp;<strong><em><a href=\"https:\/\/buechertanz.de\/?p=7495\" target=\"_blank\" rel=\"noreferrer noopener\">&#8222;Sommerfarben in der Stadt der Liebe&#8220;<\/a><\/em><\/strong> von Lily Martin (herzlichen Dank an den&nbsp;<em>Rowohlt Verlag<\/em>),&nbsp;<em><strong>&#8222;Rungholt&#8220;<\/strong><\/em>&nbsp;von Ann-Kathrin Wasle (herzlichen Dank an die Autorin), <em><strong><a href=\"https:\/\/buechertanz.de\/?p=7547\" target=\"_blank\" rel=\"noreferrer noopener\">&#8222;Die K\u00f6chin &#8211; S\u00fc\u00dfe Tage, bittere Stunden&#8220;<\/a>&nbsp;<\/strong><\/em>(herzlichen Dank an den <em>Blanvalet Verlag<\/em>) und <strong><em><a href=\"https:\/\/buechertanz.de\/?p=7646\" target=\"_blank\" rel=\"noreferrer noopener\">&#8222;Ein fast tadelloser Graf &#8211; Die Cosssin-Saga&#8220;<\/a><\/em><\/strong> von Kristina Herzog (herzlichen Dank an die Autorin).<br>Dazu kamen vier neue B\u00fccher (drei Prints und ein eBook). <br>Falls es schon ausf\u00fchrlichen Rezensionen gibt, gelangt ihr mit einem Klick auf den Titel dorthin. <br>Ich freue mich schon auf viele gem\u00fctliche Lesestunden.<br>Viel Spa\u00df beim St\u00f6bern, eure<\/p>\n\n\n\n<figure class=\"wp-block-image size-large is-resized\"><img loading=\"lazy\" decoding=\"async\" width=\"1024\" height=\"404\" src=\"https:\/\/buechertanz.de\/wp-content\/uploads\/2023\/06\/Unterschrift-1024x404.jpg\" alt=\"\" class=\"wp-image-5276\" style=\"width:142px;height:auto\" srcset=\"https:\/\/buechertanz.de\/wp-content\/uploads\/2023\/06\/Unterschrift-1024x404.jpg 1024w, https:\/\/buechertanz.de\/wp-content\/uploads\/2023\/06\/Unterschrift-300x118.jpg 300w, https:\/\/buechertanz.de\/wp-content\/uploads\/2023\/06\/Unterschrift-768x303.jpg 768w, https:\/\/buechertanz.de\/wp-content\/uploads\/2023\/06\/Unterschrift.jpg 1500w\" sizes=\"auto, (max-width: 1024px) 100vw, 1024px\" \/><\/figure>\n\n\n<div class=\"wp-block-image\">\n<figure class=\"aligncenter size-full is-resized\"><img loading=\"lazy\" decoding=\"async\" width=\"967\" height=\"962\" src=\"https:\/\/buechertanz.de\/wp-content\/uploads\/2024\/07\/07-Juli-Komplett_komp-1.jpg\" alt=\"\" class=\"wp-image-7605\" style=\"width:402px;height:auto\" srcset=\"https:\/\/buechertanz.de\/wp-content\/uploads\/2024\/07\/07-Juli-Komplett_komp-1.jpg 967w, https:\/\/buechertanz.de\/wp-content\/uploads\/2024\/07\/07-Juli-Komplett_komp-1-300x298.jpg 300w, https:\/\/buechertanz.de\/wp-content\/uploads\/2024\/07\/07-Juli-Komplett_komp-1-150x150.jpg 150w, https:\/\/buechertanz.de\/wp-content\/uploads\/2024\/07\/07-Juli-Komplett_komp-1-768x764.jpg 768w\" sizes=\"auto, (max-width: 967px) 100vw, 967px\" \/><\/figure><\/div>\n\n\n<p class=\"has-text-align-center\" style=\"font-size:11px\"><em>Meine neuen Seitlinge vom Juli 2024<\/em><\/p>\n\n\n\n<p>_<\/p>\n\n\n\n<div class=\"wp-block-media-text is-vertically-aligned-center\"><figure class=\"wp-block-media-text__media\"><img loading=\"lazy\" decoding=\"async\" width=\"851\" height=\"847\" src=\"https:\/\/buechertanz.de\/wp-content\/uploads\/2024\/07\/07-Juli-Rezensionsexemplare_komp-1.jpg\" alt=\"\" class=\"wp-image-7606 size-full\" srcset=\"https:\/\/buechertanz.de\/wp-content\/uploads\/2024\/07\/07-Juli-Rezensionsexemplare_komp-1.jpg 851w, https:\/\/buechertanz.de\/wp-content\/uploads\/2024\/07\/07-Juli-Rezensionsexemplare_komp-1-300x300.jpg 300w, https:\/\/buechertanz.de\/wp-content\/uploads\/2024\/07\/07-Juli-Rezensionsexemplare_komp-1-150x150.jpg 150w, https:\/\/buechertanz.de\/wp-content\/uploads\/2024\/07\/07-Juli-Rezensionsexemplare_komp-1-768x764.jpg 768w\" sizes=\"auto, (max-width: 851px) 100vw, 851px\" \/><\/figure><div class=\"wp-block-media-text__content\">\n<p class=\"has-drop-cap has-small-font-size\"><strong>Rezensionsexemplare:<\/strong><\/p>\n\n\n\n<p><\/p>\n\n\n\n<ul class=\"wp-block-list\">\n<li class=\"has-small-font-size\">Lily Martin: <strong><em><a href=\"https:\/\/buechertanz.de\/?p=7495\" target=\"_blank\" rel=\"noreferrer noopener\">&#8222;Sommerfarben in der Stadt der Liebe&#8220;<\/a><\/em><\/strong><\/li>\n\n\n\n<li class=\"has-small-font-size\">Ann-Kathrin Wasle: <strong><em><a href=\"https:\/\/buechertanz.de\/?p=7700\" target=\"_blank\" rel=\"noreferrer noopener\">&#8222;Rungholt&#8220;<\/a><\/em><\/strong><\/li>\n\n\n\n<li class=\"has-small-font-size\">Petra Durst-Benning: <strong><em><a href=\"https:\/\/buechertanz.de\/?p=7547\" target=\"_blank\" rel=\"noreferrer noopener\">&#8222;Die K\u00f6chin &#8211; S\u00fc\u00dfe Tage, bittere Stunden&#8220;<\/a><\/em><\/strong><\/li>\n\n\n\n<li class=\"has-small-font-size\">Kristina Herzog: <strong><em><a href=\"https:\/\/buechertanz.de\/?p=7646\" target=\"_blank\" rel=\"noreferrer noopener\">&#8222;Ein fast tadelloser Graf &#8211; Die Cossin-Saga&#8220;<\/a><\/em><\/strong><\/li>\n<\/ul>\n<\/div><\/div>\n\n\n\n<p>_<\/p>\n\n\n\n<div class=\"wp-block-media-text has-media-on-the-right is-vertically-aligned-center\"><div class=\"wp-block-media-text__content\">\n<p class=\"has-drop-cap has-small-font-size\"><strong>Neue B\u00fccher:<\/strong><\/p>\n\n\n\n<p><\/p>\n\n\n\n<ul class=\"wp-block-list\">\n<li class=\"has-small-font-size\">Elke Becker: <em><strong>&#8222;Das Haus K\u00f6lln &#8211; Wahres Gl\u00fcck&#8220;<\/strong><\/em><\/li>\n\n\n\n<li class=\"has-small-font-size\">Luise Bastin: <em><strong>&#8222;Die Bonbon-Saga &#8211; Wunder aus Karamell&#8220;<\/strong><\/em><\/li>\n\n\n\n<li class=\"has-small-font-size\">Anna Claire: <em><strong>&#8222;Die Gl\u00fccksfrauen &#8211; Die Kraft der B\u00fccher&#8220;<\/strong><\/em><\/li>\n\n\n\n<li class=\"has-small-font-size\">Silvia Hildebrandt: <em><strong>&#8222;Glasvulkan &#8211; Funken &amp; Flamme&#8220;<\/strong><\/em><\/li>\n<\/ul>\n<\/div><figure class=\"wp-block-media-text__media\"><img loading=\"lazy\" decoding=\"async\" width=\"793\" height=\"789\" src=\"https:\/\/buechertanz.de\/wp-content\/uploads\/2024\/07\/07-Juli-Neue-Buecher_komp.jpg\" alt=\"\" class=\"wp-image-7603 size-full\" srcset=\"https:\/\/buechertanz.de\/wp-content\/uploads\/2024\/07\/07-Juli-Neue-Buecher_komp.jpg 793w, https:\/\/buechertanz.de\/wp-content\/uploads\/2024\/07\/07-Juli-Neue-Buecher_komp-300x298.jpg 300w, https:\/\/buechertanz.de\/wp-content\/uploads\/2024\/07\/07-Juli-Neue-Buecher_komp-150x150.jpg 150w, https:\/\/buechertanz.de\/wp-content\/uploads\/2024\/07\/07-Juli-Neue-Buecher_komp-768x764.jpg 768w\" sizes=\"auto, (max-width: 793px) 100vw, 793px\" \/><\/figure><\/div>\n\n\n\n<p>_<\/p>\n","protected":false},"excerpt":{"rendered":"<p>Im&nbsp;Juli 2024&nbsp;sind insgesamt&nbsp;acht B\u00fccher&nbsp;hier eingezogen:Darunter sind diese vier Rezensionsexemplare:&nbsp;&#8222;Sommerfarben in der Stadt der Liebe&#8220; von Lily Martin (herzlichen Dank an den&nbsp;Rowohlt Verlag),&nbsp;&#8222;Rungholt&#8220;&nbsp;von Ann-Kathrin Wasle (herzlichen Dank an die Autorin), &#8222;Die K\u00f6chin &#8211; S\u00fc\u00dfe Tage, bittere Stunden&#8220;&nbsp;(herzlichen Dank an den Blanvalet Verlag) und &#8222;Ein fast tadelloser Graf &#8211; Die Cosssin-Saga&#8220; von Kristina Herzog (herzlichen Dank an &hellip; <a href=\"https:\/\/buechertanz.de\/?page_id=7572\" class=\"more-link\"><span class=\"screen-reader-text\">Neuzug\u00e4nge Juli 2024<\/span> weiterlesen<\/a><\/p>\n","protected":false},"author":2,"featured_media":0,"parent":0,"menu_order":0,"comment_status":"open","ping_status":"closed","template":"","meta":{"footnotes":""},"class_list":["post-7572","page","type-page","status-publish","hentry"],"_links":{"self":[{"href":"https:\/\/buechertanz.de\/index.php?rest_route=\/wp\/v2\/pages\/7572","targetHints":{"allow":["GET"]}}],"collection":[{"href":"https:\/\/buechertanz.de\/index.php?rest_route=\/wp\/v2\/pages"}],"about":[{"href":"https:\/\/buechertanz.de\/index.php?rest_route=\/wp\/v2\/types\/page"}],"author":[{"embeddable":true,"href":"https:\/\/buechertanz.de\/index.php?rest_route=\/wp\/v2\/users\/2"}],"replies":[{"embeddable":true,"href":"https:\/\/buechertanz.de\/index.php?rest_route=%2Fwp%2Fv2%2Fcomments&post=7572"}],"version-history":[{"count":7,"href":"https:\/\/buechertanz.de\/index.php?rest_route=\/wp\/v2\/pages\/7572\/revisions"}],"predecessor-version":[{"id":8019,"href":"https:\/\/buechertanz.de\/index.php?rest_route=\/wp\/v2\/pages\/7572\/revisions\/8019"}],"wp:attachment":[{"href":"https:\/\/buechertanz.de\/index.php?rest_route=%2Fwp%2Fv2%2Fmedia&parent=7572"}],"curies":[{"name":"wp","href":"https:\/\/api.w.org\/{rel}","templated":true}]}}