{"id":7573,"date":"2024-07-30T08:58:22","date_gmt":"2024-07-30T07:58:22","guid":{"rendered":"https:\/\/buechertanz.de\/?page_id=7573"},"modified":"2024-07-31T08:47:27","modified_gmt":"2024-07-31T07:47:27","slug":"gelesen-juli-2024","status":"publish","type":"page","link":"https:\/\/buechertanz.de\/?page_id=7573","title":{"rendered":"Gelesen Juli 2024"},"content":{"rendered":"\n<p class=\"has-drop-cap has-small-font-size\">Im Juli 2024 habe ich&nbsp;<strong>acht B\u00fccher<\/strong>&nbsp;mit insgesamt&nbsp;<strong>3.386 Seiten<\/strong>&nbsp;gelesen. <br>Die B\u00fccher&nbsp;<strong><em><a href=\"https:\/\/buechertanz.de\/?p=7495\" target=\"_blank\" rel=\"noreferrer noopener\">&#8222;Sommerfarben in der Stadt der Liebe&#8220;<\/a><\/em><\/strong> von Lily Martin und <em><strong><a href=\"https:\/\/buechertanz.de\/?p=7547\" target=\"_blank\" rel=\"noreferrer noopener\">&#8222;Die K\u00f6chin &#8211; S\u00fc\u00dfe Tage, bittere Stunden&#8220;<\/a><\/strong>&nbsp;<\/em>von Petra Durst-Benning und&nbsp;haben als Rezensionsexemplare den Weg zu mir gefunden \u2013 herzlichen Dank an den<em>&nbsp;Rowohlt Verlag&nbsp;<\/em>und an den<em>&nbsp;Blanvalet Verlag&nbsp;<\/em>f\u00fcr die Zusendung und Bereitstellung der Rezensionsexemplare. <br>Das Buch <strong><em>&#8222;Fr\u00e4ulein Liebe und der Traum vom Leben&#8220; <\/em><\/strong>von Susanne Esser habe ich von der Autorin als Geschenk erhalten &#8211; vielen Dank daf\u00fcr.  <br>Die weiteren f\u00fcnf gelesenen B\u00fccher lagen bisher auf meinem Stapel ungelesener B\u00fccher.<br>Herzlichen Dank an alle Autoren und Autorinnen f\u00fcr eure unterhaltsamen, lehrreichen und wundersch\u00f6nen Geschichten, welche mich den Alltag haben vergessen lassen und in andere Leben mitgenommen haben.<br>Viel Spa\u00df beim Schm\u00f6kern, eure<\/p>\n\n\n\n<figure class=\"wp-block-image size-large is-resized\"><img loading=\"lazy\" decoding=\"async\" width=\"1024\" height=\"404\" src=\"https:\/\/buechertanz.de\/wp-content\/uploads\/2023\/06\/Unterschrift-1024x404.jpg\" alt=\"\" class=\"wp-image-5276\" style=\"width:172px;height:auto\" srcset=\"https:\/\/buechertanz.de\/wp-content\/uploads\/2023\/06\/Unterschrift-1024x404.jpg 1024w, https:\/\/buechertanz.de\/wp-content\/uploads\/2023\/06\/Unterschrift-300x118.jpg 300w, https:\/\/buechertanz.de\/wp-content\/uploads\/2023\/06\/Unterschrift-768x303.jpg 768w, https:\/\/buechertanz.de\/wp-content\/uploads\/2023\/06\/Unterschrift.jpg 1500w\" sizes=\"auto, (max-width: 1024px) 100vw, 1024px\" \/><\/figure>\n\n\n<div class=\"wp-block-image\">\n<figure class=\"aligncenter size-full is-resized\"><img loading=\"lazy\" decoding=\"async\" width=\"812\" height=\"808\" src=\"https:\/\/buechertanz.de\/wp-content\/uploads\/2024\/07\/07-Juli_komp.jpg\" alt=\"\" class=\"wp-image-7593\" style=\"width:456px;height:auto\" srcset=\"https:\/\/buechertanz.de\/wp-content\/uploads\/2024\/07\/07-Juli_komp.jpg 812w, https:\/\/buechertanz.de\/wp-content\/uploads\/2024\/07\/07-Juli_komp-300x300.jpg 300w, https:\/\/buechertanz.de\/wp-content\/uploads\/2024\/07\/07-Juli_komp-150x150.jpg 150w, https:\/\/buechertanz.de\/wp-content\/uploads\/2024\/07\/07-Juli_komp-768x764.jpg 768w\" sizes=\"auto, (max-width: 812px) 100vw, 812px\" \/><\/figure><\/div>\n\n\n<p class=\"has-text-align-center\" style=\"font-size:11px\"><em>Meine gelesenen B\u00fccher im Juli 2024<\/em><\/p>\n\n\n\n<p>_<\/p>\n\n\n\n<div class=\"wp-block-media-text is-vertically-aligned-center\" style=\"grid-template-columns:25% auto\"><figure class=\"wp-block-media-text__media\"><img loading=\"lazy\" decoding=\"async\" width=\"293\" height=\"445\" src=\"https:\/\/buechertanz.de\/wp-content\/uploads\/2024\/07\/40-Fraeulein-Liebe-und-der-Traum-vom-Leben.jpg\" alt=\"\" class=\"wp-image-7485 size-full\" srcset=\"https:\/\/buechertanz.de\/wp-content\/uploads\/2024\/07\/40-Fraeulein-Liebe-und-der-Traum-vom-Leben.jpg 293w, https:\/\/buechertanz.de\/wp-content\/uploads\/2024\/07\/40-Fraeulein-Liebe-und-der-Traum-vom-Leben-198x300.jpg 198w\" sizes=\"auto, (max-width: 293px) 100vw, 293px\" \/><\/figure><div class=\"wp-block-media-text__content\">\n<p class=\"has-small-font-size\">Der neue Lesemonat konnte nicht sch\u00f6ner beginnen: <strong><em>&#8222;Fr\u00e4ulein Liebe und der Traum vom Leben&#8220; <\/em><\/strong>von Susanne Esser.<br>Nach dem ersten Band, welcher mich von der ersten bis zur letzten Seite begeistert hat, hatte ich an den zweiten Band hohe Erwartungen und wurde nicht entt\u00e4uscht. Wie sehr ich diese spannende und emotionale Geschichte ab der ersten Seite geliebt und vor allem gesp\u00fcrt habe. Nur ungern unterbrach ich die Lekt\u00fcre und h\u00e4tte die 400 Seiten am liebsten am St\u00fcck weggelesen. Sehr lesenswert &#8211; aber bitte mit dem ersten Band beginnen.<\/p>\n<\/div><\/div>\n\n\n\n<p>_<\/p>\n\n\n\n<div class=\"wp-block-media-text has-media-on-the-right is-vertically-aligned-center\" style=\"grid-template-columns:auto 25%\"><div class=\"wp-block-media-text__content\">\n<p class=\"has-small-font-size\">Weiter ging es mit <strong><em>&#8222;Sommermeisen&#8220; <\/em><\/strong>von Bettina Seidl:<br>Ein wundersch\u00f6ner und stimmungsvoller Roman, welcher mich ab der ersten Seite mit in die 50er Jahre und nach Berchtesgaden genommen hat. Ich flog durch die 400 Seiten, in meinem Inneren spielte sich ein farbenpr\u00e4chtiger Film ab und ich konnte alles um mich herum vergessen.<br>Die vielf\u00e4ltigen Charaktere zauberten mir gr\u00f6\u00dftenteils ein L\u00e4cheln auf die Lippen (nat\u00fcrlich nicht alle) und ich fieberte mit ihnen mit.<br>Nicht nur das einzigartige Cover und der wunderbare Titel sind ein Highlight&#8230; sondern auch diese tolle Geschichte, in der unheimlich passiert&#8230; und mich damit auch nicht mehr losgelassen hat. Unbedingt lesen!<\/p>\n<\/div><figure class=\"wp-block-media-text__media\"><img loading=\"lazy\" decoding=\"async\" width=\"284\" height=\"445\" src=\"https:\/\/buechertanz.de\/wp-content\/uploads\/2024\/07\/41-Sommermeisen.jpg\" alt=\"\" class=\"wp-image-7487 size-full\" srcset=\"https:\/\/buechertanz.de\/wp-content\/uploads\/2024\/07\/41-Sommermeisen.jpg 284w, https:\/\/buechertanz.de\/wp-content\/uploads\/2024\/07\/41-Sommermeisen-191x300.jpg 191w\" sizes=\"auto, (max-width: 284px) 100vw, 284px\" \/><\/figure><\/div>\n\n\n\n<p>_<\/p>\n\n\n\n<div class=\"wp-block-media-text is-vertically-aligned-center\" style=\"grid-template-columns:25% auto\"><figure class=\"wp-block-media-text__media\"><img loading=\"lazy\" decoding=\"async\" width=\"307\" height=\"466\" src=\"https:\/\/buechertanz.de\/wp-content\/uploads\/2024\/07\/42-Sommerfarben-in-der-Stadt-der-Liebe.jpg\" alt=\"\" class=\"wp-image-7490 size-full\" srcset=\"https:\/\/buechertanz.de\/wp-content\/uploads\/2024\/07\/42-Sommerfarben-in-der-Stadt-der-Liebe.jpg 307w, https:\/\/buechertanz.de\/wp-content\/uploads\/2024\/07\/42-Sommerfarben-in-der-Stadt-der-Liebe-198x300.jpg 198w\" sizes=\"auto, (max-width: 307px) 100vw, 307px\" \/><\/figure><div class=\"wp-block-media-text__content\">\n<p class=\"has-small-font-size\">Es folgte der Roman <strong><em><a href=\"https:\/\/buechertanz.de\/?p=7495\" target=\"_blank\" rel=\"noreferrer noopener\">&#8222;Sommerfarben in der Stadt der Liebe&#8220;<\/a> <\/em><\/strong>von Lily Martin. <br>Vor genau einem Jahr habe ich den ersten Band <em><a href=\"https:\/\/buechertanz.de\/?p=5440\" target=\"_blank\" rel=\"noreferrer noopener\">&#8222;Sommertage im Quartier Latin&#8220;<\/a><\/em> mit gro\u00dfer Begeisterung und Freude gelesen.<br>Der zweite Band ist mit dem ersten Band lose verkn\u00fcpft und hat mir noch einmal besser gefallen &#8211; ich habe die authentischen und gelungenen Charaktere schnell (wieder) in mein Herz geschlossen. Und auch wenn ich direkt einen Zugang zu ihnen gefunden habe, zeigten sie auf jeder Seite weitere Facetten.<br>Die Autorin beschreibt Paris mit ihrer einzigartigen und bildhaften Sprache so liebevoll, als w\u00fcrde sie \u00fcber eine gute Freundin schreiben. Hier erkennt man die untrennbare Verbindung zwischen ihr und dem Handlungsort.<br><em>&#8222;Sommerfarben in der Stadt der Liebe&#8220;<\/em> von Lily Martin ist ein interessanter, gef\u00fchlvoller und inspirierender Sommerroman, welcher mich von Anfang bis Ende begeistert hat.<\/p>\n<\/div><\/div>\n\n\n\n<p>_<\/p>\n\n\n\n<div class=\"wp-block-media-text has-media-on-the-right is-vertically-aligned-center\" style=\"grid-template-columns:auto 25%\"><div class=\"wp-block-media-text__content\">\n<p class=\"has-small-font-size\">Mein monatlicher Besuch bei der Familie Kuisl stand an: <strong><em>&#8222;Die Henkerstochter und der Fluch der Pest&#8220; <\/em><\/strong>von Oliver P\u00f6tzsch. <br>Wieder einmal war es ein spannendes und auch lehrreiches Lesevergn\u00fcgen, bei dem ich alles um mich herum vergessen habe. Zus\u00e4tzlich musste ich mich stellenweise echt zwingen, das Buch zur Seite zu legen und so nervige Dinge wie beispielsweise etwas essen oder auch mal schlafen zu erledigen. Ich liebe es, wie sich die Hauptfiguren immer weiter entwickeln und ich bin so gespannt, wie es im neunten Band weitergehen wird &#8211; Band 10 erscheint \u00fcbrigens am 26. September 2024.<br>Ein Leseleben ohne Familie Kuisl? Nein&#8230; unvorstellbar.<\/p>\n<\/div><figure class=\"wp-block-media-text__media\"><img loading=\"lazy\" decoding=\"async\" width=\"299\" height=\"466\" src=\"https:\/\/buechertanz.de\/wp-content\/uploads\/2024\/07\/43-Die-Henkerstochter-und-der-Fluch-der-Pest.jpg\" alt=\"\" class=\"wp-image-7513 size-full\" srcset=\"https:\/\/buechertanz.de\/wp-content\/uploads\/2024\/07\/43-Die-Henkerstochter-und-der-Fluch-der-Pest.jpg 299w, https:\/\/buechertanz.de\/wp-content\/uploads\/2024\/07\/43-Die-Henkerstochter-und-der-Fluch-der-Pest-192x300.jpg 192w\" sizes=\"auto, (max-width: 299px) 100vw, 299px\" \/><\/figure><\/div>\n\n\n\n<p>_<\/p>\n\n\n\n<div class=\"wp-block-media-text is-vertically-aligned-center\" style=\"grid-template-columns:25% auto\"><figure class=\"wp-block-media-text__media\"><img loading=\"lazy\" decoding=\"async\" width=\"279\" height=\"445\" src=\"https:\/\/buechertanz.de\/wp-content\/uploads\/2024\/07\/44-Gluecksfrauen-Der-Geschmack-von-Freiheit.jpg\" alt=\"\" class=\"wp-image-7526 size-full\" srcset=\"https:\/\/buechertanz.de\/wp-content\/uploads\/2024\/07\/44-Gluecksfrauen-Der-Geschmack-von-Freiheit.jpg 279w, https:\/\/buechertanz.de\/wp-content\/uploads\/2024\/07\/44-Gluecksfrauen-Der-Geschmack-von-Freiheit-188x300.jpg 188w\" sizes=\"auto, (max-width: 279px) 100vw, 279px\" \/><\/figure><div class=\"wp-block-media-text__content\">\n<p class=\"has-small-font-size\">An den Reihen-Auftakt <strong><em>&#8222;Die Gl\u00fccksfrauen &#8211; Der Geschmack von Freiheit&#8220; <\/em><\/strong>von Anna Claire habe ich mein Herz verloren. Was f\u00fcr eine mitrei\u00dfende, emotionale und auch traurige Geschichte, welche gleichzeitig absolut warmherzig ist und so viel Mut macht.<br>Es sind Charaktere, mit denen ich ab der ersten Seite mitgefiebert habe und sehr schnell in mein Herz geschlossen habe.<br>Und ja: Nat\u00fcrlich werde ich definitiv ganz bald den zweiten Band lesen &#8211; er liegt schon griffbereit hier. Ich muss unbedingt wissen, wie es weitergeht. <\/p>\n<\/div><\/div>\n\n\n\n<p>_<\/p>\n\n\n\n<div class=\"wp-block-media-text has-media-on-the-right is-vertically-aligned-center\" style=\"grid-template-columns:auto 25%\"><div class=\"wp-block-media-text__content\">\n<p class=\"has-small-font-size\">Nach l\u00e4ngerer Zeit kehrte ich wieder zu den Hansens zur\u00fcck: <strong><em>&#8222;Die Kinder der Hansens &#8211; Zauber des Neuen&#8220;<\/em><\/strong>.<br>Es war sofort wieder alles da&#8230; die Geschichte, die Figuren, die Herzlichkeit und nat\u00fcrlich auch die Spannung.<br>Ein ganz wunderbarer vierter Teil.<\/p>\n<\/div><figure class=\"wp-block-media-text__media\"><img loading=\"lazy\" decoding=\"async\" width=\"316\" height=\"466\" src=\"https:\/\/buechertanz.de\/wp-content\/uploads\/2024\/07\/Die-Kinder-der-Hansens-Zauber-des-Neuen.jpg\" alt=\"\" class=\"wp-image-7533 size-full\" srcset=\"https:\/\/buechertanz.de\/wp-content\/uploads\/2024\/07\/Die-Kinder-der-Hansens-Zauber-des-Neuen.jpg 316w, https:\/\/buechertanz.de\/wp-content\/uploads\/2024\/07\/Die-Kinder-der-Hansens-Zauber-des-Neuen-203x300.jpg 203w\" sizes=\"auto, (max-width: 316px) 100vw, 316px\" \/><\/figure><\/div>\n\n\n\n<p>_<\/p>\n\n\n\n<div class=\"wp-block-media-text is-vertically-aligned-center\" style=\"grid-template-columns:25% auto\"><figure class=\"wp-block-media-text__media\"><img loading=\"lazy\" decoding=\"async\" width=\"350\" height=\"558\" src=\"https:\/\/buechertanz.de\/wp-content\/uploads\/2024\/07\/46-Suesse-Tage-bittere-Stunden-1.jpg\" alt=\"\" class=\"wp-image-7549 size-full\" srcset=\"https:\/\/buechertanz.de\/wp-content\/uploads\/2024\/07\/46-Suesse-Tage-bittere-Stunden-1.jpg 350w, https:\/\/buechertanz.de\/wp-content\/uploads\/2024\/07\/46-Suesse-Tage-bittere-Stunden-1-188x300.jpg 188w\" sizes=\"auto, (max-width: 350px) 100vw, 350px\" \/><\/figure><div class=\"wp-block-media-text__content\">\n<p class=\"has-small-font-size\">Auf <strong><em><a href=\"https:\/\/buechertanz.de\/?p=7547\">&#8222;Die K\u00f6chin &#8211; S\u00fc\u00dfe Tage, bittere Stunden&#8220;<\/a> <\/em><\/strong>von Petra Durst-Benning habe ich mich so gefreut.<br>Vor etwa zwei Jahren habe ich Fabienne kennengelernt. Mit ihrer ehrlichen Art, ihrer St\u00e4rke und auch ihren Schw\u00e4chen habe ich sie schnell in mein Herz geschlossen. Immer wieder durchlebten wir H\u00f6hen und Tiefen&#8230; standen vor gro\u00dfen Herausforderungen und auch Problemen &#8211; wir lachten, weinten und freuten uns zusammen.<br>Nun habe ich den letzten Band beendet und muss Fabienne schweren Herzens loslassen. Nicht nur sie, sondern auch die vielen anderen Figuren, die mit ihren Geschichten unvergessen bleiben werden.<br>Als Leserin f\u00fchlte ich mich nicht als blo\u00dfer Zuschauer&#8230; ich war ein Teil der Geschichte. Eine intensive Geschichte, welche, mit ihrem Figuren, f\u00fcr immer in meinem Kopf und Herzen bleiben wird.<\/p>\n<\/div><\/div>\n\n\n\n<p>_<\/p>\n\n\n\n<div class=\"wp-block-media-text has-media-on-the-right is-vertically-aligned-center\" style=\"grid-template-columns:auto 25%\"><div class=\"wp-block-media-text__content\">\n<p class=\"has-small-font-size\">Zum Abschluss des Monats ging es nochmal nach Hamburg: <strong><em>&#8222;Die Kinder der Hansens &#8211; Kraft der Ver\u00e4nderung&#8220; <\/em><\/strong>von Ellin Carsta. <br>Was ich an dieser Buchreihe so sch\u00e4tze ist, dass die einzelnen Charaktere mich in ihren Handlungen immer wieder \u00fcberraschen k\u00f6nnen.<br>Ja&#8230; es passiert unheimlich viel und manchmal m\u00f6chte man einfach mal kurz durchatmen k\u00f6nnen&#8230; aber dann nehmen einen die vielen unterschiedlichen Geschichten doch wieder so mit, dass man mehrere Kapitel ohne Pause am St\u00fcck wegliest.<br>Ich freue mich schon so sehr auf den sechsten Band der Reihe.<\/p>\n<\/div><figure class=\"wp-block-media-text__media\"><img loading=\"lazy\" decoding=\"async\" width=\"316\" height=\"466\" src=\"https:\/\/buechertanz.de\/wp-content\/uploads\/2024\/07\/47-Die-Kinder-der-Hansens-Kraft-der-Veraenderung.jpg\" alt=\"\" class=\"wp-image-7562 size-full\" srcset=\"https:\/\/buechertanz.de\/wp-content\/uploads\/2024\/07\/47-Die-Kinder-der-Hansens-Kraft-der-Veraenderung.jpg 316w, https:\/\/buechertanz.de\/wp-content\/uploads\/2024\/07\/47-Die-Kinder-der-Hansens-Kraft-der-Veraenderung-203x300.jpg 203w\" sizes=\"auto, (max-width: 316px) 100vw, 316px\" \/><\/figure><\/div>\n\n\n\n<p>_<\/p>\n\n\n<div class=\"wp-block-image\">\n<figure class=\"aligncenter size-full is-resized\"><img loading=\"lazy\" decoding=\"async\" width=\"758\" height=\"758\" src=\"https:\/\/buechertanz.de\/wp-content\/uploads\/2024\/07\/07-Juli-Zusammenstellung_komp.jpg\" alt=\"\" class=\"wp-image-7594\" style=\"width:458px;height:auto\" srcset=\"https:\/\/buechertanz.de\/wp-content\/uploads\/2024\/07\/07-Juli-Zusammenstellung_komp.jpg 758w, https:\/\/buechertanz.de\/wp-content\/uploads\/2024\/07\/07-Juli-Zusammenstellung_komp-300x300.jpg 300w, https:\/\/buechertanz.de\/wp-content\/uploads\/2024\/07\/07-Juli-Zusammenstellung_komp-150x150.jpg 150w\" sizes=\"auto, (max-width: 758px) 100vw, 758px\" \/><\/figure><\/div>","protected":false},"excerpt":{"rendered":"<p>Im Juli 2024 habe ich&nbsp;acht B\u00fccher&nbsp;mit insgesamt&nbsp;3.386 Seiten&nbsp;gelesen. Die B\u00fccher&nbsp;&#8222;Sommerfarben in der Stadt der Liebe&#8220; von Lily Martin und &#8222;Die K\u00f6chin &#8211; S\u00fc\u00dfe Tage, bittere Stunden&#8220;&nbsp;von Petra Durst-Benning und&nbsp;haben als Rezensionsexemplare den Weg zu mir gefunden \u2013 herzlichen Dank an den&nbsp;Rowohlt Verlag&nbsp;und an den&nbsp;Blanvalet Verlag&nbsp;f\u00fcr die Zusendung und Bereitstellung der Rezensionsexemplare. Das Buch &#8222;Fr\u00e4ulein Liebe &hellip; <a href=\"https:\/\/buechertanz.de\/?page_id=7573\" class=\"more-link\"><span class=\"screen-reader-text\">Gelesen Juli 2024<\/span> weiterlesen<\/a><\/p>\n","protected":false},"author":2,"featured_media":0,"parent":0,"menu_order":0,"comment_status":"open","ping_status":"closed","template":"","meta":{"footnotes":""},"class_list":["post-7573","page","type-page","status-publish","hentry"],"_links":{"self":[{"href":"https:\/\/buechertanz.de\/index.php?rest_route=\/wp\/v2\/pages\/7573","targetHints":{"allow":["GET"]}}],"collection":[{"href":"https:\/\/buechertanz.de\/index.php?rest_route=\/wp\/v2\/pages"}],"about":[{"href":"https:\/\/buechertanz.de\/index.php?rest_route=\/wp\/v2\/types\/page"}],"author":[{"embeddable":true,"href":"https:\/\/buechertanz.de\/index.php?rest_route=\/wp\/v2\/users\/2"}],"replies":[{"embeddable":true,"href":"https:\/\/buechertanz.de\/index.php?rest_route=%2Fwp%2Fv2%2Fcomments&post=7573"}],"version-history":[{"count":9,"href":"https:\/\/buechertanz.de\/index.php?rest_route=\/wp\/v2\/pages\/7573\/revisions"}],"predecessor-version":[{"id":7599,"href":"https:\/\/buechertanz.de\/index.php?rest_route=\/wp\/v2\/pages\/7573\/revisions\/7599"}],"wp:attachment":[{"href":"https:\/\/buechertanz.de\/index.php?rest_route=%2Fwp%2Fv2%2Fmedia&parent=7573"}],"curies":[{"name":"wp","href":"https:\/\/api.w.org\/{rel}","templated":true}]}}