{"id":769,"date":"2019-09-11T09:23:05","date_gmt":"2019-09-11T08:23:05","guid":{"rendered":"http:\/\/buechertanz.de\/?page_id=769"},"modified":"2023-01-04T13:47:24","modified_gmt":"2023-01-04T12:47:24","slug":"neuzugaenge-august-2019","status":"publish","type":"page","link":"https:\/\/buechertanz.de\/?page_id=769","title":{"rendered":"Neuzug\u00e4nge August 2019"},"content":{"rendered":"\n<p class=\"has-drop-cap has-small-font-size\">Im August 2019 sind 17 neue B\u00fccher eingezogen:<br>Zehn neue B\u00fccher, drei B\u00fccher aus \u00f6ffentlichen B\u00fccherschr\u00e4nken, zwei Flohmarkt-Funde und zwei Geschenke fanden den Weg in mein B\u00fccherregal<br>Von diesen Neuzug\u00e4ngen musste ich \u201eAllee unserer Tr\u00e4ume \u201c von Ulrike Gerold und Wolfram H\u00e4nel sofort lesen, da mich die Geschichte sehr interessiert hat.<\/p>\n\n\n\n<p class=\"has-small-font-size\">Falls es eine Rezension auf meinem Blog gibt, gelangt ihr mit einem Klick auf den Titel direkt bei der Rezension. <\/p>\n\n\n<div class=\"wp-block-image\">\n<figure class=\"aligncenter is-resized\"><img loading=\"lazy\" decoding=\"async\" src=\"https:\/\/buechertanz.de\/wp-content\/uploads\/2019\/09\/08-August-1-1024x768.jpg\" alt=\"\" class=\"wp-image-786\" width=\"493\" height=\"370\" srcset=\"https:\/\/buechertanz.de\/wp-content\/uploads\/2019\/09\/08-August-1-1024x768.jpg 1024w, https:\/\/buechertanz.de\/wp-content\/uploads\/2019\/09\/08-August-1-300x225.jpg 300w, https:\/\/buechertanz.de\/wp-content\/uploads\/2019\/09\/08-August-1-768x576.jpg 768w\" sizes=\"auto, (max-width: 493px) 100vw, 493px\" \/><\/figure><\/div>\n\n\n<p>_<\/p>\n\n\n\n<p class=\"has-drop-cap has-small-font-size\"><strong>Neue B\u00fccher:<\/strong><\/p>\n\n\n\n<p><\/p>\n\n\n\n<ul class=\"has-small-font-size wp-block-list\"><li>Ulrike Gerold und Wolfram H\u00e4nel: <br><em>&#8222;Allee unserer Tr\u00e4ume&#8220;<\/em><\/li><li>Nora Elias: <br><em>&#8222;K\u00f6nigsberg: Gl\u00e4nzende Zeiten&#8220;<\/em><\/li><li>Corina Bomann: <br><em>&#8222;Die Frauen vom L\u00f6wenhof &#8211; Agnetas Erbe&#8220;<\/em><\/li><li>Axel S. Meyer: <br><em>&#8222;Das Handelshaus<\/em><\/li><li>&#8211; Helene Sommerfeld: <br><em>&#8222;Die \u00c4rztin &#8211; St\u00fcrme des Lebens&#8220;<\/em><\/li><li>Felicity Whitmore: <br><em>&#8222;Das Herrenhaus im Moor&#8220;<\/em><\/li><li>Ulrike Schweikert: <br><em>&#8222;Die Charit\u00e9 &#8211; Hoffnung und Schicksal&#8220;<\/em><\/li><li>Simon Sebag Montefiore: <br><em>&#8222;Die Romanows&#8220;<\/em><\/li><li>Peter Prange: <br><em>&#8222;Unsere wunderbaren Jahre&#8220;<\/em><\/li><li>Gretel Bechtold: <br><em>&#8222;Endlich leben &#8211; Kriegskind in Freiburg&#8220;<\/em><\/li><\/ul>\n\n\n\n<p>_<\/p>\n\n\n\n<p class=\"has-drop-cap has-small-font-size\">\u00d6ffentliche B\u00fccherschr\u00e4nke:<\/p>\n\n\n\n<p><\/p>\n\n\n\n<ul class=\"has-small-font-size wp-block-list\"><li>John MacLachlan: <br><em>&#8222;Der menschliche D\u00e4mon&#8220;<\/em><\/li><li>Jonathan Safran Foer: <br><em>&#8222;Alles ist erleuchtet&#8220;<\/em><\/li><li>Stefan Aust: <br><em>&#8222;Der Baader Meinhof Komplex&#8220;<\/em><\/li><\/ul>\n\n\n\n<p>_<\/p>\n\n\n\n<p class=\"has-drop-cap has-small-font-size\"><strong>Flohmarkt-Funde:<\/strong><\/p>\n\n\n\n<p><\/p>\n\n\n\n<ul class=\"has-small-font-size wp-block-list\"><li>Dava Sobel: <br><em>&#8222;L\u00e4ngengrad&#8220;<\/em><\/li><li>Nino Haratischwili: <br><em>&#8222;Das achte Leben (f\u00fcr Brilka)&#8220;<\/em><\/li><\/ul>\n\n\n\n<p>_<\/p>\n\n\n\n<p class=\"has-drop-cap has-small-font-size\"><strong>Geschenke:<\/strong><\/p>\n\n\n\n<p><\/p>\n\n\n\n<ul class=\"has-small-font-size wp-block-list\"><li>Helene Sommerfeld: <br><em>&#8222;Die \u00c4rztin &#8211; Die Wege der Liebe&#8220;<\/em><\/li><li>Benjamin Monferat: <br><em>&#8222;Der Turm der Welt&#8220;<\/em><\/li><\/ul>\n\n\n\n<p>_<\/p>\n\n\n<div class=\"wp-block-image\">\n<figure class=\"aligncenter\"><img loading=\"lazy\" decoding=\"async\" width=\"264\" height=\"305\" src=\"https:\/\/buechertanz.de\/wp-content\/uploads\/2019\/03\/Blume-5.png\" alt=\"\" class=\"wp-image-367\" srcset=\"https:\/\/buechertanz.de\/wp-content\/uploads\/2019\/03\/Blume-5.png 264w, https:\/\/buechertanz.de\/wp-content\/uploads\/2019\/03\/Blume-5-260x300.png 260w\" sizes=\"auto, (max-width: 264px) 100vw, 264px\" \/><\/figure><\/div>","protected":false},"excerpt":{"rendered":"<p>Im August 2019 sind 17 neue B\u00fccher eingezogen:Zehn neue B\u00fccher, drei B\u00fccher aus \u00f6ffentlichen B\u00fccherschr\u00e4nken, zwei Flohmarkt-Funde und zwei Geschenke fanden den Weg in mein B\u00fccherregalVon diesen Neuzug\u00e4ngen musste ich \u201eAllee unserer Tr\u00e4ume \u201c von Ulrike Gerold und Wolfram H\u00e4nel sofort lesen, da mich die Geschichte sehr interessiert hat. Falls es eine Rezension auf meinem &hellip; <a href=\"https:\/\/buechertanz.de\/?page_id=769\" class=\"more-link\"><span class=\"screen-reader-text\">Neuzug\u00e4nge August 2019<\/span> weiterlesen<\/a><\/p>\n","protected":false},"author":2,"featured_media":0,"parent":0,"menu_order":0,"comment_status":"open","ping_status":"closed","template":"","meta":{"footnotes":""},"class_list":["post-769","page","type-page","status-publish","hentry"],"_links":{"self":[{"href":"https:\/\/buechertanz.de\/index.php?rest_route=\/wp\/v2\/pages\/769","targetHints":{"allow":["GET"]}}],"collection":[{"href":"https:\/\/buechertanz.de\/index.php?rest_route=\/wp\/v2\/pages"}],"about":[{"href":"https:\/\/buechertanz.de\/index.php?rest_route=\/wp\/v2\/types\/page"}],"author":[{"embeddable":true,"href":"https:\/\/buechertanz.de\/index.php?rest_route=\/wp\/v2\/users\/2"}],"replies":[{"embeddable":true,"href":"https:\/\/buechertanz.de\/index.php?rest_route=%2Fwp%2Fv2%2Fcomments&post=769"}],"version-history":[{"count":5,"href":"https:\/\/buechertanz.de\/index.php?rest_route=\/wp\/v2\/pages\/769\/revisions"}],"predecessor-version":[{"id":4237,"href":"https:\/\/buechertanz.de\/index.php?rest_route=\/wp\/v2\/pages\/769\/revisions\/4237"}],"wp:attachment":[{"href":"https:\/\/buechertanz.de\/index.php?rest_route=%2Fwp%2Fv2%2Fmedia&parent=769"}],"curies":[{"name":"wp","href":"https:\/\/api.w.org\/{rel}","templated":true}]}}

Neuzugänge August 2019

<p class="has-drop-cap has-small-font-size">Im August 2019 sind 17 neue Bücher eingezogen:<br>Zehn neue Bücher, drei Bücher aus öffentlichen Bücherschränken, zwei Flohmarkt-Funde und zwei Geschenke fanden den Weg in mein Bücherregal<br>Von diesen Neuzugängen musste ich „Allee unserer Träume “ von Ulrike Gerold und Wolfram Hänel sofort lesen, da mich die Geschichte sehr interessiert hat.</p>



<p class="has-small-font-size">Falls es eine Rezension auf meinem Blog gibt, gelangt ihr mit einem Klick auf den Titel direkt bei der Rezension. </p>


<div class="wp-block-image">
<figure class="aligncenter is-resized"><img loading="lazy" decoding="async" src="https://buechertanz.de/wp-content/uploads/2019/09/08-August-1-1024x768.jpg" alt="" class="wp-image-786" width="493" height="370" srcset="https://buechertanz.de/wp-content/uploads/2019/09/08-August-1-1024x768.jpg 1024w, https://buechertanz.de/wp-content/uploads/2019/09/08-August-1-300x225.jpg 300w, https://buechertanz.de/wp-content/uploads/2019/09/08-August-1-768x576.jpg 768w" sizes="auto, (max-width: 493px) 100vw, 493px" /></figure></div>


<p>_</p>



<p class="has-drop-cap has-small-font-size"><strong>Neue Bücher:</strong></p>



<p></p>



<ul class="has-small-font-size wp-block-list"><li>Ulrike Gerold und Wolfram Hänel: <br><em>&#8222;Allee unserer Träume&#8220;</em></li><li>Nora Elias: <br><em>&#8222;Königsberg: Glänzende Zeiten&#8220;</em></li><li>Corina Bomann: <br><em>&#8222;Die Frauen vom Löwenhof &#8211; Agnetas Erbe&#8220;</em></li><li>Axel S. Meyer: <br><em>&#8222;Das Handelshaus</em></li><li>&#8211; Helene Sommerfeld: <br><em>&#8222;Die Ärztin &#8211; Stürme des Lebens&#8220;</em></li><li>Felicity Whitmore: <br><em>&#8222;Das Herrenhaus im Moor&#8220;</em></li><li>Ulrike Schweikert: <br><em>&#8222;Die Charité &#8211; Hoffnung und Schicksal&#8220;</em></li><li>Simon Sebag Montefiore: <br><em>&#8222;Die Romanows&#8220;</em></li><li>Peter Prange: <br><em>&#8222;Unsere wunderbaren Jahre&#8220;</em></li><li>Gretel Bechtold: <br><em>&#8222;Endlich leben &#8211; Kriegskind in Freiburg&#8220;</em></li></ul>



<p>_</p>



<p class="has-drop-cap has-small-font-size">Öffentliche Bücherschränke:</p>



<p></p>



<ul class="has-small-font-size wp-block-list"><li>John MacLachlan: <br><em>&#8222;Der menschliche Dämon&#8220;</em></li><li>Jonathan Safran Foer: <br><em>&#8222;Alles ist erleuchtet&#8220;</em></li><li>Stefan Aust: <br><em>&#8222;Der Baader Meinhof Komplex&#8220;</em></li></ul>



<p>_</p>



<p class="has-drop-cap has-small-font-size"><strong>Flohmarkt-Funde:</strong></p>



<p></p>



<ul class="has-small-font-size wp-block-list"><li>Dava Sobel: <br><em>&#8222;Längengrad&#8220;</em></li><li>Nino Haratischwili: <br><em>&#8222;Das achte Leben (für Brilka)&#8220;</em></li></ul>



<p>_</p>



<p class="has-drop-cap has-small-font-size"><strong>Geschenke:</strong></p>



<p></p>



<ul class="has-small-font-size wp-block-list"><li>Helene Sommerfeld: <br><em>&#8222;Die Ärztin &#8211; Die Wege der Liebe&#8220;</em></li><li>Benjamin Monferat: <br><em>&#8222;Der Turm der Welt&#8220;</em></li></ul>



<p>_</p>


<div class="wp-block-image">
<figure class="aligncenter"><img loading="lazy" decoding="async" width="264" height="305" src="https://buechertanz.de/wp-content/uploads/2019/03/Blume-5.png" alt="" class="wp-image-367" srcset="https://buechertanz.de/wp-content/uploads/2019/03/Blume-5.png 264w, https://buechertanz.de/wp-content/uploads/2019/03/Blume-5-260x300.png 260w" sizes="auto, (max-width: 264px) 100vw, 264px" /></figure></div>

<p>Im August 2019 sind 17 neue Bücher eingezogen:Zehn neue Bücher, drei Bücher aus öffentlichen Bücherschränken, zwei Flohmarkt-Funde und zwei Geschenke fanden den Weg in mein BücherregalVon diesen Neuzugängen musste ich „Allee unserer Träume “ von Ulrike Gerold und Wolfram Hänel sofort lesen, da mich die Geschichte sehr interessiert hat. Falls es eine Rezension auf meinem &hellip; <a href="https://buechertanz.de/?page_id=769" class="more-link"><span class="screen-reader-text">Neuzugänge August 2019</span> weiterlesen</a></p>
