{"id":7986,"date":"2024-09-30T06:37:55","date_gmt":"2024-09-30T05:37:55","guid":{"rendered":"https:\/\/buechertanz.de\/?page_id=7986"},"modified":"2024-10-01T07:31:02","modified_gmt":"2024-10-01T06:31:02","slug":"neuzugaenge-september-2024","status":"publish","type":"page","link":"https:\/\/buechertanz.de\/?page_id=7986","title":{"rendered":"Neuzug\u00e4nge September 2024"},"content":{"rendered":"\n<p class=\"has-drop-cap has-small-font-size\">Im&nbsp;<strong>September 2024<\/strong>&nbsp;sind insgesamt&nbsp;<strong>16 B\u00fccher&nbsp;<\/strong>hier eingezogen:<br>Darunter sind sieben Rezensionsexemplare (sechs Prints, ein eBook), acht gekaufte B\u00fccher (sieben Prints, ein eBook) und ein Geschenk. <br>Herzlichen Dank an Elena Eden, an den Gmeiner Verlag, an Linda Graze, an den dtv Verlag, an Tessa Duncan, an Dorothe Z\u00fcrcher, an den Tinte&amp;Feder Verlag, an Droemer-Knaur, an Hanna Caspian und an Bettina Storks f\u00fcr die Rezensionsexemplare\/ Geschenke.<br>Falls es schon ausf\u00fchrlichen Rezensionen gibt, gelangt ihr mit einem Klick auf den Titel dorthin.<br>Ich freue mich schon auf viele gem\u00fctliche Lesestunden.<br>Euch viel Spa\u00df beim St\u00f6bern, eure<\/p>\n\n\n\n<figure class=\"wp-block-image size-large is-resized\"><img loading=\"lazy\" decoding=\"async\" width=\"1024\" height=\"404\" src=\"https:\/\/buechertanz.de\/wp-content\/uploads\/2024\/06\/Unterschrift-1024x404.jpg\" alt=\"\" class=\"wp-image-7473\" style=\"width:241px;height:auto\" srcset=\"https:\/\/buechertanz.de\/wp-content\/uploads\/2024\/06\/Unterschrift-1024x404.jpg 1024w, https:\/\/buechertanz.de\/wp-content\/uploads\/2024\/06\/Unterschrift-300x118.jpg 300w, https:\/\/buechertanz.de\/wp-content\/uploads\/2024\/06\/Unterschrift-768x303.jpg 768w, https:\/\/buechertanz.de\/wp-content\/uploads\/2024\/06\/Unterschrift.jpg 1500w\" sizes=\"auto, (max-width: 1024px) 100vw, 1024px\" \/><\/figure>\n\n\n<div class=\"wp-block-image\">\n<figure class=\"aligncenter size-full is-resized\"><img loading=\"lazy\" decoding=\"async\" width=\"758\" height=\"758\" src=\"https:\/\/buechertanz.de\/wp-content\/uploads\/2024\/09\/09-September-komplett_komp.jpg\" alt=\"\" class=\"wp-image-8007\" style=\"width:314px;height:auto\" srcset=\"https:\/\/buechertanz.de\/wp-content\/uploads\/2024\/09\/09-September-komplett_komp.jpg 758w, https:\/\/buechertanz.de\/wp-content\/uploads\/2024\/09\/09-September-komplett_komp-300x300.jpg 300w, https:\/\/buechertanz.de\/wp-content\/uploads\/2024\/09\/09-September-komplett_komp-150x150.jpg 150w\" sizes=\"auto, (max-width: 758px) 100vw, 758px\" \/><\/figure><\/div>\n\n\n<p class=\"has-text-align-center\" style=\"font-size:11px\"><em>Meine neuen Seitlinge vom September 2024<\/em><\/p>\n\n\n\n<p>_<\/p>\n\n\n\n<div class=\"wp-block-media-text is-vertically-aligned-center\"><figure class=\"wp-block-media-text__media\"><img loading=\"lazy\" decoding=\"async\" width=\"758\" height=\"758\" src=\"https:\/\/buechertanz.de\/wp-content\/uploads\/2024\/09\/09-September-Rezensionsexemplare_komp.jpg\" alt=\"\" class=\"wp-image-8009 size-full\" srcset=\"https:\/\/buechertanz.de\/wp-content\/uploads\/2024\/09\/09-September-Rezensionsexemplare_komp.jpg 758w, https:\/\/buechertanz.de\/wp-content\/uploads\/2024\/09\/09-September-Rezensionsexemplare_komp-300x300.jpg 300w, https:\/\/buechertanz.de\/wp-content\/uploads\/2024\/09\/09-September-Rezensionsexemplare_komp-150x150.jpg 150w\" sizes=\"auto, (max-width: 758px) 100vw, 758px\" \/><\/figure><div class=\"wp-block-media-text__content\">\n<p class=\"has-drop-cap has-small-font-size\"><strong>Rezensionsexemplare:<\/strong><\/p>\n\n\n\n<p><\/p>\n\n\n\n<ul class=\"wp-block-list\">\n<li class=\"has-small-font-size\">Elena Eden: <em><strong><a href=\"https:\/\/buechertanz.de\/?p=7866\" target=\"_blank\" rel=\"noreferrer noopener\">&#8222;Der Garten im Licht&#8220;<\/a><\/strong><\/em><\/li>\n\n\n\n<li class=\"has-small-font-size\">Lili Lemberg: <strong><em>&#8222;Haja oder Hanoi&#8220;<\/em><\/strong><\/li>\n\n\n\n<li class=\"has-small-font-size\">Tessa Duncan: <strong><em><a href=\"https:\/\/buechertanz.de\/?p=7897\" target=\"_blank\" rel=\"noreferrer noopener\">&#8222;Wer mit den W\u00f6lfen heult &#8211; Die Canterbury-F\u00e4lle&#8220;<\/a><\/em><\/strong><\/li>\n\n\n\n<li class=\"has-small-font-size\">Dorothe Z\u00fcrcher: <strong><em><a href=\"https:\/\/buechertanz.de\/?p=7921\" target=\"_blank\" rel=\"noreferrer noopener\">&#8222;Anisbrot in Antiochia&#8220;<\/a><\/em><\/strong><\/li>\n\n\n\n<li class=\"has-small-font-size\">Anja Saskia Beyer: <strong><em><a href=\"https:\/\/buechertanz.de\/?p=7967\" target=\"_blank\" rel=\"noreferrer noopener\">&#8222;Sommersehnsucht und Limonenbl\u00fcten&#8220;<\/a><\/em><\/strong><\/li>\n\n\n\n<li class=\"has-small-font-size\">Hanna Caspian: <strong><em><a href=\"https:\/\/buechertanz.de\/?p=7945\" target=\"_blank\" rel=\"noreferrer noopener\">&#8222;Im Takt der Freiheit&#8220; <\/a><\/em><\/strong>(eBook &amp; Print)<\/li>\n<\/ul>\n<\/div><\/div>\n\n\n\n<p>_<\/p>\n\n\n\n<div class=\"wp-block-media-text has-media-on-the-right is-vertically-aligned-center\"><div class=\"wp-block-media-text__content\">\n<p class=\"has-drop-cap has-small-font-size\"><strong>Neue B\u00fccher:<\/strong><\/p>\n\n\n\n<p><\/p>\n\n\n\n<ul class=\"wp-block-list\">\n<li class=\"has-small-font-size\">Tracy Chevalier: <strong><em>&#8222;Das Geheimnis der Glasmacherin&#8220;<\/em><\/strong><\/li>\n\n\n\n<li class=\"has-small-font-size\">Ulrike Ladnar: <strong><em>&#8222;Die Spur der Stachelbeeren&#8220;<\/em><\/strong><\/li>\n\n\n\n<li class=\"has-small-font-size\">Alexander Schwarz: <strong><em>&#8222;Bertha Benz und die Stra\u00dfe der Tr\u00e4ume&#8220;<\/em><\/strong><\/li>\n\n\n\n<li class=\"has-small-font-size\">Daniel Alvarenga: <strong><em>&#8222;Hundswut&#8220;<\/em><\/strong><\/li>\n\n\n\n<li class=\"has-small-font-size\">Ellin Carsta: <strong><em>&#8222;Die Falkenbach-Saga &#8211; Der Plan der Gef\u00e4hrten&#8220;<\/em><\/strong><\/li>\n\n\n\n<li class=\"has-small-font-size\">Oliver P\u00f6tzsch: <strong><em>&#8222;Die Henkerstochter und das Verm\u00e4chtnis des Henkers&#8220;<\/em><\/strong><\/li>\n\n\n\n<li class=\"has-small-font-size\">Lucinda Riley &amp; Harry Whittaker: <strong><em>&#8222;Atlas &#8211; Die Geschichte von Pa Salt&#8220;<\/em><\/strong><\/li>\n\n\n\n<li class=\"has-small-font-size\">Susanne Popp: <strong><em>&#8222;Fluss der Zeit&#8220;<\/em><\/strong><\/li>\n<\/ul>\n<\/div><figure class=\"wp-block-media-text__media\"><img loading=\"lazy\" decoding=\"async\" width=\"758\" height=\"758\" src=\"https:\/\/buechertanz.de\/wp-content\/uploads\/2024\/09\/09-September-Neue-Buecher_komp.jpg\" alt=\"\" class=\"wp-image-8010 size-full\" srcset=\"https:\/\/buechertanz.de\/wp-content\/uploads\/2024\/09\/09-September-Neue-Buecher_komp.jpg 758w, https:\/\/buechertanz.de\/wp-content\/uploads\/2024\/09\/09-September-Neue-Buecher_komp-300x300.jpg 300w, https:\/\/buechertanz.de\/wp-content\/uploads\/2024\/09\/09-September-Neue-Buecher_komp-150x150.jpg 150w\" sizes=\"auto, (max-width: 758px) 100vw, 758px\" \/><\/figure><\/div>\n\n\n\n<p>_<\/p>\n\n\n\n<div class=\"wp-block-media-text is-vertically-aligned-center\"><figure class=\"wp-block-media-text__media\"><img loading=\"lazy\" decoding=\"async\" width=\"804\" height=\"804\" src=\"https:\/\/buechertanz.de\/wp-content\/uploads\/2024\/09\/09-September-Geschenk_komp.jpg\" alt=\"\" class=\"wp-image-8011 size-full\" srcset=\"https:\/\/buechertanz.de\/wp-content\/uploads\/2024\/09\/09-September-Geschenk_komp.jpg 804w, https:\/\/buechertanz.de\/wp-content\/uploads\/2024\/09\/09-September-Geschenk_komp-300x300.jpg 300w, https:\/\/buechertanz.de\/wp-content\/uploads\/2024\/09\/09-September-Geschenk_komp-150x150.jpg 150w, https:\/\/buechertanz.de\/wp-content\/uploads\/2024\/09\/09-September-Geschenk_komp-768x768.jpg 768w\" sizes=\"auto, (max-width: 804px) 100vw, 804px\" \/><\/figure><div class=\"wp-block-media-text__content\">\n<p class=\"has-drop-cap has-small-font-size\"><strong>Geschenk:<\/strong><\/p>\n\n\n\n<p><\/p>\n\n\n\n<ul class=\"wp-block-list\">\n<li class=\"has-small-font-size\">\u00c9laine Briag: <strong><em>&#8222;Mein Sommer mit M\u00e9m\u00e9&#8220;<\/em><\/strong><\/li>\n<\/ul>\n<\/div><\/div>\n","protected":false},"excerpt":{"rendered":"<p>Im&nbsp;September 2024&nbsp;sind insgesamt&nbsp;16 B\u00fccher&nbsp;hier eingezogen:Darunter sind sieben Rezensionsexemplare (sechs Prints, ein eBook), acht gekaufte B\u00fccher (sieben Prints, ein eBook) und ein Geschenk. Herzlichen Dank an Elena Eden, an den Gmeiner Verlag, an Linda Graze, an den dtv Verlag, an Tessa Duncan, an Dorothe Z\u00fcrcher, an den Tinte&amp;Feder Verlag, an Droemer-Knaur, an Hanna Caspian und an &hellip; <a href=\"https:\/\/buechertanz.de\/?page_id=7986\" class=\"more-link\"><span class=\"screen-reader-text\">Neuzug\u00e4nge September 2024<\/span> weiterlesen<\/a><\/p>\n","protected":false},"author":2,"featured_media":0,"parent":0,"menu_order":0,"comment_status":"open","ping_status":"closed","template":"","meta":{"footnotes":""},"class_list":["post-7986","page","type-page","status-publish","hentry"],"_links":{"self":[{"href":"https:\/\/buechertanz.de\/index.php?rest_route=\/wp\/v2\/pages\/7986","targetHints":{"allow":["GET"]}}],"collection":[{"href":"https:\/\/buechertanz.de\/index.php?rest_route=\/wp\/v2\/pages"}],"about":[{"href":"https:\/\/buechertanz.de\/index.php?rest_route=\/wp\/v2\/types\/page"}],"author":[{"embeddable":true,"href":"https:\/\/buechertanz.de\/index.php?rest_route=\/wp\/v2\/users\/2"}],"replies":[{"embeddable":true,"href":"https:\/\/buechertanz.de\/index.php?rest_route=%2Fwp%2Fv2%2Fcomments&post=7986"}],"version-history":[{"count":6,"href":"https:\/\/buechertanz.de\/index.php?rest_route=\/wp\/v2\/pages\/7986\/revisions"}],"predecessor-version":[{"id":8025,"href":"https:\/\/buechertanz.de\/index.php?rest_route=\/wp\/v2\/pages\/7986\/revisions\/8025"}],"wp:attachment":[{"href":"https:\/\/buechertanz.de\/index.php?rest_route=%2Fwp%2Fv2%2Fmedia&parent=7986"}],"curies":[{"name":"wp","href":"https:\/\/api.w.org\/{rel}","templated":true}]}}