{"id":80,"date":"2019-03-03T11:40:11","date_gmt":"2019-03-03T10:40:11","guid":{"rendered":"http:\/\/buechertanz.de\/?page_id=80"},"modified":"2025-08-03T12:30:59","modified_gmt":"2025-08-03T11:30:59","slug":"ueber-mich","status":"publish","type":"page","link":"https:\/\/buechertanz.de\/?page_id=80","title":{"rendered":"\u00dcber mich"},"content":{"rendered":"<div class=\"wp-block-image\">\n<figure class=\"aligncenter is-resized\"><img loading=\"lazy\" decoding=\"async\" width=\"903\" height=\"1024\" src=\"https:\/\/buechertanz.de\/wp-content\/uploads\/2019\/03\/2018-08-11-11-17-05-903x1024.jpg\" alt=\"\" class=\"wp-image-88\" style=\"width:283px;height:320px\" srcset=\"https:\/\/buechertanz.de\/wp-content\/uploads\/2019\/03\/2018-08-11-11-17-05-903x1024.jpg 903w, https:\/\/buechertanz.de\/wp-content\/uploads\/2019\/03\/2018-08-11-11-17-05-264x300.jpg 264w, https:\/\/buechertanz.de\/wp-content\/uploads\/2019\/03\/2018-08-11-11-17-05-768x871.jpg 768w, https:\/\/buechertanz.de\/wp-content\/uploads\/2019\/03\/2018-08-11-11-17-05.jpg 1198w\" sizes=\"auto, (max-width: 903px) 100vw, 903px\" \/><\/figure><\/div>\n\n\n<p class=\"has-drop-cap has-small-font-size\">Hallo liebe Leser,<br>Wie sch\u00f6n, dass ihr den Weg zu meinem&nbsp;\u201e<em><strong>B\u00fcchertanz\u201c<\/strong><\/em>&nbsp;gefunden habt!<br><\/p>\n\n\n\n<p class=\"has-text-align-left has-small-font-size\">Ein paar S\u00e4tze zu mir:<br>Mein Name ist Christina Boersch, genannt werde ich aber sehr oft einfach Chrissy. Ich bin im Juni 1985 geboren und wohne mit meinem Mann und meinen zwei T\u00f6chtern im wundersch\u00f6nen Freiburg im Breisgau. <br>Nach einer Ausbildung zur G\u00e4rtnerin und dem Abitur auf dem zweiten Bildungsweg, habe ich eine Ausbildung zur Buchh\u00e4ndlerin gemacht. <br>Mein gr\u00f6\u00dftes Hobby ist \u2026 wer h\u00e4tte es gedacht\u2026 Lesen! Dabei habe ich meinen pers\u00f6nlichen Schwerpunkt auf \u201aHistorische Romane\u2018 gelegt- es gibt f\u00fcr mich nichts Sch\u00f6neres, als in vergangene Zeiten abzutauchen, zu erleben, wie die Menschen damals lebten und was wir daraus f\u00fcr die Zukunft mitnehmen k\u00f6nnen. Eine Lieblingsepoche habe ich nicht- jede Epoche hat ihren ganz eigenen Reiz. Momentan haben es mir aber Romane angetan (ich nenne sie &#8218;Familiengeheimnisse&#8216;), die auf zwei Zeitebenen spielen &#8211; in der Gegenwart und in der Vergangenheit. <br>Aber auch zeitgen\u00f6ssische Romane finden immer wieder den Weg zu mir. Selten ist auch mal ein Krimi oder Thriller dabei.<br><br>Also kurz und knapp: Ich bin absolut B\u00fccher-s\u00fcchtig, komme an keinem Buchladen vorbei und liebe es immer und \u00fcberall \u00fcber B\u00fccher zu reden.<br><br>Ihr wollt wissen, welche B\u00fccher ich schon gelesen habe? Dann bitte\u00a0<a href=\"https:\/\/buechertanz.de\/?page_id=137\" target=\"_blank\" rel=\"noreferrer noopener\">hier<\/a>\u00a0entlang.\u00a0<br>Zum Thema Rezensionsanfragen geht es hier lang: <a href=\"https:\/\/buechertanz.de\/?page_id=9242\" target=\"_blank\" rel=\"noreferrer noopener\"><strong>Rezensionsanfragen<\/strong><\/a><br><br>Ihr habt weitere Fragen und\/ oder Anregungen? Schreibt mir einfach an: christina@buechertanz.de<br><br>So, dann schaut euch mal um und vielleicht findet ihr ein Buch, welches euch zum Tanzen bringt, oder auch mehrere. \ud83d\ude42<br><br><\/p>\n\n\n\n<p class=\"has-small-font-size\">Herzliche Gr\u00fc\u00dfe, <\/p>\n\n\n\n<figure class=\"wp-block-image size-large is-resized\"><img loading=\"lazy\" decoding=\"async\" width=\"1024\" height=\"404\" src=\"https:\/\/buechertanz.de\/wp-content\/uploads\/2022\/06\/Unterschrift-1024x404.jpg\" alt=\"\" class=\"wp-image-3355\" style=\"width:191px;height:75px\" srcset=\"https:\/\/buechertanz.de\/wp-content\/uploads\/2022\/06\/Unterschrift-1024x404.jpg 1024w, https:\/\/buechertanz.de\/wp-content\/uploads\/2022\/06\/Unterschrift-300x118.jpg 300w, https:\/\/buechertanz.de\/wp-content\/uploads\/2022\/06\/Unterschrift-768x303.jpg 768w, https:\/\/buechertanz.de\/wp-content\/uploads\/2022\/06\/Unterschrift.jpg 1500w\" sizes=\"auto, (max-width: 1024px) 100vw, 1024px\" \/><\/figure>\n\n\n<div class=\"wp-block-image is-style-rounded\">\n<figure class=\"aligncenter is-resized\"><img loading=\"lazy\" decoding=\"async\" width=\"264\" height=\"305\" src=\"https:\/\/buechertanz.de\/wp-content\/uploads\/2019\/03\/Blume-1.png\" alt=\"\" class=\"wp-image-363\" style=\"width:132px;height:153px\" srcset=\"https:\/\/buechertanz.de\/wp-content\/uploads\/2019\/03\/Blume-1.png 264w, https:\/\/buechertanz.de\/wp-content\/uploads\/2019\/03\/Blume-1-260x300.png 260w\" sizes=\"auto, (max-width: 264px) 100vw, 264px\" \/><\/figure><\/div>\n\n\n<p><br><\/p>\n","protected":false},"excerpt":{"rendered":"<p>Hallo liebe Leser,Wie sch\u00f6n, dass ihr den Weg zu meinem&nbsp;\u201eB\u00fcchertanz\u201c&nbsp;gefunden habt! Ein paar S\u00e4tze zu mir:Mein Name ist Christina Boersch, genannt werde ich aber sehr oft einfach Chrissy. Ich bin im Juni 1985 geboren und wohne mit meinem Mann und meinen zwei T\u00f6chtern im wundersch\u00f6nen Freiburg im Breisgau. Nach einer Ausbildung zur G\u00e4rtnerin und dem &hellip; <a href=\"https:\/\/buechertanz.de\/?page_id=80\" class=\"more-link\"><span class=\"screen-reader-text\">\u00dcber mich<\/span> weiterlesen<\/a><\/p>\n","protected":false},"author":2,"featured_media":0,"parent":0,"menu_order":0,"comment_status":"open","ping_status":"closed","template":"","meta":{"footnotes":""},"class_list":["post-80","page","type-page","status-publish","hentry"],"_links":{"self":[{"href":"https:\/\/buechertanz.de\/index.php?rest_route=\/wp\/v2\/pages\/80","targetHints":{"allow":["GET"]}}],"collection":[{"href":"https:\/\/buechertanz.de\/index.php?rest_route=\/wp\/v2\/pages"}],"about":[{"href":"https:\/\/buechertanz.de\/index.php?rest_route=\/wp\/v2\/types\/page"}],"author":[{"embeddable":true,"href":"https:\/\/buechertanz.de\/index.php?rest_route=\/wp\/v2\/users\/2"}],"replies":[{"embeddable":true,"href":"https:\/\/buechertanz.de\/index.php?rest_route=%2Fwp%2Fv2%2Fcomments&post=80"}],"version-history":[{"count":25,"href":"https:\/\/buechertanz.de\/index.php?rest_route=\/wp\/v2\/pages\/80\/revisions"}],"predecessor-version":[{"id":9257,"href":"https:\/\/buechertanz.de\/index.php?rest_route=\/wp\/v2\/pages\/80\/revisions\/9257"}],"wp:attachment":[{"href":"https:\/\/buechertanz.de\/index.php?rest_route=%2Fwp%2Fv2%2Fmedia&parent=80"}],"curies":[{"name":"wp","href":"https:\/\/api.w.org\/{rel}","templated":true}]}}