{"id":8090,"date":"2024-10-29T15:30:53","date_gmt":"2024-10-29T14:30:53","guid":{"rendered":"https:\/\/buechertanz.de\/?page_id=8090"},"modified":"2024-10-29T16:05:23","modified_gmt":"2024-10-29T15:05:23","slug":"gelesen-oktober-2024","status":"publish","type":"page","link":"https:\/\/buechertanz.de\/?page_id=8090","title":{"rendered":"Gelesen Oktober 2024"},"content":{"rendered":"\n<p class=\"has-drop-cap has-small-font-size\">Im Oktober 2024 habe ich&nbsp;<strong>f\u00fcnf B\u00fccher<\/strong>&nbsp;mit insgesamt&nbsp;<strong>2.092 Seiten<\/strong>&nbsp;gelesen. Es waren weniger gelesene B\u00fccher als in den vorherigen Monaten, trotzdem bin ich sehr zufrieden mit meinem abwechslungsreichen Lesemonat. <br>Herzlichen Dank an die Autorinnen Linda Graze \/Lili Lemberg) und Biggi Rist (Johanna von Wild) f\u00fcr die Vermittlung und dem Gmeiner Verlag f\u00fcr die Zusendung und Bereitstellung der B\u00fccher als Rezensionsexemplare.<\/p>\n\n\n\n<p class=\"has-small-font-size\">Viel Spa\u00df beim Schm\u00f6kern, eure<\/p>\n\n\n\n<figure class=\"wp-block-image size-large is-resized\"><img loading=\"lazy\" decoding=\"async\" width=\"1024\" height=\"404\" src=\"https:\/\/buechertanz.de\/wp-content\/uploads\/2024\/06\/Unterschrift-1024x404.jpg\" alt=\"\" class=\"wp-image-7473\" style=\"width:178px;height:auto\" srcset=\"https:\/\/buechertanz.de\/wp-content\/uploads\/2024\/06\/Unterschrift-1024x404.jpg 1024w, https:\/\/buechertanz.de\/wp-content\/uploads\/2024\/06\/Unterschrift-300x118.jpg 300w, https:\/\/buechertanz.de\/wp-content\/uploads\/2024\/06\/Unterschrift-768x303.jpg 768w, https:\/\/buechertanz.de\/wp-content\/uploads\/2024\/06\/Unterschrift.jpg 1500w\" sizes=\"auto, (max-width: 1024px) 100vw, 1024px\" \/><\/figure>\n\n\n<div class=\"wp-block-image\">\n<figure class=\"aligncenter size-full is-resized\"><img loading=\"lazy\" decoding=\"async\" width=\"804\" height=\"804\" src=\"https:\/\/buechertanz.de\/wp-content\/uploads\/2024\/10\/10-Oktober_komp.jpg\" alt=\"\" class=\"wp-image-8104\" style=\"width:310px;height:auto\" srcset=\"https:\/\/buechertanz.de\/wp-content\/uploads\/2024\/10\/10-Oktober_komp.jpg 804w, https:\/\/buechertanz.de\/wp-content\/uploads\/2024\/10\/10-Oktober_komp-300x300.jpg 300w, https:\/\/buechertanz.de\/wp-content\/uploads\/2024\/10\/10-Oktober_komp-150x150.jpg 150w, https:\/\/buechertanz.de\/wp-content\/uploads\/2024\/10\/10-Oktober_komp-768x768.jpg 768w\" sizes=\"auto, (max-width: 804px) 100vw, 804px\" \/><\/figure><\/div>\n\n\n<p>_<\/p>\n\n\n\n<div class=\"wp-block-media-text is-vertically-aligned-center\" style=\"grid-template-columns:25% auto\"><figure class=\"wp-block-media-text__media\"><img loading=\"lazy\" decoding=\"async\" width=\"271\" height=\"445\" src=\"https:\/\/buechertanz.de\/wp-content\/uploads\/2024\/10\/61-Haja-oder-Hanoi.jpg\" alt=\"\" class=\"wp-image-8029 size-full\" srcset=\"https:\/\/buechertanz.de\/wp-content\/uploads\/2024\/10\/61-Haja-oder-Hanoi.jpg 271w, https:\/\/buechertanz.de\/wp-content\/uploads\/2024\/10\/61-Haja-oder-Hanoi-183x300.jpg 183w\" sizes=\"auto, (max-width: 271px) 100vw, 271px\" \/><\/figure><div class=\"wp-block-media-text__content\">\n<p class=\"has-small-font-size\">Der Lesemonat startete mit dem L\u00e4ndlekrimi <strong><em><a href=\"https:\/\/buechertanz.de\/?p=8036\" target=\"_blank\" rel=\"noreferrer noopener\">&#8222;Haja oder Hanoi &#8211; Wehrles Detektivmobil&#8220;<\/a> <\/em><\/strong>von Lili Lemberg (Linda Graze).<br>Ein spannender, interessanter und mitunter am\u00fcsanter Krimi, welchen ich euch sehr empfehlen kann. Aber Vorsicht: Einmal angefangen, legt man das Buch nur noch ungern aus den H\u00e4nden.<\/p>\n<\/div><\/div>\n\n\n\n<p>_<\/p>\n\n\n\n<div class=\"wp-block-media-text has-media-on-the-right is-vertically-aligned-center\" style=\"grid-template-columns:auto 25%\"><div class=\"wp-block-media-text__content\">\n<p class=\"has-small-font-size\">Es folgte der historische Roman <strong><em><a href=\"https:\/\/buechertanz.de\/?p=8054\" target=\"_blank\" rel=\"noreferrer noopener\">&#8222;Der Meister der Karten&#8220;<\/a> <\/em><\/strong>von Johanna von Wild. <br>Wer historische Romane mag, wird\u00a0dieses Buch\u00a0lieben. Die bewegende Handlung, die vielen lebensechten und vielseitigen Charaktere und der bildhafte Sprachstil der Autorin vermitteln ein sehr authentisches Bild der damaligen Zeit. Sehr lesenswert!<\/p>\n<\/div><figure class=\"wp-block-media-text__media\"><img loading=\"lazy\" decoding=\"async\" width=\"299\" height=\"466\" src=\"https:\/\/buechertanz.de\/wp-content\/uploads\/2024\/10\/62-Der-Meister-der-Karten.jpg\" alt=\"\" class=\"wp-image-8048 size-full\" srcset=\"https:\/\/buechertanz.de\/wp-content\/uploads\/2024\/10\/62-Der-Meister-der-Karten.jpg 299w, https:\/\/buechertanz.de\/wp-content\/uploads\/2024\/10\/62-Der-Meister-der-Karten-192x300.jpg 192w\" sizes=\"auto, (max-width: 299px) 100vw, 299px\" \/><\/figure><\/div>\n\n\n\n<p>_<\/p>\n\n\n\n<div class=\"wp-block-media-text is-vertically-aligned-center\" style=\"grid-template-columns:25% auto\"><figure class=\"wp-block-media-text__media\"><img loading=\"lazy\" decoding=\"async\" width=\"286\" height=\"445\" src=\"https:\/\/buechertanz.de\/wp-content\/uploads\/2024\/10\/63-Die-Henkerstochter-und-die-schwarze-Madonna.jpg\" alt=\"\" class=\"wp-image-8051 size-full\" srcset=\"https:\/\/buechertanz.de\/wp-content\/uploads\/2024\/10\/63-Die-Henkerstochter-und-die-schwarze-Madonna.jpg 286w, https:\/\/buechertanz.de\/wp-content\/uploads\/2024\/10\/63-Die-Henkerstochter-und-die-schwarze-Madonna-193x300.jpg 193w\" sizes=\"auto, (max-width: 286px) 100vw, 286px\" \/><\/figure><div class=\"wp-block-media-text__content\">\n<p class=\"has-small-font-size\">Weiter ging es mit <strong><em>&#8222;Die Henkerstochter und die Schwarze Madonna&#8220;. <\/em><\/strong>Dieser neunte Band der Buchreihe um die Familie Kuisl hat mir au\u00dferordentlich gut gefallen. Wie auch bei den vorherigen B\u00e4nden ist ab dem ersten Moment eine gro\u00dfe Spannung sp\u00fcrbar, welche sich dann immer weiter aufbaut und zuspitzt.<br>Die vielen liebgewonnenen Charaktere gehen weiter ihren Weg, entwickeln sich und es bleibt spannend, wie ihre Lebenswege weiter gehen werden.<br>Ein sehr gelungenes, spannendes und mitrei\u00dfendes Leseerlebnis. <\/p>\n<\/div><\/div>\n\n\n\n<p>_<\/p>\n\n\n\n<div class=\"wp-block-media-text has-media-on-the-right is-vertically-aligned-center\" style=\"grid-template-columns:auto 25%\"><div class=\"wp-block-media-text__content\">\n<p class=\"has-small-font-size\">Da mich das Buch &#8222;Der Meister der Karten&#8220; von Johanna von Wild sehr begeistert hat, wollte ich sehr gerne ein weiteres Buch der Autorin lesen.<br>Freundlicherweise bekam ich <strong><em><a href=\"https:\/\/buechertanz.de\/?p=8075\" target=\"_blank\" rel=\"noreferrer noopener\">&#8222;Die Erleuchtung der Welt&#8220; <\/a><\/em><\/strong>vom Verlag als Rezensionsexemplar zur Verf\u00fcgung gestellt &#8211; herzlichen Dank daf\u00fcr.<br>Dieser historische Roman&nbsp;l\u00e4sst keine W\u00fcnsche offen: Spannung, vielseitige Charaktere, eine bildhafte Sprache und ganz nebenbei bekommt man noch eine Lektion in Sachen Geschichte. Top und sehr empfehlenswert.<\/p>\n<\/div><figure class=\"wp-block-media-text__media\"><img loading=\"lazy\" decoding=\"async\" width=\"299\" height=\"466\" src=\"https:\/\/buechertanz.de\/wp-content\/uploads\/2024\/10\/64-Die-Erleuchtung-der-Welt.jpg\" alt=\"\" class=\"wp-image-8067 size-full\" srcset=\"https:\/\/buechertanz.de\/wp-content\/uploads\/2024\/10\/64-Die-Erleuchtung-der-Welt.jpg 299w, https:\/\/buechertanz.de\/wp-content\/uploads\/2024\/10\/64-Die-Erleuchtung-der-Welt-192x300.jpg 192w\" sizes=\"auto, (max-width: 299px) 100vw, 299px\" \/><\/figure><\/div>\n\n\n\n<p>_<\/p>\n\n\n\n<div class=\"wp-block-media-text is-vertically-aligned-center\" style=\"grid-template-columns:25% auto\"><figure class=\"wp-block-media-text__media\"><img loading=\"lazy\" decoding=\"async\" width=\"302\" height=\"445\" src=\"https:\/\/buechertanz.de\/wp-content\/uploads\/2024\/10\/65-Der-Plan-der-Gefaehrten.jpg\" alt=\"\" class=\"wp-image-8071 size-full\" srcset=\"https:\/\/buechertanz.de\/wp-content\/uploads\/2024\/10\/65-Der-Plan-der-Gefaehrten.jpg 302w, https:\/\/buechertanz.de\/wp-content\/uploads\/2024\/10\/65-Der-Plan-der-Gefaehrten-204x300.jpg 204w\" sizes=\"auto, (max-width: 302px) 100vw, 302px\" \/><\/figure><div class=\"wp-block-media-text__content\">\n<p class=\"has-small-font-size\">Den Abschluss des Lesemonats bildete <strong><em>&#8222;Die Falkenbach-Saga &#8211; Der Plan der Gef\u00e4hrten&#8220; <\/em><\/strong>von Ellin Carsta.<br>Ellin Carsta f\u00e4ngt den Zeitgeist dieser schweren und schwierigen Zeit gekonnt ein, zeigt verschiedene Blickwinkel auf Themen und nimmt ihre Leser und Leserinnen mit in diese Geschichte.<br>Dieser Teil ist allerdings, im Gegensatz zu den bisherigen B\u00e4nden, eher ruhig. Die vielen Unterhaltungen zwischen den Figuren, bringen die Handlung nur leicht voran &#8211; ich habe etwas auf den &#8218;gro\u00dfen Knall&#8216; gewartet &#8211; der dann relativ am Ende des Buches kommt.<\/p>\n<\/div><\/div>\n\n\n\n<p>_<\/p>\n","protected":false},"excerpt":{"rendered":"<p>Im Oktober 2024 habe ich&nbsp;f\u00fcnf B\u00fccher&nbsp;mit insgesamt&nbsp;2.092 Seiten&nbsp;gelesen. Es waren weniger gelesene B\u00fccher als in den vorherigen Monaten, trotzdem bin ich sehr zufrieden mit meinem abwechslungsreichen Lesemonat. Herzlichen Dank an die Autorinnen Linda Graze \/Lili Lemberg) und Biggi Rist (Johanna von Wild) f\u00fcr die Vermittlung und dem Gmeiner Verlag f\u00fcr die Zusendung und Bereitstellung der &hellip; <a href=\"https:\/\/buechertanz.de\/?page_id=8090\" class=\"more-link\"><span class=\"screen-reader-text\">Gelesen Oktober 2024<\/span> weiterlesen<\/a><\/p>\n","protected":false},"author":2,"featured_media":0,"parent":0,"menu_order":0,"comment_status":"open","ping_status":"closed","template":"","meta":{"footnotes":""},"class_list":["post-8090","page","type-page","status-publish","hentry"],"_links":{"self":[{"href":"https:\/\/buechertanz.de\/index.php?rest_route=\/wp\/v2\/pages\/8090","targetHints":{"allow":["GET"]}}],"collection":[{"href":"https:\/\/buechertanz.de\/index.php?rest_route=\/wp\/v2\/pages"}],"about":[{"href":"https:\/\/buechertanz.de\/index.php?rest_route=\/wp\/v2\/types\/page"}],"author":[{"embeddable":true,"href":"https:\/\/buechertanz.de\/index.php?rest_route=\/wp\/v2\/users\/2"}],"replies":[{"embeddable":true,"href":"https:\/\/buechertanz.de\/index.php?rest_route=%2Fwp%2Fv2%2Fcomments&post=8090"}],"version-history":[{"count":5,"href":"https:\/\/buechertanz.de\/index.php?rest_route=\/wp\/v2\/pages\/8090\/revisions"}],"predecessor-version":[{"id":8108,"href":"https:\/\/buechertanz.de\/index.php?rest_route=\/wp\/v2\/pages\/8090\/revisions\/8108"}],"wp:attachment":[{"href":"https:\/\/buechertanz.de\/index.php?rest_route=%2Fwp%2Fv2%2Fmedia&parent=8090"}],"curies":[{"name":"wp","href":"https:\/\/api.w.org\/{rel}","templated":true}]}}