{"id":8901,"date":"2025-05-26T20:26:26","date_gmt":"2025-05-26T19:26:26","guid":{"rendered":"https:\/\/buechertanz.de\/?page_id=8901"},"modified":"2025-06-30T08:16:04","modified_gmt":"2025-06-30T07:16:04","slug":"gelesen-mai-2025","status":"publish","type":"page","link":"https:\/\/buechertanz.de\/?page_id=8901","title":{"rendered":"Gelesen Mai 2025"},"content":{"rendered":"\n<p class=\"has-drop-cap has-small-font-size\">Im\u00a0<strong>Mai 2025<\/strong>\u00a0habe ich <strong>acht B\u00fccher<\/strong>\u00a0mit insgesamt<strong>\u00a03.392 Seiten<\/strong>\u00a0gelesen:<br>Vier Rezensionsexemplare und drei weitere selbst gekaufte B\u00fccher (drei Prints &amp; ein eBook).<br><br>Ein herzlicher Dank f\u00fcr die Rezensionsexemplare bzw. Geschenke geht an: Den Heyne Verlag, Bettina Lausen, between pages by Piper und Jade Harris (Silvia Hildebrandt). <br>Ich hatte so viele wundersch\u00f6ne Lesestunden und Lesemomente und bin mit meinem Lesemonat sehr zufrieden.<\/p>\n\n\n\n<p class=\"has-small-font-size\">Viel Spa\u00df beim Schm\u00f6kern, eure<\/p>\n\n\n\n<figure class=\"wp-block-image size-large is-resized\"><img loading=\"lazy\" decoding=\"async\" width=\"1024\" height=\"404\" src=\"https:\/\/buechertanz.de\/wp-content\/uploads\/2024\/06\/Unterschrift-1024x404.jpg\" alt=\"\" class=\"wp-image-7473\" style=\"width:161px;height:auto\" srcset=\"https:\/\/buechertanz.de\/wp-content\/uploads\/2024\/06\/Unterschrift-1024x404.jpg 1024w, https:\/\/buechertanz.de\/wp-content\/uploads\/2024\/06\/Unterschrift-300x118.jpg 300w, https:\/\/buechertanz.de\/wp-content\/uploads\/2024\/06\/Unterschrift-768x303.jpg 768w, https:\/\/buechertanz.de\/wp-content\/uploads\/2024\/06\/Unterschrift.jpg 1500w\" sizes=\"auto, (max-width: 1024px) 100vw, 1024px\" \/><\/figure>\n\n\n<div class=\"wp-block-image is-style-default\">\n<figure class=\"aligncenter size-full is-resized\"><img loading=\"lazy\" decoding=\"async\" width=\"781\" height=\"781\" src=\"https:\/\/buechertanz.de\/wp-content\/uploads\/2025\/05\/05-Mai_komp.jpg\" alt=\"\" class=\"wp-image-8922\" style=\"width:420px;height:auto\" srcset=\"https:\/\/buechertanz.de\/wp-content\/uploads\/2025\/05\/05-Mai_komp.jpg 781w, https:\/\/buechertanz.de\/wp-content\/uploads\/2025\/05\/05-Mai_komp-300x300.jpg 300w, https:\/\/buechertanz.de\/wp-content\/uploads\/2025\/05\/05-Mai_komp-150x150.jpg 150w, https:\/\/buechertanz.de\/wp-content\/uploads\/2025\/05\/05-Mai_komp-768x768.jpg 768w\" sizes=\"auto, (max-width: 781px) 100vw, 781px\" \/><\/figure><\/div>\n\n\n<p>_<\/p>\n\n\n\n<div class=\"wp-block-media-text is-vertically-aligned-center\" style=\"grid-template-columns:25% auto\"><figure class=\"wp-block-media-text__media\"><img loading=\"lazy\" decoding=\"async\" width=\"326\" height=\"522\" src=\"https:\/\/buechertanz.de\/wp-content\/uploads\/2025\/05\/28-Die-Erbin.jpg\" alt=\"\" class=\"wp-image-8820 size-full\" srcset=\"https:\/\/buechertanz.de\/wp-content\/uploads\/2025\/05\/28-Die-Erbin.jpg 326w, https:\/\/buechertanz.de\/wp-content\/uploads\/2025\/05\/28-Die-Erbin-187x300.jpg 187w\" sizes=\"auto, (max-width: 326px) 100vw, 326px\" \/><\/figure><div class=\"wp-block-media-text__content\">\n<p class=\"has-small-font-size\" style=\"text-decoration:none\"><em>Rezensionsexemplar<\/em><br><br>Den Anfang des neuen Lesemonats machte das Buch <strong><em><a href=\"https:\/\/buechertanz.de\/?p=8826\" target=\"_blank\" rel=\"noreferrer noopener\">&#8222;Die Erbin&#8220; <\/a><\/em><\/strong>von Claire Winter. <br>Lange habe ich mich auf diesen Roman gefreut &#8211; und ich wurde nicht entt\u00e4uscht: Wie ein Sog hat mich die Geschichte mitgerissen und nicht mehr losgelassen. Die Hauptfiguren sind authentisch, gut entwickelt und vor allem stark gezeichnet &#8211; ihre Geschichten sind so emotional und bewegend, dass ich das ein oder andere Mal ein Taschentuch brauchte. Unbedingte Leseempfehlung f\u00fcr diesen gro\u00dfartigen Roman &#8211; ein absolutes Jahreshighlight.<\/p>\n<\/div><\/div>\n\n\n\n<p>_<\/p>\n\n\n\n<div class=\"wp-block-media-text has-media-on-the-right is-vertically-aligned-center\" style=\"grid-template-columns:auto 25%\"><div class=\"wp-block-media-text__content\">\n<p class=\"has-small-font-size\"><em>Selbst gekauft<\/em><br><br>Es folgte ein Buch, um das ich schon lange herum geschlichen bin &#8230; und das den Weg dann als Buch aus zweiter Hand zu mir gefunden hat: <strong><em>&#8222;Der verschwundene Buchladen&#8220; <\/em><\/strong>von Evie Woods.<br>So ein wundersch\u00f6nes Buch &#8211; f\u00fcr alle, die B\u00fccher lieben und sich in eine Welt der Fantasie und Magie entf\u00fchren lassen m\u00f6chten. Eine sehr lesenswerte und unterhaltsame Lekt\u00fcre! Ich bin einfach nur froh, dass ich es gelesen habe und mich diese Geschichte gefunden hat.<\/p>\n<\/div><figure class=\"wp-block-media-text__media\"><img loading=\"lazy\" decoding=\"async\" width=\"295\" height=\"445\" src=\"https:\/\/buechertanz.de\/wp-content\/uploads\/2025\/05\/29-Der-verschwundene-Buchladen.jpg\" alt=\"\" class=\"wp-image-8833 size-full\" srcset=\"https:\/\/buechertanz.de\/wp-content\/uploads\/2025\/05\/29-Der-verschwundene-Buchladen.jpg 295w, https:\/\/buechertanz.de\/wp-content\/uploads\/2025\/05\/29-Der-verschwundene-Buchladen-199x300.jpg 199w\" sizes=\"auto, (max-width: 295px) 100vw, 295px\" \/><\/figure><\/div>\n\n\n\n<p>_<\/p>\n\n\n\n<div class=\"wp-block-media-text is-vertically-aligned-center\" style=\"grid-template-columns:25% auto\"><figure class=\"wp-block-media-text__media\"><img loading=\"lazy\" decoding=\"async\" width=\"303\" height=\"466\" src=\"https:\/\/buechertanz.de\/wp-content\/uploads\/2025\/05\/30-Vor-hundert-Sommern.jpg\" alt=\"\" class=\"wp-image-8844 size-full\" srcset=\"https:\/\/buechertanz.de\/wp-content\/uploads\/2025\/05\/30-Vor-hundert-Sommern.jpg 303w, https:\/\/buechertanz.de\/wp-content\/uploads\/2025\/05\/30-Vor-hundert-Sommern-195x300.jpg 195w\" sizes=\"auto, (max-width: 303px) 100vw, 303px\" \/><\/figure><div class=\"wp-block-media-text__content\">\n<p class=\"has-small-font-size\"><em>Selbst gekauft<\/em><br><br>Weiter ging es mit dem Buch <strong><em>&#8222;Vor hundert Sommern&#8220; <\/em><\/strong>von Katharina Fuchs. Es ist eine Geschichte, die mich ab der ersten Seite mitgenommen und mich mit seinen vielf\u00e4ltigen Charakteren und Themen sehr ber\u00fchrt hat. Es war mein erstes Buch von Katharina Fuchs und ich freue mich schon auf ihre weiteren B\u00fccher. Ganz gro\u00dfe Empfehlung.<\/p>\n<\/div><\/div>\n\n\n\n<p>_<\/p>\n\n\n\n<div class=\"wp-block-media-text has-media-on-the-right is-vertically-aligned-center\" style=\"grid-template-columns:auto 25%\"><div class=\"wp-block-media-text__content\">\n<p class=\"has-small-font-size\"><em>Selbst gekauft<\/em><br><br>Diesen Monat musste ich den Familien von Falkenbach und Lehmann wieder einen Besuch abstatten: <strong><em>&#8222;Die Stunde des Widerstands&#8220; <\/em><\/strong>&#8211; der zw\u00f6lfte Band meiner Lieblingsbuchreihe.<br>Auch dieser Band h\u00e4lt, was er verspricht: Spannung pur! Ellin Carsta schafft es, auch nach so vielen B\u00e4nden, die Geschichte fesselnd und vor allem authentisch (weiter) zu erz\u00e4hlen. Die Mischung aus fiktiven und historischen Figuren gibt einen tiefen Einblick in die Gesellschaft der 1940er Jahre und zeigt den Mut und die Entschlossenheit des Widerstands. Unbedingt lesen&#8230;<\/p>\n<\/div><figure class=\"wp-block-media-text__media\"><img loading=\"lazy\" decoding=\"async\" width=\"302\" height=\"445\" src=\"https:\/\/buechertanz.de\/wp-content\/uploads\/2025\/05\/31-Die-Falkenbach-Saga-Die-Stunde-des-Widerstands.jpg\" alt=\"\" class=\"wp-image-8850 size-full\" srcset=\"https:\/\/buechertanz.de\/wp-content\/uploads\/2025\/05\/31-Die-Falkenbach-Saga-Die-Stunde-des-Widerstands.jpg 302w, https:\/\/buechertanz.de\/wp-content\/uploads\/2025\/05\/31-Die-Falkenbach-Saga-Die-Stunde-des-Widerstands-204x300.jpg 204w\" sizes=\"auto, (max-width: 302px) 100vw, 302px\" \/><\/figure><\/div>\n\n\n\n<p>_<\/p>\n\n\n\n<div class=\"wp-block-media-text is-vertically-aligned-center\" style=\"grid-template-columns:25% auto\"><figure class=\"wp-block-media-text__media\"><img loading=\"lazy\" decoding=\"async\" width=\"299\" height=\"466\" src=\"https:\/\/buechertanz.de\/wp-content\/uploads\/2025\/05\/32-Neue-Zeiten-auf-der-Koe-Die-Fotografin.jpg\" alt=\"\" class=\"wp-image-8854 size-full\" srcset=\"https:\/\/buechertanz.de\/wp-content\/uploads\/2025\/05\/32-Neue-Zeiten-auf-der-Koe-Die-Fotografin.jpg 299w, https:\/\/buechertanz.de\/wp-content\/uploads\/2025\/05\/32-Neue-Zeiten-auf-der-Koe-Die-Fotografin-192x300.jpg 192w\" sizes=\"auto, (max-width: 299px) 100vw, 299px\" \/><\/figure><div class=\"wp-block-media-text__content\">\n<p class=\"has-small-font-size\"><em>Rezensionsexemplar<\/em><br><br>Das Buch <em><strong><a href=\"https:\/\/buechertanz.de\/?p=8900\" target=\"_blank\" rel=\"noreferrer noopener\">&#8222;Neue Zeiten auf der K\u00f6 &#8211; Die Fotografin&#8220; <\/a><\/strong><\/em>von Bettina Lausen war meine n\u00e4chste Lekt\u00fcre. <br>Ab der ersten Seite nahm mich dieser gelungene zweite Band mit, ich mochte die vielen und vielf\u00e4ltigen Charaktere und die intensiven historischen Hintergr\u00fcnde. Genau so muss ein guter historischer Roman sein. Sehr lesenswert und lehrreich.<\/p>\n<\/div><\/div>\n\n\n\n<p>_<\/p>\n\n\n\n<div class=\"wp-block-media-text has-media-on-the-right is-vertically-aligned-center\" style=\"grid-template-columns:auto 25%\"><div class=\"wp-block-media-text__content\">\n<p class=\"has-small-font-size\"><em>Rezensionsexemplar<\/em><br><br>Ich blieb thematisch in den 1960er\/ 1970er Jahren: <strong><em><a href=\"https:\/\/buechertanz.de\/?p=8866\" target=\"_blank\" rel=\"noreferrer noopener\">&#8222;Die Akte Schneewei\u00df&#8220; <\/a><\/em><\/strong>von Felicitas Fuchs.<br>Obwohl der Einstieg in die Geschichte anfangs etwas holprig war, hat mich das Buch letztendlich doch sehr gefesselt. Ich kann es jedem empfehlen, der sich f\u00fcr historische Themen und die Entwicklung der Gesellschaft in Deutschland interessiert. Es ist ein tolles, interessantes Buch, das zum Nachdenken anregt und die Leserinnen und Leser auf eine emotionale Reise mitnimmt.<\/p>\n<\/div><figure class=\"wp-block-media-text__media\"><img loading=\"lazy\" decoding=\"async\" width=\"294\" height=\"445\" src=\"https:\/\/buechertanz.de\/wp-content\/uploads\/2025\/05\/33-Die-Akte-Schneeweiss-1.jpg\" alt=\"\" class=\"wp-image-8867 size-full\" srcset=\"https:\/\/buechertanz.de\/wp-content\/uploads\/2025\/05\/33-Die-Akte-Schneeweiss-1.jpg 294w, https:\/\/buechertanz.de\/wp-content\/uploads\/2025\/05\/33-Die-Akte-Schneeweiss-1-198x300.jpg 198w\" sizes=\"auto, (max-width: 294px) 100vw, 294px\" \/><\/figure><\/div>\n\n\n\n<p>_<\/p>\n\n\n\n<div class=\"wp-block-media-text\" style=\"grid-template-columns:25% auto\"><figure class=\"wp-block-media-text__media\"><img loading=\"lazy\" decoding=\"async\" width=\"302\" height=\"466\" src=\"https:\/\/buechertanz.de\/wp-content\/uploads\/2025\/05\/34-How-to-ruin-your-life-in-second-position.jpg\" alt=\"\" class=\"wp-image-8880 size-full\" srcset=\"https:\/\/buechertanz.de\/wp-content\/uploads\/2025\/05\/34-How-to-ruin-your-life-in-second-position.jpg 302w, https:\/\/buechertanz.de\/wp-content\/uploads\/2025\/05\/34-How-to-ruin-your-life-in-second-position-194x300.jpg 194w\" sizes=\"auto, (max-width: 302px) 100vw, 302px\" \/><\/figure><div class=\"wp-block-media-text__content\">\n<p class=\"has-small-font-size\"><em>Rezensionsexemplar<\/em><br><br>Nach den vielen historischen Romanen war es Zeit f\u00fcr einen Genre-Wechsel. Da kam das Geschenk von Silvia Hildebrandt gerade recht: <strong><em><a href=\"https:\/\/buechertanz.de\/?p=8886\" target=\"_blank\" rel=\"noreferrer noopener\">&#8222;How to ruin your life in second position&#8220;<\/a> <\/em><\/strong>&#8211; ein Gay Romance, den sie unter dem Pseudonym Jade Harris geschrieben hat.<br>Die ist ein bewegendes und authentisches Buch \u00fcber die Herausforderungen des Lebens &#8211; eine tiefe und komplexe Geschichte, die in meinem Ged\u00e4chtnis und Herzen bleiben wird. Sehr lesenswert.<\/p>\n<\/div><\/div>\n\n\n\n<p>_<\/p>\n\n\n\n<div class=\"wp-block-media-text has-media-on-the-right is-vertically-aligned-center\" style=\"grid-template-columns:auto 25%\"><div class=\"wp-block-media-text__content\">\n<p class=\"has-small-font-size\"><em>Selbst gekauft<\/em><br><br>Den Abschluss des Lesemonats Mai 2025 bildete das Buch <strong><em>&#8222;Am Meer ist es sch\u00f6n&#8220; <\/em><\/strong>von Barbara Leciejewski. <br>Es ist ein Roman, der unter die Haut geht und den ich mit Sicherheit nie wieder vergessen werde: Barbara Leciejewski hat eine Geschichte geschrieben, die tief mich ber\u00fchrt und mitunter auch sprachlos gemacht hat.<br>Nein, das Buch ist keine Wohlf\u00fchl-Lekt\u00fcre, es ist ein Buch das aufr\u00fcttelt. Unbedingt lesen!<\/p>\n<\/div><figure class=\"wp-block-media-text__media\"><img loading=\"lazy\" decoding=\"async\" width=\"279\" height=\"445\" src=\"https:\/\/buechertanz.de\/wp-content\/uploads\/2025\/05\/35-Am-Meer-ist-es-schoen.jpg\" alt=\"\" class=\"wp-image-8884 size-full\" srcset=\"https:\/\/buechertanz.de\/wp-content\/uploads\/2025\/05\/35-Am-Meer-ist-es-schoen.jpg 279w, https:\/\/buechertanz.de\/wp-content\/uploads\/2025\/05\/35-Am-Meer-ist-es-schoen-188x300.jpg 188w\" sizes=\"auto, (max-width: 279px) 100vw, 279px\" \/><\/figure><\/div>\n\n\n\n<p>_<\/p>\n","protected":false},"excerpt":{"rendered":"<p>Im\u00a0Mai 2025\u00a0habe ich acht B\u00fccher\u00a0mit insgesamt\u00a03.392 Seiten\u00a0gelesen:Vier Rezensionsexemplare und drei weitere selbst gekaufte B\u00fccher (drei Prints &amp; ein eBook). Ein herzlicher Dank f\u00fcr die Rezensionsexemplare bzw. Geschenke geht an: Den Heyne Verlag, Bettina Lausen, between pages by Piper und Jade Harris (Silvia Hildebrandt). Ich hatte so viele wundersch\u00f6ne Lesestunden und Lesemomente und bin mit meinem &hellip; <a href=\"https:\/\/buechertanz.de\/?page_id=8901\" class=\"more-link\"><span class=\"screen-reader-text\">Gelesen Mai 2025<\/span> weiterlesen<\/a><\/p>\n","protected":false},"author":2,"featured_media":0,"parent":0,"menu_order":0,"comment_status":"open","ping_status":"closed","template":"","meta":{"footnotes":""},"class_list":["post-8901","page","type-page","status-publish","hentry"],"_links":{"self":[{"href":"https:\/\/buechertanz.de\/index.php?rest_route=\/wp\/v2\/pages\/8901","targetHints":{"allow":["GET"]}}],"collection":[{"href":"https:\/\/buechertanz.de\/index.php?rest_route=\/wp\/v2\/pages"}],"about":[{"href":"https:\/\/buechertanz.de\/index.php?rest_route=\/wp\/v2\/types\/page"}],"author":[{"embeddable":true,"href":"https:\/\/buechertanz.de\/index.php?rest_route=\/wp\/v2\/users\/2"}],"replies":[{"embeddable":true,"href":"https:\/\/buechertanz.de\/index.php?rest_route=%2Fwp%2Fv2%2Fcomments&post=8901"}],"version-history":[{"count":6,"href":"https:\/\/buechertanz.de\/index.php?rest_route=\/wp\/v2\/pages\/8901\/revisions"}],"predecessor-version":[{"id":9008,"href":"https:\/\/buechertanz.de\/index.php?rest_route=\/wp\/v2\/pages\/8901\/revisions\/9008"}],"wp:attachment":[{"href":"https:\/\/buechertanz.de\/index.php?rest_route=%2Fwp%2Fv2%2Fmedia&parent=8901"}],"curies":[{"name":"wp","href":"https:\/\/api.w.org\/{rel}","templated":true}]}}