{"id":924,"date":"2019-12-01T12:27:38","date_gmt":"2019-12-01T11:27:38","guid":{"rendered":"http:\/\/buechertanz.de\/?page_id=924"},"modified":"2023-01-04T13:48:49","modified_gmt":"2023-01-04T12:48:49","slug":"neuzugaenge-november-2019","status":"publish","type":"page","link":"https:\/\/buechertanz.de\/?page_id=924","title":{"rendered":"Neuzug\u00e4nge November 2019"},"content":{"rendered":"\n<p class=\"has-drop-cap has-small-font-size\">Im November 2019 sind 18 neue B\u00fccher eingezogen:<br>Vier neue B\u00fccher, zw\u00f6lf B\u00fccher aus \u00f6ffentlichen B\u00fccherschr\u00e4nken, ein Rezensionsexemplar und ein Geschenk.<br>Von diesen Neuzug\u00e4ngen musste ich unbedingt &#8222;Tr\u00fcmmerkind&#8220; von Mechthild Borrmann und &#8222;Die Tr\u00e4nen von Triest&#8220; von Beate Maxian sofort lesen.<br>Falls es eine Rezension auf meinem Blog gibt, gelangt ihr mit einem Klick auf den Titel direkt bei der Rezension. <\/p>\n\n\n<div class=\"wp-block-image\">\n<figure class=\"aligncenter is-resized\"><img loading=\"lazy\" decoding=\"async\" src=\"https:\/\/buechertanz.de\/wp-content\/uploads\/2019\/12\/11-November-01-1-1024x768.jpg\" alt=\"\" class=\"wp-image-941\" width=\"544\" height=\"408\" srcset=\"https:\/\/buechertanz.de\/wp-content\/uploads\/2019\/12\/11-November-01-1-1024x768.jpg 1024w, https:\/\/buechertanz.de\/wp-content\/uploads\/2019\/12\/11-November-01-1-300x225.jpg 300w, https:\/\/buechertanz.de\/wp-content\/uploads\/2019\/12\/11-November-01-1-768x576.jpg 768w\" sizes=\"auto, (max-width: 544px) 100vw, 544px\" \/><\/figure><\/div>\n\n\n<p>_<\/p>\n\n\n\n<p class=\"has-drop-cap has-small-font-size\"><strong>Neue B\u00fccher:<\/strong><\/p>\n\n\n\n<p><\/p>\n\n\n\n<ul class=\"has-small-font-size wp-block-list\"><li>Oliver P\u00f6tzsch: <br><em>&#8222;Der Spielmann&#8220;<\/em><\/li><li>Tom Hillenbrand: <br><em>&#8222;Der Kaffeedieb&#8220;<\/em><\/li><li>Mechthild Borrmann: <br><em>&#8222;Tr\u00fcmmerkind&#8220;<\/em><\/li><li>Karen Swan: <br><em>&#8222;Sterne \u00fcber Rom&#8220;<\/em><\/li><\/ul>\n\n\n\n<p>_<\/p>\n\n\n\n<p class=\"has-drop-cap has-small-font-size\"><strong>\u00d6ffentliche B\u00fccherschr\u00e4nke:<\/strong><\/p>\n\n\n\n<p><\/p>\n\n\n\n<ul class=\"has-small-font-size wp-block-list\"><li>Corina Bomann: <br><em>&#8222;Der Lilienpakt&#8220;<\/em><\/li><li>Robert Harris: <br><em>&#8222;Konklave&#8220;<\/em><\/li><li>Donna Leon: <br><em>&#8222;Stille Wasser&#8220;<\/em><\/li><li>Asta Scheib: <br><em>&#8222;Sonntag in meinem Herzen&#8220;<\/em><\/li><li>Cecelia Ahern: <br><em>&#8222;Zwischen Himmel und Liebe&#8220;<\/em><\/li><li>Conny Walden: <br><em>&#8222;Die Papiermacherin&#8220;<\/em><\/li><li>Rose Tremain: <br><em>&#8222;Die Farbe der Tr\u00e4ume&#8220;<\/em><\/li><li>Inge Bart-Gr\u00f6zinger: <br><em>&#8222;Geliebte Berthe&#8220;<\/em><\/li><li>Stephane Hessel: <br><em>&#8222;Emp\u00f6rt euch&#8220;<\/em><\/li><li>Nicolas Barreau: <br><em>&#8222;Paris ist immer eine gute Idee&#8220;<\/em><\/li><li>Wolfram Fleischhauer: <br><em>&#8222;Drei Minuten bis zur Wirklichkeit&#8220;<\/em><\/li><li>Jonathan Franzen: <br><em>&#8222;Unschuld&#8220;<\/em><\/li><\/ul>\n\n\n\n<p>_<\/p>\n\n\n\n<p class=\"has-drop-cap has-small-font-size\"><strong>Rezensionsexemplar:<\/strong><\/p>\n\n\n\n<p><\/p>\n\n\n\n<ul class=\"has-small-font-size wp-block-list\"><li>Beate Maxian: <br><a rel=\"noreferrer noopener\" href=\"https:\/\/buechertanz.de\/?p=1101\" target=\"_blank\"><em>&#8222;Die Tr\u00e4nen von Triest&#8220;<\/em><\/a><\/li><\/ul>\n\n\n\n<p>_<\/p>\n\n\n\n<p class=\"has-drop-cap has-small-font-size\"><strong>Geschenk:<\/strong><\/p>\n\n\n\n<p><\/p>\n\n\n\n<ul class=\"has-small-font-size wp-block-list\"><li>Andrea Schacht, Julia Freidank: <br><em>&#8222;Das Erbe der Kr\u00e4uterfrau&#8220;<\/em><\/li><\/ul>\n\n\n\n<p>_<\/p>\n\n\n<div class=\"wp-block-image\">\n<figure class=\"aligncenter is-resized\"><img loading=\"lazy\" decoding=\"async\" src=\"https:\/\/buechertanz.de\/wp-content\/uploads\/2019\/03\/Blume-5.png\" alt=\"\" class=\"wp-image-367\" width=\"208\" height=\"240\" srcset=\"https:\/\/buechertanz.de\/wp-content\/uploads\/2019\/03\/Blume-5.png 264w, https:\/\/buechertanz.de\/wp-content\/uploads\/2019\/03\/Blume-5-260x300.png 260w\" sizes=\"auto, (max-width: 208px) 100vw, 208px\" \/><\/figure><\/div>","protected":false},"excerpt":{"rendered":"<p>Im November 2019 sind 18 neue B\u00fccher eingezogen:Vier neue B\u00fccher, zw\u00f6lf B\u00fccher aus \u00f6ffentlichen B\u00fccherschr\u00e4nken, ein Rezensionsexemplar und ein Geschenk.Von diesen Neuzug\u00e4ngen musste ich unbedingt &#8222;Tr\u00fcmmerkind&#8220; von Mechthild Borrmann und &#8222;Die Tr\u00e4nen von Triest&#8220; von Beate Maxian sofort lesen.Falls es eine Rezension auf meinem Blog gibt, gelangt ihr mit einem Klick auf den Titel direkt &hellip; <a href=\"https:\/\/buechertanz.de\/?page_id=924\" class=\"more-link\"><span class=\"screen-reader-text\">Neuzug\u00e4nge November 2019<\/span> weiterlesen<\/a><\/p>\n","protected":false},"author":2,"featured_media":0,"parent":0,"menu_order":0,"comment_status":"open","ping_status":"closed","template":"","meta":{"footnotes":""},"class_list":["post-924","page","type-page","status-publish","hentry"],"_links":{"self":[{"href":"https:\/\/buechertanz.de\/index.php?rest_route=\/wp\/v2\/pages\/924","targetHints":{"allow":["GET"]}}],"collection":[{"href":"https:\/\/buechertanz.de\/index.php?rest_route=\/wp\/v2\/pages"}],"about":[{"href":"https:\/\/buechertanz.de\/index.php?rest_route=\/wp\/v2\/types\/page"}],"author":[{"embeddable":true,"href":"https:\/\/buechertanz.de\/index.php?rest_route=\/wp\/v2\/users\/2"}],"replies":[{"embeddable":true,"href":"https:\/\/buechertanz.de\/index.php?rest_route=%2Fwp%2Fv2%2Fcomments&post=924"}],"version-history":[{"count":7,"href":"https:\/\/buechertanz.de\/index.php?rest_route=\/wp\/v2\/pages\/924\/revisions"}],"predecessor-version":[{"id":4241,"href":"https:\/\/buechertanz.de\/index.php?rest_route=\/wp\/v2\/pages\/924\/revisions\/4241"}],"wp:attachment":[{"href":"https:\/\/buechertanz.de\/index.php?rest_route=%2Fwp%2Fv2%2Fmedia&parent=924"}],"curies":[{"name":"wp","href":"https:\/\/api.w.org\/{rel}","templated":true}]}}