{"id":9372,"date":"2025-08-30T18:39:55","date_gmt":"2025-08-30T17:39:55","guid":{"rendered":"https:\/\/buechertanz.de\/?page_id=9372"},"modified":"2025-10-01T09:30:50","modified_gmt":"2025-10-01T08:30:50","slug":"gelesen-august-2025","status":"publish","type":"page","link":"https:\/\/buechertanz.de\/?page_id=9372","title":{"rendered":"Gelesen August 2025"},"content":{"rendered":"\n<p class=\"has-drop-cap has-small-font-size\">Im&nbsp;<strong>August 2025<\/strong>&nbsp;habe ich&nbsp;<strong>zehn B\u00fccher<\/strong>&nbsp;mit insgesamt<strong>&nbsp;3.515 Seiten<\/strong>&nbsp;gelesen:<br><br><br>&#8211; Vier Rezensionsexemplare (ein Print, drei eBooks)<br>&#8211; Ein Geschenk (Print) <br>&#8211; F\u00fcnf selbstgekaufte B\u00fccher (drei Prints, zwei eBooks)<br><br>Ein herzlicher Dank f\u00fcr die Rezensionsexemplare geht an die Autorinnen Rosina Gr\u00fcn, Kristina Herzog, Charlotte von Feyerabend und Ann-Kathrin Wasle und an den Droemer-Knaur Verlag. <br>Zehn B\u00fccher &#8211; ein neuer Rekord. Ich hatte so viele wundersch\u00f6ne Lesestunden und Lesemomente und bin mit meinem Lesemonat sehr zufrieden. Lieben Dank an alle Autorinnen f\u00fcr eure Geschichten.<\/p>\n\n\n\n<p class=\"has-small-font-size\">Viel Spa\u00df beim Schm\u00f6kern, eure<\/p>\n\n\n\n<figure class=\"wp-block-image size-large is-resized\"><img loading=\"lazy\" decoding=\"async\" width=\"1024\" height=\"404\" src=\"https:\/\/buechertanz.de\/wp-content\/uploads\/2024\/06\/Unterschrift-1024x404.jpg\" alt=\"\" class=\"wp-image-7473\" style=\"width:155px;height:auto\" srcset=\"https:\/\/buechertanz.de\/wp-content\/uploads\/2024\/06\/Unterschrift-1024x404.jpg 1024w, https:\/\/buechertanz.de\/wp-content\/uploads\/2024\/06\/Unterschrift-300x118.jpg 300w, https:\/\/buechertanz.de\/wp-content\/uploads\/2024\/06\/Unterschrift-768x303.jpg 768w, https:\/\/buechertanz.de\/wp-content\/uploads\/2024\/06\/Unterschrift.jpg 1500w\" sizes=\"auto, (max-width: 1024px) 100vw, 1024px\" \/><\/figure>\n\n\n\n<p class=\"has-text-align-center\">_ _ _ <\/p>\n\n\n<div class=\"wp-block-image\">\n<figure class=\"aligncenter size-full is-resized\"><img loading=\"lazy\" decoding=\"async\" width=\"657\" height=\"875\" src=\"https:\/\/buechertanz.de\/wp-content\/uploads\/2025\/08\/08-August_01_komp.jpg\" alt=\"\" class=\"wp-image-9382\" style=\"width:394px;height:auto\" srcset=\"https:\/\/buechertanz.de\/wp-content\/uploads\/2025\/08\/08-August_01_komp.jpg 657w, https:\/\/buechertanz.de\/wp-content\/uploads\/2025\/08\/08-August_01_komp-225x300.jpg 225w\" sizes=\"auto, (max-width: 657px) 100vw, 657px\" \/><\/figure><\/div>\n\n\n<p class=\"has-text-align-center\">_ _ _ <\/p>\n\n\n\n<div class=\"wp-block-media-text is-vertically-aligned-center\" style=\"grid-template-columns:25% auto\"><figure class=\"wp-block-media-text__media\"><img loading=\"lazy\" decoding=\"async\" width=\"326\" height=\"522\" src=\"https:\/\/buechertanz.de\/wp-content\/uploads\/2025\/07\/52-Mein-Herz-bei-ihnen.jpg\" alt=\"\" class=\"wp-image-9232 size-full\" srcset=\"https:\/\/buechertanz.de\/wp-content\/uploads\/2025\/07\/52-Mein-Herz-bei-ihnen.jpg 326w, https:\/\/buechertanz.de\/wp-content\/uploads\/2025\/07\/52-Mein-Herz-bei-ihnen-187x300.jpg 187w\" sizes=\"auto, (max-width: 326px) 100vw, 326px\" \/><\/figure><div class=\"wp-block-media-text__content\">\n<p class=\"has-small-font-size\"><em>Rezensionsexemplar<\/em><br><br>Das erste Buch des neuen Lesemonats war <strong><em><a href=\"https:\/\/buechertanz.de\/?p=9263\" target=\"_blank\" rel=\"noreferrer noopener\">&#8222;Mein Herz bei ihnen&#8220;<\/a> <\/em><\/strong>von Rosina Gr\u00fcn. <br>Dieser gelungene zweite Band einer mitrei\u00dfenden Buchreihe hat mich emotional ber\u00fchrt, mich aber auch zum Nachdenken angeregt, besonders durch die Themen von Verlust und tiefer Liebe, und wird mit Sicherheit noch lange nachklingen. Absolut lesenswert!<br><\/p>\n<\/div><\/div>\n\n\n\n<p class=\"has-text-align-center\">_ _ _ <\/p>\n\n\n\n<div class=\"wp-block-media-text has-media-on-the-right is-vertically-aligned-center\" style=\"grid-template-columns:auto 25%\"><div class=\"wp-block-media-text__content\">\n<p class=\"has-small-font-size\"><em>Selbst gekauft<\/em><br><br>Es folgte das Buch <strong><em>&#8222;Wie der Wind und das Meer&#8220; <\/em><\/strong>von Lilli Beck. Dieses Buch stand sechs Jahre lang ungelesen in meinem B\u00fccherregal und ich habe nicht geahnt, was sich hier f\u00fcr ein Buchschatz versteckt. Ein gro\u00dfartiges Buch, das mich mit Sicherheit noch lange nach dem Lesen besch\u00e4ftigen wird. Unbedingt lesen.<\/p>\n<\/div><figure class=\"wp-block-media-text__media\"><img loading=\"lazy\" decoding=\"async\" width=\"279\" height=\"445\" src=\"https:\/\/buechertanz.de\/wp-content\/uploads\/2025\/08\/53-Wie-der-Wind-und-das-Meer.jpg\" alt=\"\" class=\"wp-image-9237 size-full\" srcset=\"https:\/\/buechertanz.de\/wp-content\/uploads\/2025\/08\/53-Wie-der-Wind-und-das-Meer.jpg 279w, https:\/\/buechertanz.de\/wp-content\/uploads\/2025\/08\/53-Wie-der-Wind-und-das-Meer-188x300.jpg 188w\" sizes=\"auto, (max-width: 279px) 100vw, 279px\" \/><\/figure><\/div>\n\n\n\n<p class=\"has-text-align-center\">_ _ _ <\/p>\n\n\n\n<div class=\"wp-block-media-text is-vertically-aligned-center\" style=\"grid-template-columns:25% auto\"><figure class=\"wp-block-media-text__media\"><img loading=\"lazy\" decoding=\"async\" width=\"316\" height=\"466\" src=\"https:\/\/buechertanz.de\/wp-content\/uploads\/2025\/08\/54-Wer-ins-Licht-treten-will.jpg\" alt=\"\" class=\"wp-image-9269 size-full\" srcset=\"https:\/\/buechertanz.de\/wp-content\/uploads\/2025\/08\/54-Wer-ins-Licht-treten-will.jpg 316w, https:\/\/buechertanz.de\/wp-content\/uploads\/2025\/08\/54-Wer-ins-Licht-treten-will-203x300.jpg 203w\" sizes=\"auto, (max-width: 316px) 100vw, 316px\" \/><\/figure><div class=\"wp-block-media-text__content\">\n<p class=\"has-small-font-size\"><em>Selbst gekauft<\/em><br><br>Weiter ging es mit dem lang ersehnten Buch <strong><em>&#8222;Wer ins Licht treten will&#8220; <\/em><\/strong>von Melanie Metzenthin. <br>Dieser zweite Band ist einfach nur wunderbar und sehr atmosph\u00e4risch. Ein ganz gro\u00dfes Lesevergn\u00fcgen, der die Vorfreude auf den dritten Band weckt und gleichzeitig ein Wiedersehen mit den Figuren aus <em>&#8222;Die Hafenschwester&#8220; <\/em>bietet. Klasse!<\/p>\n<\/div><\/div>\n\n\n\n<p class=\"has-text-align-center\">_ _ _ <\/p>\n\n\n\n<div class=\"wp-block-media-text has-media-on-the-right is-vertically-aligned-center\" style=\"grid-template-columns:auto 25%\"><div class=\"wp-block-media-text__content\">\n<p class=\"has-small-font-size\"><em>Selbst gekauft<\/em><br><br>Das Buch <em><strong>&#8222;Schwestern des brennenden Himmels&#8220;<\/strong><\/em> von Hanna Caspian ist ein mitrei\u00dfender Roman, der mich von Anfang an in seinen Bann gezogen hat. Die Autorin hat eine gro\u00dfartige Geschichte geschrieben, die sowohl historisch interessant als auch emotional bewegend ist. F\u00fcr mich pers\u00f6nlich war dieses Buch ein gro\u00dfes Highlight im Lesejahr 2025 &#8211; eine Geschichte, die mich von Anfang bis Ende gefesselt hat und mich mit Sicherheit noch l\u00e4nger besch\u00e4ftigen wird. Sehr empfehlenswert.<\/p>\n<\/div><figure class=\"wp-block-media-text__media\"><img loading=\"lazy\" decoding=\"async\" width=\"286\" height=\"445\" src=\"https:\/\/buechertanz.de\/wp-content\/uploads\/2025\/08\/55-Schwestern-des-brennenden-Himmels.jpg\" alt=\"\" class=\"wp-image-9274 size-full\" srcset=\"https:\/\/buechertanz.de\/wp-content\/uploads\/2025\/08\/55-Schwestern-des-brennenden-Himmels.jpg 286w, https:\/\/buechertanz.de\/wp-content\/uploads\/2025\/08\/55-Schwestern-des-brennenden-Himmels-193x300.jpg 193w\" sizes=\"auto, (max-width: 286px) 100vw, 286px\" \/><\/figure><\/div>\n\n\n\n<p class=\"has-text-align-center\"> _ _ _ <\/p>\n\n\n\n<div class=\"wp-block-media-text\" style=\"grid-template-columns:25% auto\"><figure class=\"wp-block-media-text__media\"><img loading=\"lazy\" decoding=\"async\" width=\"307\" height=\"466\" src=\"https:\/\/buechertanz.de\/wp-content\/uploads\/2025\/08\/56-Die-Sternberg-Saga-Was-die-Liebe-ersehnt.jpg\" alt=\"\" class=\"wp-image-9280 size-full\" srcset=\"https:\/\/buechertanz.de\/wp-content\/uploads\/2025\/08\/56-Die-Sternberg-Saga-Was-die-Liebe-ersehnt.jpg 307w, https:\/\/buechertanz.de\/wp-content\/uploads\/2025\/08\/56-Die-Sternberg-Saga-Was-die-Liebe-ersehnt-198x300.jpg 198w\" sizes=\"auto, (max-width: 307px) 100vw, 307px\" \/><\/figure><div class=\"wp-block-media-text__content\">\n<p class=\"has-small-font-size\"><em>Rezensionsexemplar<\/em><br><br><strong><em><a href=\"https:\/\/buechertanz.de\/?p=9284\" target=\"_blank\" rel=\"noreferrer noopener\">&#8222;Was die Liebe ersehnt&#8220;<\/a> <\/em><\/strong>von Kristina Herzog ist der vierte Band der lesenswerten <em>&#8222;Sternberg-Saga&#8220;. <\/em><br>Das Buch entf\u00fchrt seine Leser und Leserinnen in eine andere Zeit und l\u00e4sst diese mit den Charakteren mitf\u00fchlen. Kristina Herzog hat einen \u00fcberzeugenden Roman geschaffen, der bis zum Schluss fesselt und einen emotionalen Einblick in die Geschichte und die Erfahrungen der Menschen in dieser Zeit gibt. Sehr lesenswert!<\/p>\n<\/div><\/div>\n\n\n\n<p class=\"has-text-align-center\">_ _ _ <\/p>\n\n\n\n<div class=\"wp-block-media-text has-media-on-the-right is-vertically-aligned-center\" style=\"grid-template-columns:auto 25%\"><div class=\"wp-block-media-text__content\">\n<p class=\"has-small-font-size\"><em>Rezensionsexemplar<\/em><br><br>Das Buch <strong><em><a href=\"https:\/\/buechertanz.de\/?p=9320\" target=\"_blank\" rel=\"noreferrer noopener\"><em><strong>&#8222;Liebesrausch \u2013 Ana\u00efs Nin und Henry Miller in Paris&#8220;<\/strong><\/em> <\/a><\/em><\/strong>von Charlotte von Feyerabend erscheint am 01. September 2025.<br>Dieser Roman entf\u00fchrt die Leserinnen und Leser in die Welt der 1930er Jahre und erz\u00e4hlt eine faszinierende Geschichte von Liebe, Kunst und Identit\u00e4t. Die Autorin hat die Charaktere nuanciert und ambivalent dargestellt und sie gibt so einen intensiven Einblick in die Leben und Werke von Ana\u00efs Nin und Henry Miller. Sehr lesenswert.<\/p>\n<\/div><figure class=\"wp-block-media-text__media\"><img loading=\"lazy\" decoding=\"async\" width=\"286\" height=\"445\" src=\"https:\/\/buechertanz.de\/wp-content\/uploads\/2025\/08\/57-Liebesrausch.jpg\" alt=\"\" class=\"wp-image-9301 size-full\" srcset=\"https:\/\/buechertanz.de\/wp-content\/uploads\/2025\/08\/57-Liebesrausch.jpg 286w, https:\/\/buechertanz.de\/wp-content\/uploads\/2025\/08\/57-Liebesrausch-193x300.jpg 193w\" sizes=\"auto, (max-width: 286px) 100vw, 286px\" \/><\/figure><\/div>\n\n\n\n<p class=\"has-text-align-center\">_ _ _ <\/p>\n\n\n\n<div class=\"wp-block-media-text is-vertically-aligned-center\" style=\"grid-template-columns:25% auto\"><figure class=\"wp-block-media-text__media\"><img loading=\"lazy\" decoding=\"async\" width=\"293\" height=\"445\" src=\"https:\/\/buechertanz.de\/wp-content\/uploads\/2025\/08\/58-Die-kleine-Nymphe.jpg\" alt=\"\" class=\"wp-image-9314 size-full\" srcset=\"https:\/\/buechertanz.de\/wp-content\/uploads\/2025\/08\/58-Die-kleine-Nymphe.jpg 293w, https:\/\/buechertanz.de\/wp-content\/uploads\/2025\/08\/58-Die-kleine-Nymphe-198x300.jpg 198w\" sizes=\"auto, (max-width: 293px) 100vw, 293px\" \/><\/figure><div class=\"wp-block-media-text__content\">\n<p class=\"has-small-font-size\"><em>Rezensionsexemplar<\/em><br><br>Das Buch <em><strong><a href=\"https:\/\/buechertanz.de\/?p=9345\" target=\"_blank\" rel=\"noreferrer noopener\">&#8222;Die kleine Nymphe&#8220;<\/a> <\/strong><\/em>von Ann-Kathrin Wasle erscheint am 01. Oktober 2025.<br>Es ist ein Buch f\u00fcr Kinder ab acht Jahren &#8211; und es ist einfach nur wundersch\u00f6n. Ich bin ganz beseelt und begeistert von dieser fantasievollen Geschichte. Mehr m\u00f6chte ich noch nicht verraten &#8211; meine Rezension geht am offiziellen ET online.<br>Update: Die Rezension ist nun online. <\/p>\n<\/div><\/div>\n\n\n\n<p class=\"has-text-align-center\">_ _ _ <\/p>\n\n\n\n<div class=\"wp-block-media-text has-media-on-the-right is-vertically-aligned-center\" style=\"grid-template-columns:auto 25%\"><div class=\"wp-block-media-text__content\">\n<p class=\"has-small-font-size\"><em>Geschenk<\/em><br><br>Vor 11 Jahren kam <strong><em>&#8222;Das Haus am Himmelrand&#8220;<\/em><\/strong> &#8211; der Deb\u00fctroman von Bettina Storks &#8211; auf den Markt. Jetzt habe ich diesen Roman endlich gelesen &#8230; und bin so so sehr ber\u00fchrt und beeindruckt.<br>Diese packende Geschichte hat mich mit den authentischen Charakteren und der emotionalen Tiefe absolut \u00fcberzeugt. Sehr lesenswert und ein absolutes Jahreshighlight.&nbsp;<\/p>\n<\/div><figure class=\"wp-block-media-text__media\"><img loading=\"lazy\" decoding=\"async\" width=\"275\" height=\"445\" src=\"https:\/\/buechertanz.de\/wp-content\/uploads\/2025\/08\/59-Das-Haus-am-Himmelsrand.jpg\" alt=\"\" class=\"wp-image-9336 size-full\" srcset=\"https:\/\/buechertanz.de\/wp-content\/uploads\/2025\/08\/59-Das-Haus-am-Himmelsrand.jpg 275w, https:\/\/buechertanz.de\/wp-content\/uploads\/2025\/08\/59-Das-Haus-am-Himmelsrand-185x300.jpg 185w\" sizes=\"auto, (max-width: 275px) 100vw, 275px\" \/><\/figure><\/div>\n\n\n\n<p class=\"has-text-align-center\">_ _ _ <\/p>\n\n\n\n<div class=\"wp-block-media-text is-vertically-aligned-center\" style=\"grid-template-columns:25% auto\"><figure class=\"wp-block-media-text__media\"><img loading=\"lazy\" decoding=\"async\" width=\"310\" height=\"466\" src=\"https:\/\/buechertanz.de\/wp-content\/uploads\/2025\/08\/60-Sonst-war-es-still.jpg\" alt=\"\" class=\"wp-image-9351 size-full\" srcset=\"https:\/\/buechertanz.de\/wp-content\/uploads\/2025\/08\/60-Sonst-war-es-still.jpg 310w, https:\/\/buechertanz.de\/wp-content\/uploads\/2025\/08\/60-Sonst-war-es-still-200x300.jpg 200w\" sizes=\"auto, (max-width: 310px) 100vw, 310px\" \/><\/figure><div class=\"wp-block-media-text__content\">\n<p class=\"has-small-font-size\"><em>Selbst gekauft<\/em><br><br>Das Buch <strong><em>&#8222;Sonst war es still&#8220;<\/em><\/strong> hat einen Umfang von 100 Seiten, doch leichte Lekt\u00fcre ist es nicht.<br>Hier wird anhand von ersch\u00fcttertenden Augenzeugen-Berichten und mit teilweise bisher unver\u00f6ffentlichten Fotos der schwere Luftangriff der Royal Air Force am Abend des 27. November 1944 auf Freiburg erz\u00e4hlt. Mir hat das Buch und die Zusammenstellung sehr gefallen, auch wenn mich die Berichte mitunter sehr mitgenommen haben.<br>Eine sehr wichtige Lekt\u00fcre und eine eindringliche Mahnung, was Kriege anrichten. Sehr lesenswert.<br><br><\/p>\n<\/div><\/div>\n\n\n\n<p class=\"has-text-align-center\">_ _ _ <\/p>\n\n\n\n<div class=\"wp-block-media-text has-media-on-the-right is-vertically-aligned-center\" style=\"grid-template-columns:auto 25%\"><div class=\"wp-block-media-text__content\">\n<p class=\"has-small-font-size\"><em>Selbst gekauft<\/em><br><br>Den Abschluss des Lesemonats August 2025 machte das Buch <strong><em>&#8222;Der Ruf der Pelikane&#8220; <\/em><\/strong>von Hannah Hope. <br>Die Spannung und Dramatik haben mich von Anfang bis Ende gefesselt und ich freute mich, die Figuren wieder zu treffen.<br>Auch wenn man diesen zweiten Band ohne Vorkenntnisse des ersten Bandes lesen kann, empfehle ich trotzdem die komplette Reihe zu lesen, da man so die Figuren und deren Hintergr\u00fcnde und Handlungen besser verstehen kann.<br>Ein starkes und mitrei\u00dfendes Leseerlebnis, das ich euch wirklich sehr empfehlen kann.<\/p>\n<\/div><figure class=\"wp-block-media-text__media\"><img loading=\"lazy\" decoding=\"async\" width=\"316\" height=\"466\" src=\"https:\/\/buechertanz.de\/wp-content\/uploads\/2025\/08\/Der-Ruf-der-Pelikane.jpg\" alt=\"\" class=\"wp-image-9359 size-full\" srcset=\"https:\/\/buechertanz.de\/wp-content\/uploads\/2025\/08\/Der-Ruf-der-Pelikane.jpg 316w, https:\/\/buechertanz.de\/wp-content\/uploads\/2025\/08\/Der-Ruf-der-Pelikane-203x300.jpg 203w\" sizes=\"auto, (max-width: 316px) 100vw, 316px\" \/><\/figure><\/div>\n\n\n\n<p class=\"has-text-align-center\">_ _ _ <\/p>\n","protected":false},"excerpt":{"rendered":"<p>Im&nbsp;August 2025&nbsp;habe ich&nbsp;zehn B\u00fccher&nbsp;mit insgesamt&nbsp;3.515 Seiten&nbsp;gelesen: &#8211; Vier Rezensionsexemplare (ein Print, drei eBooks)&#8211; Ein Geschenk (Print) &#8211; F\u00fcnf selbstgekaufte B\u00fccher (drei Prints, zwei eBooks) Ein herzlicher Dank f\u00fcr die Rezensionsexemplare geht an die Autorinnen Rosina Gr\u00fcn, Kristina Herzog, Charlotte von Feyerabend und Ann-Kathrin Wasle und an den Droemer-Knaur Verlag. Zehn B\u00fccher &#8211; ein neuer Rekord. &hellip; <a href=\"https:\/\/buechertanz.de\/?page_id=9372\" class=\"more-link\"><span class=\"screen-reader-text\">Gelesen August 2025<\/span> weiterlesen<\/a><\/p>\n","protected":false},"author":2,"featured_media":0,"parent":0,"menu_order":0,"comment_status":"open","ping_status":"closed","template":"","meta":{"footnotes":""},"class_list":["post-9372","page","type-page","status-publish","hentry"],"_links":{"self":[{"href":"https:\/\/buechertanz.de\/index.php?rest_route=\/wp\/v2\/pages\/9372","targetHints":{"allow":["GET"]}}],"collection":[{"href":"https:\/\/buechertanz.de\/index.php?rest_route=\/wp\/v2\/pages"}],"about":[{"href":"https:\/\/buechertanz.de\/index.php?rest_route=\/wp\/v2\/types\/page"}],"author":[{"embeddable":true,"href":"https:\/\/buechertanz.de\/index.php?rest_route=\/wp\/v2\/users\/2"}],"replies":[{"embeddable":true,"href":"https:\/\/buechertanz.de\/index.php?rest_route=%2Fwp%2Fv2%2Fcomments&post=9372"}],"version-history":[{"count":6,"href":"https:\/\/buechertanz.de\/index.php?rest_route=\/wp\/v2\/pages\/9372\/revisions"}],"predecessor-version":[{"id":9535,"href":"https:\/\/buechertanz.de\/index.php?rest_route=\/wp\/v2\/pages\/9372\/revisions\/9535"}],"wp:attachment":[{"href":"https:\/\/buechertanz.de\/index.php?rest_route=%2Fwp%2Fv2%2Fmedia&parent=9372"}],"curies":[{"name":"wp","href":"https:\/\/api.w.org\/{rel}","templated":true}]}}