{"id":9510,"date":"2025-09-29T16:05:26","date_gmt":"2025-09-29T15:05:26","guid":{"rendered":"https:\/\/buechertanz.de\/?page_id=9510"},"modified":"2025-12-18T10:52:42","modified_gmt":"2025-12-18T09:52:42","slug":"neuzugaenge-september-2025","status":"publish","type":"page","link":"https:\/\/buechertanz.de\/?page_id=9510","title":{"rendered":"Neuzug\u00e4nge September 2025"},"content":{"rendered":"\n<p class=\"has-drop-cap has-small-font-size\">Im&nbsp;<strong>September 2025<\/strong>&nbsp;sind insgesamt&nbsp;<strong>25 B\u00fccher&nbsp;<\/strong>hier eingezogen:<br><br><br>\u2013 Drei Rezensionsexemplare (zwei Prints, ein ebook)<br>\u2013 Ein Geschenk (Print)<br>\u2013 Neun B\u00fccher aus zweiter Hand <br>\u2013 12 selbst gekaufte B\u00fccher (f\u00fcnf Prints, sieben eBooks)<br><br>Herzlichen Dank an den Gmeiner Verlag und an den Penguin Verlag und an den Autor Michael Paul f\u00fcr die Rezensionsexemplare und an die Autorin Charlotte von Feyerabend f\u00fcr das Geschenk.<br>Falls es schon ausf\u00fchrlichen Rezensionen gibt, gelangt ihr mit einem Klick auf den Titel dorthin.<br>Ich freue mich schon auf viele gem\u00fctliche Lesestunden und w\u00fcnsche euch viel Spa\u00df beim St\u00f6bern!<\/p>\n\n\n\n<p class=\"has-small-font-size\">Eure<\/p>\n\n\n\n<figure class=\"wp-block-image size-large is-resized\"><img loading=\"lazy\" decoding=\"async\" width=\"1024\" height=\"404\" src=\"https:\/\/buechertanz.de\/wp-content\/uploads\/2024\/06\/Unterschrift-1024x404.jpg\" alt=\"\" class=\"wp-image-7473\" style=\"width:153px;height:auto\" srcset=\"https:\/\/buechertanz.de\/wp-content\/uploads\/2024\/06\/Unterschrift-1024x404.jpg 1024w, https:\/\/buechertanz.de\/wp-content\/uploads\/2024\/06\/Unterschrift-300x118.jpg 300w, https:\/\/buechertanz.de\/wp-content\/uploads\/2024\/06\/Unterschrift-768x303.jpg 768w, https:\/\/buechertanz.de\/wp-content\/uploads\/2024\/06\/Unterschrift.jpg 1500w\" sizes=\"auto, (max-width: 1024px) 100vw, 1024px\" \/><\/figure>\n\n\n\n<p class=\"has-text-align-center\">_ _ _ <\/p>\n\n\n\n<p class=\"has-drop-cap has-small-font-size\"><strong><strong>Rezensionsexemplare\/ Geschenke\/ Second Hand:<\/strong><\/strong><\/p>\n\n\n\n<p><\/p>\n\n\n<div class=\"wp-block-image\">\n<figure class=\"aligncenter size-full is-resized\"><img loading=\"lazy\" decoding=\"async\" width=\"675\" height=\"896\" src=\"https:\/\/buechertanz.de\/wp-content\/uploads\/2025\/09\/09-September-Rezensionsexemplare-und-Second-Hand_komp.jpg\" alt=\"\" class=\"wp-image-9520\" style=\"width:377px;height:auto\" srcset=\"https:\/\/buechertanz.de\/wp-content\/uploads\/2025\/09\/09-September-Rezensionsexemplare-und-Second-Hand_komp.jpg 675w, https:\/\/buechertanz.de\/wp-content\/uploads\/2025\/09\/09-September-Rezensionsexemplare-und-Second-Hand_komp-226x300.jpg 226w\" sizes=\"auto, (max-width: 675px) 100vw, 675px\" \/><\/figure><\/div>\n\n\n<ul class=\"wp-block-list\">\n<li class=\"has-small-font-size\"><strong>Karin Joachim:<\/strong><br><em><a href=\"https:\/\/buechertanz.de\/?p=9430\" target=\"_blank\" rel=\"noreferrer noopener\">&#8222;Das Gl\u00fcck der B\u00fccher&#8220;<\/a><\/em> (Print)<\/li>\n\n\n\n<li class=\"has-small-font-size\"><strong>Maria Nikolai:<\/strong><br><a href=\"https:\/\/buechertanz.de\/?p=9466\" target=\"_blank\" rel=\"noreferrer noopener\"><em>&#8222;Little Germany &#8211; Der Geschmack von Freiheit&#8220;<\/em> <\/a>(Print)<\/li>\n\n\n\n<li class=\"has-small-font-size\"><strong>Charlotte von Feyerabend:<\/strong><br>&#8222;<em><a href=\"https:\/\/buechertanz.de\/?p=9320\" target=\"_blank\" rel=\"noreferrer noopener\"><em>Liebesrausch \u2013 Ana\u00efs Nin und Henry Miller in Paris<\/em><\/a>&#8220;&nbsp; <\/em>(Print) &amp; <em>&#8222;Seid nett aufeinander&#8220; <\/em>(Print)<\/li>\n\n\n\n<li class=\"has-small-font-size\"><strong>Michael Paul:<\/strong><br><a href=\"https:\/\/buechertanz.de\/?p=9640\" target=\"_blank\" rel=\"noreferrer noopener\"><em>&#8222;Rauch \u00fcberm Land&#8220;<\/em> (eBook)<\/a><\/li>\n\n\n\n<li class=\"has-small-font-size\"><strong>Nadja Raiser:<\/strong><br><em>&#8222;Die Weltenseglerin&#8220; <\/em>(Print)<\/li>\n\n\n\n<li class=\"has-small-font-size\"><strong>Liane Kirchner:<br><\/strong><em>&#8222;Sanssouci war nicht mehr frei&#8220;<\/em> (Print)<\/li>\n\n\n\n<li class=\"has-small-font-size\"><strong>Anna Hussen:<br><\/strong><em>&#8222;Der Duft von Marzipan&#8220;<\/em> (Print) &amp; <em>&#8222;Die Liebe am Horizont&#8220;<\/em> (Print)<\/li>\n\n\n\n<li class=\"has-small-font-size\"><strong>Mechthild Borrmann:<br><\/strong><em>&#8222;Feldpost&#8220;<\/em> (Print) &amp; <em>&#8222;Der Geiger&#8220;<\/em> (Print)<\/li>\n\n\n\n<li class=\"has-small-font-size\"><strong>Eva V\u00f6ller:<br><\/strong><em>&#8222;Der Sommer am Ende der Welt&#8220;<\/em> (Print)<\/li>\n\n\n\n<li class=\"has-small-font-size\"><strong>Sebastian Fitzek:<br><\/strong>&#8222;<em>Die Einladung&#8220;<\/em> (Print)<\/li>\n<\/ul>\n\n\n\n<p class=\"has-text-align-center\">_ _ _ <\/p>\n\n\n\n<p class=\"has-drop-cap has-small-font-size\"><strong>Selbstgekaufte B\u00fccher\/ eBooks:<\/strong><\/p>\n\n\n\n<p><\/p>\n\n\n\n<p><\/p>\n\n\n<div class=\"wp-block-image\">\n<figure class=\"aligncenter size-full is-resized\"><img loading=\"lazy\" decoding=\"async\" width=\"619\" height=\"822\" src=\"https:\/\/buechertanz.de\/wp-content\/uploads\/2025\/09\/09-September-Selbstgekauft_komp.jpg\" alt=\"\" class=\"wp-image-9522\" style=\"width:377px\" srcset=\"https:\/\/buechertanz.de\/wp-content\/uploads\/2025\/09\/09-September-Selbstgekauft_komp.jpg 619w, https:\/\/buechertanz.de\/wp-content\/uploads\/2025\/09\/09-September-Selbstgekauft_komp-226x300.jpg 226w\" sizes=\"auto, (max-width: 619px) 100vw, 619px\" \/><\/figure><\/div>\n\n\n<ul class=\"wp-block-list\">\n<li class=\"has-small-font-size\"><strong>Evie Woods:<\/strong><br><em>&#8222;Die geheimnisvolle B\u00e4ckerei in der Rue de Paris&#8220;<\/em> (Print)<\/li>\n\n\n\n<li class=\"has-small-font-size\"><strong>Susanne Betz:<\/strong><br><em>&#8222;Heumahd&#8220; <\/em>(eBook)<\/li>\n\n\n\n<li class=\"has-small-font-size\"><strong>Th\u00e9r\u00e8se Lambert:<\/strong><br><em>&#8222;Wenn die Bl\u00e4tter wieder tanzen&#8220;<\/em> (eBook)<\/li>\n\n\n\n<li class=\"has-small-font-size\"><strong>Serena Avanlea:<\/strong><br><em>&#8222;Zeit der verbotenen Tr\u00e4ume&#8220;<\/em> (eBook)<\/li>\n\n\n\n<li class=\"has-small-font-size\"><strong>Caren Benedikt:<\/strong><br><em>&#8222;Grand Hotel Usedom &#8211; Wogende Wellen&#8220;<\/em> (Print)<\/li>\n\n\n\n<li class=\"has-small-font-size\"><strong>Lia Scott:<\/strong><br><em><a href=\"https:\/\/buechertanz.de\/?p=10036\" target=\"_blank\" rel=\"noreferrer noopener\">&#8222;Die Fasern der Welt &#8211; Der Wind von Yorkshire&#8220;<\/a><\/em> (eBook)<\/li>\n\n\n\n<li class=\"has-small-font-size\"><strong>Dan Brown:<\/strong><br><em>&#8222;The secret of secrets&#8220;<\/em> (Print)<\/li>\n\n\n\n<li class=\"has-small-font-size\"><strong>Tom Hillenbrand:<\/strong><br><em>&#8222;Die Erfindung des L\u00e4chelns&#8220;<\/em> (eBook)<\/li>\n\n\n\n<li class=\"has-small-font-size\"><strong>Ellin Carsta:<\/strong><br><em>&#8222;Die Kinder der Hansens &#8211; Zeit des Neubeginns&#8220;<\/em> (Print)<\/li>\n\n\n\n<li class=\"has-small-font-size\"><strong>Christiane W\u00fcnsche:<\/strong><br><em>&#8222;Es bleibt doch in der Familie&#8220;<\/em> (eBook)<\/li>\n\n\n\n<li class=\"has-small-font-size\"><strong>Ken Follett:<\/strong><br><em>&#8222;Stonehenge &#8211; Die Kathedrale der Zeit&#8220;<\/em> (Print)<\/li>\n\n\n\n<li class=\"has-small-font-size\"><strong>Anja Saskia Beyer:<\/strong><br><em>&#8222;Sommersehnsucht und Gl\u00fccksgef\u00fchl&#8220;<\/em> (eBook)<\/li>\n<\/ul>\n\n\n\n<p class=\"has-text-align-center\">_ _ _ <\/p>\n","protected":false},"excerpt":{"rendered":"<p>Im&nbsp;September 2025&nbsp;sind insgesamt&nbsp;25 B\u00fccher&nbsp;hier eingezogen: \u2013 Drei Rezensionsexemplare (zwei Prints, ein ebook)\u2013 Ein Geschenk (Print)\u2013 Neun B\u00fccher aus zweiter Hand \u2013 12 selbst gekaufte B\u00fccher (f\u00fcnf Prints, sieben eBooks) Herzlichen Dank an den Gmeiner Verlag und an den Penguin Verlag und an den Autor Michael Paul f\u00fcr die Rezensionsexemplare und an die Autorin Charlotte von &hellip; <a href=\"https:\/\/buechertanz.de\/?page_id=9510\" class=\"more-link\"><span class=\"screen-reader-text\">Neuzug\u00e4nge September 2025<\/span> weiterlesen<\/a><\/p>\n","protected":false},"author":2,"featured_media":0,"parent":0,"menu_order":0,"comment_status":"open","ping_status":"closed","template":"","meta":{"footnotes":""},"class_list":["post-9510","page","type-page","status-publish","hentry"],"_links":{"self":[{"href":"https:\/\/buechertanz.de\/index.php?rest_route=\/wp\/v2\/pages\/9510","targetHints":{"allow":["GET"]}}],"collection":[{"href":"https:\/\/buechertanz.de\/index.php?rest_route=\/wp\/v2\/pages"}],"about":[{"href":"https:\/\/buechertanz.de\/index.php?rest_route=\/wp\/v2\/types\/page"}],"author":[{"embeddable":true,"href":"https:\/\/buechertanz.de\/index.php?rest_route=\/wp\/v2\/users\/2"}],"replies":[{"embeddable":true,"href":"https:\/\/buechertanz.de\/index.php?rest_route=%2Fwp%2Fv2%2Fcomments&post=9510"}],"version-history":[{"count":7,"href":"https:\/\/buechertanz.de\/index.php?rest_route=\/wp\/v2\/pages\/9510\/revisions"}],"predecessor-version":[{"id":10044,"href":"https:\/\/buechertanz.de\/index.php?rest_route=\/wp\/v2\/pages\/9510\/revisions\/10044"}],"wp:attachment":[{"href":"https:\/\/buechertanz.de\/index.php?rest_route=%2Fwp%2Fv2%2Fmedia&parent=9510"}],"curies":[{"name":"wp","href":"https:\/\/api.w.org\/{rel}","templated":true}]}}