{"id":965,"date":"2020-01-01T14:08:08","date_gmt":"2020-01-01T13:08:08","guid":{"rendered":"http:\/\/buechertanz.de\/?page_id=965"},"modified":"2020-01-01T16:33:16","modified_gmt":"2020-01-01T15:33:16","slug":"gelesen-dezember-2019","status":"publish","type":"page","link":"https:\/\/buechertanz.de\/?page_id=965","title":{"rendered":"Gelesen Dezember 2019"},"content":{"rendered":"\n<p class=\"has-small-font-size\">Hier seht ihr die B\u00fccher, die ich im Dezember 2019 gelesen habe und ihr bekommt einen ersten Eindruck. Die ausf\u00fchrlichen Rezensionen folgen. <br>Falls es schon eine Rezension auf meinem Blog gibt, gelangt ihr mit einem Klick auf den Titel direkt bei der Rezension.<br>Der Monat Dezember ist f\u00fcr mich immer ein ganz besonderer Monat &#8211; ich w\u00e4hle sehr sorgsam aus, welches Buch das Jahr beendet.<\/p>\n\n\n\n<div class=\"wp-block-image\"><figure class=\"aligncenter is-resized\"><img loading=\"lazy\" decoding=\"async\" src=\"https:\/\/buechertanz.de\/wp-content\/uploads\/2020\/01\/12-Dezember-03-768x1024.jpg\" alt=\"\" class=\"wp-image-1008\" width=\"378\" height=\"504\" srcset=\"https:\/\/buechertanz.de\/wp-content\/uploads\/2020\/01\/12-Dezember-03-768x1024.jpg 768w, https:\/\/buechertanz.de\/wp-content\/uploads\/2020\/01\/12-Dezember-03-225x300.jpg 225w, https:\/\/buechertanz.de\/wp-content\/uploads\/2020\/01\/12-Dezember-03.jpg 1200w\" sizes=\"auto, (max-width: 378px) 100vw, 378px\" \/><figcaption><em>Gelesene B\u00fccher Dezember 2019:<\/em><br>&#8211; Vier B\u00fccher <br>&#8211; 1.983 Seiten<br><\/figcaption><\/figure><\/div>\n\n\n\n<p> _<\/p>\n\n\n\n<p class=\"has-small-font-size\"><strong>Frida Skyb\u00e4ck: \u201eDie kleine Buchhandlung am Ufer der Themse\u201c<\/strong><br><strong>erschienen am 29. September 2019<br>Insel Taschenbuch, ISBN: 978-3458364405 <\/strong><br><br><strong>Klappentext:<\/strong><br><em>&#8222;Die junge Witwe Charlotte erbt eine Buchhandlung in London. Von ihrer Tante Sara, der sie nie begegnet ist. Der Riverside Bookshop \u00fcbt eine fast magische Anziehung auf sie aus \u2013 und stellt sie vor einige R\u00e4tsel: Warum wurde ausgerechnet ihr die Buchhandlung vererbt? Welches Geheimnis hat Tante Sara geh\u00fctet?<br>Frida Skyb\u00e4ck erz\u00e4hlt, wie ein Haus voller B\u00fccher, gute Freunde und ein kratzb\u00fcrstiger Kater einer Frau helfen, einen Neuanfang zu wagen \u2013 ein charmanter und hoffnungsvoller Roman zum Wohlf\u00fchlen.\u201c<\/em><br><br><strong>Meine Meinung:<\/strong><br>Ein Buch \u00fcber B\u00fccher &#8211; das ist etwas, was ich sehr mag. <br>Eine wundersch\u00f6ne Geschichte, viele Geheimnisse und sehr sympathische Charaktere. Dieses Buch ist einfach perfekt &#8211; es macht Hoffnung und hat mich wunderbar unterhalten.<\/p>\n\n\n\n<p>_<\/p>\n\n\n\n<p class=\"has-small-font-size\"><strong>Charlotte Jacobi: \u201eSehnsucht nach der Villa am Elbstrand\u201c<\/strong><br><strong>erschienen am 02. Dezember 2019<br>Piper, ISBN: 978-3492314893 <\/strong><br><br><strong>Klappentext:<\/strong><br><em>&#8222;Hamburg zu Beginn des Jahres 1933: Die Nielands kehren in ihre Villa am Elbstrand zur\u00fcck. W\u00e4hrend die Reedereifamilie versucht, das \u00dcberleben des Unternehmens zu sichern, versch\u00e4rft sich das politische Klima zusehends. Die Hetze der Nationalsozialisten macht auch vor den alteingesessenen Hanseaten nicht halt. Das Schicksal schl\u00e4gt zu, als Jos\u00e9 Torres, der j\u00fcngste Spross des Hauses, sich in die freigeistige Hilde Timmlein verliebt. Sie reist als Modeberaterin der ber\u00fchmten >>chilenischen Nachtigall&lt;&lt;  durch die Welt und nutzt ihre Privilegien, um Widerstand gegen das Regime zu leisten. Doch in den Reihen der Familie Nieland versteckt sich ein schwarzes Schaf, das nicht davor zur\u00fcckschreckt, andere zu denunzieren&#8230;&#8220;<\/em><br><br><strong>Meine Meinung:<\/strong><br>Ich muss gestehen, dass ich etwas Bedenken hatte, ob ich wieder in die Geschichte rein finden kann. Zwischen dem ersten Teil der Reihe und dem hier vorliegenden zweiten Teil lagen doch so einige B\u00fccher, und auch viele Familiengeschichten. Diese Bedenken waren aber nach ein paar wenigen Seiten verflogen. Die Geschichte hat mich gleich wieder in den Bann gezogen und ich erinnerte mich wieder an die vielen Charaktere. Ein Stammbaum am Anfang des Buches machte es auch nochmal leichter. <br>Das Buch deckte sehr viele Emotionen ab, teilweise freute ich mich mit den Charakteren und ein paar Seiten sp\u00e4ter flossen die Tr\u00e4nen. Absolut lesenswert. Auch wenn man den ersten Teil nicht kennt, kann man diesen Teil trotzdem gut lesen &#8211; ich empfehle aber auf jeden Fall den ersten Teil zu lesen. \ud83d\ude42<\/p>\n\n\n\n<p>_<\/p>\n\n\n\n<p class=\"has-small-font-size\"><strong>Beate Maxian: \u201eDie Frau im hellblauen Kleid\u201c<\/strong><br><strong>erschienen am 13. November 2017<br>Heyne, ISBN: 978-3453422124 <\/strong><br><br><strong>Klappentext:<\/strong><br><em>&#8222;Wien. Marianne Altmann, einst ein gefeierter Filmstar, ist schockiert, als sie von Pl\u00e4nen ihrer Tochter Vera erf\u00e4hrt. Diese m\u00f6chte einen Film \u00fcber ihre Familie drehen. Marianne f\u00fcrchtet, dass nun auch die Abgr\u00fcnde der Familie ans Tageslicht kommen k\u00f6nnten, und mit ihnen ein lange zur\u00fcckliegendes Vergehen. Es reicht zur\u00fcck bis ins Jahr 1927, als ihre Mutter K\u00e4the in einem geliehenen Kleid am Theater vorsprach. Der Beginn einer beispiellosen Karriere \u2013 und einer verh\u00e4ngnisvollen Bekanntschaft mit Hans Bleck, der zum m\u00e4chtigen Produzenten der Ufa aufsteigen sollte &#8230;&#8220;<\/em><br><br><strong>Meine Meinung:<\/strong><br>Ich habe mir mit diesem Buch etwas schwer getan und kann nicht wirklich sagen, an was es lag. Teilweise hatte ich das Gef\u00fchl, dass das Buch auf der Stelle tritt und es einfach nicht vorw\u00e4rts ging. Bis etwa zur Mitte des Buches &#8211; dann wurde es besser. <br>Die Charaktere sind toll &#8211; vor allem K\u00e4the. Eine Frau, die sich nicht unterkriegen l\u00e4sst. <\/p>\n\n\n\n<p>_<\/p>\n\n\n\n<p class=\"has-small-font-size\"><strong>Brigitte Glaser: \u201eB\u00fchlerh\u00f6hle\u201c (gebundene Ausgabe)<\/strong><br><strong>erschienen am 12. August 2016<br>List, ISBN: 978-3471351260 <\/strong><br><br><strong>Klappentext:<\/strong><br> <em>&#8222;Deutschland, 1952: Zwei Frauen mit Vergangenheit, ein geheimer Auftrag<br>Rosa Silbermann reist mit einem geheimen Auftrag in das Nobelhotel B\u00fchlerh\u00f6he. Sie soll Bundeskanzler Konrad Adenauer sch\u00fctzen. Rosa ist in den drei\u00dfiger Jahren aus K\u00f6ln nach Pal\u00e4stina emigriert und arbeitet f\u00fcr den israelischen Geheimdienst. Ihre Gegenspielerin ist die misstrauische Hausdame Sophie Reisacher, die ihre Heimatstadt Stra\u00dfburg verlassen musste und f\u00fcr den gesellschaftlichen Aufstieg alles geben w\u00fcrde. Rosa und Sophie wissen, was es hei\u00dft, wenn ein ganzes Land neu beginnen will. Beide verfolgen ihre eigenen Pl\u00e4ne.&#8220;<\/em><br><br><strong>Meine Meinung:<\/strong><br>Wow! Ein Buch, welches v\u00f6llig zu Unrecht so lange auf meinem SuB ausharren musste. Eine bildgewaltige Sprache, Spannung und richtig tolle Charaktere. Und eine Handlung, die so gut wie hier vor der Haust\u00fcr spielt. Ich habe mich sehr gut unterhalten gef\u00fchlt und konnte ganz in die Geschichte abtauchen. <\/p>\n\n\n\n<p>_<\/p>\n\n\n\n<div class=\"wp-block-image\"><figure class=\"aligncenter is-resized\"><img loading=\"lazy\" decoding=\"async\" src=\"https:\/\/buechertanz.de\/wp-content\/uploads\/2019\/03\/Blume-1.png\" alt=\"\" class=\"wp-image-363\" width=\"223\" height=\"257\" srcset=\"https:\/\/buechertanz.de\/wp-content\/uploads\/2019\/03\/Blume-1.png 264w, https:\/\/buechertanz.de\/wp-content\/uploads\/2019\/03\/Blume-1-260x300.png 260w\" sizes=\"auto, (max-width: 223px) 100vw, 223px\" \/><\/figure><\/div>\n\n\n\n<p><\/p>\n","protected":false},"excerpt":{"rendered":"<p>Hier seht ihr die B\u00fccher, die ich im Dezember 2019 gelesen habe und ihr bekommt einen ersten Eindruck. Die ausf\u00fchrlichen Rezensionen folgen. Falls es schon eine Rezension auf meinem Blog gibt, gelangt ihr mit einem Klick auf den Titel direkt bei der Rezension.Der Monat Dezember ist f\u00fcr mich immer ein ganz besonderer Monat &#8211; ich &hellip; <a href=\"https:\/\/buechertanz.de\/?page_id=965\" class=\"more-link\"><span class=\"screen-reader-text\">Gelesen Dezember 2019<\/span> weiterlesen<\/a><\/p>\n","protected":false},"author":2,"featured_media":0,"parent":0,"menu_order":0,"comment_status":"closed","ping_status":"closed","template":"","meta":{"footnotes":""},"class_list":["post-965","page","type-page","status-publish","hentry"],"_links":{"self":[{"href":"https:\/\/buechertanz.de\/index.php?rest_route=\/wp\/v2\/pages\/965","targetHints":{"allow":["GET"]}}],"collection":[{"href":"https:\/\/buechertanz.de\/index.php?rest_route=\/wp\/v2\/pages"}],"about":[{"href":"https:\/\/buechertanz.de\/index.php?rest_route=\/wp\/v2\/types\/page"}],"author":[{"embeddable":true,"href":"https:\/\/buechertanz.de\/index.php?rest_route=\/wp\/v2\/users\/2"}],"replies":[{"embeddable":true,"href":"https:\/\/buechertanz.de\/index.php?rest_route=%2Fwp%2Fv2%2Fcomments&post=965"}],"version-history":[{"count":4,"href":"https:\/\/buechertanz.de\/index.php?rest_route=\/wp\/v2\/pages\/965\/revisions"}],"predecessor-version":[{"id":1012,"href":"https:\/\/buechertanz.de\/index.php?rest_route=\/wp\/v2\/pages\/965\/revisions\/1012"}],"wp:attachment":[{"href":"https:\/\/buechertanz.de\/index.php?rest_route=%2Fwp%2Fv2%2Fmedia&parent=965"}],"curies":[{"name":"wp","href":"https:\/\/api.w.org\/{rel}","templated":true}]}}