{"id":981,"date":"2020-01-01T14:13:13","date_gmt":"2020-01-01T13:13:13","guid":{"rendered":"http:\/\/buechertanz.de\/?page_id=981"},"modified":"2023-01-04T13:49:52","modified_gmt":"2023-01-04T12:49:52","slug":"neuzugaenge-januar-2020","status":"publish","type":"page","link":"https:\/\/buechertanz.de\/?page_id=981","title":{"rendered":"Neuzug\u00e4nge Januar 2020"},"content":{"rendered":"\n<p class=\"has-drop-cap has-small-font-size\">Im Januar 2020 sind 34 neue B\u00fccher eingezogen:<br>F\u00fcnfzehn neue B\u00fccher, f\u00fcnfzehn B\u00fccher aus \u00f6ffentlichen B\u00fccherschr\u00e4nken, ein Buch aus dem Antiquariat und  drei Geschenke.<br>Von diesen Neuzug\u00e4ngen musste ich unbedingt \u201eTraum des Lebens\u201c von Jeffrey Archer, <a rel=\"noreferrer noopener\" href=\"https:\/\/buechertanz.de\/?p=1117\" target=\"_blank\">&#8222;Die englische G\u00e4rtnerin &#8211; Blaue Astern<\/a>&#8220; von Martina Sahler und &#8222;Jahre der Ver\u00e4nderung: Die Hebammen-Saga&#8220; von Linda Winterberg sofort lesen.<br>Falls es eine Rezension auf meinem Blog gibt, gelangt ihr mit einem Klick auf den Titel direkt bei der Rezension. <\/p>\n\n\n\n<p>_<\/p>\n\n\n<div class=\"wp-block-image\">\n<figure class=\"aligncenter is-resized\"><img loading=\"lazy\" decoding=\"async\" src=\"https:\/\/buechertanz.de\/wp-content\/uploads\/2020\/02\/20200201_201618-1024x768.jpg\" alt=\"\" class=\"wp-image-1141\" width=\"511\" height=\"383\" srcset=\"https:\/\/buechertanz.de\/wp-content\/uploads\/2020\/02\/20200201_201618-1024x768.jpg 1024w, https:\/\/buechertanz.de\/wp-content\/uploads\/2020\/02\/20200201_201618-300x225.jpg 300w, https:\/\/buechertanz.de\/wp-content\/uploads\/2020\/02\/20200201_201618-768x576.jpg 768w\" sizes=\"auto, (max-width: 511px) 100vw, 511px\" \/><\/figure><\/div>\n\n\n<p class=\"has-drop-cap has-small-font-size\"><strong>Neue B\u00fccher:<\/strong><\/p>\n\n\n\n<p><\/p>\n\n\n\n<ul class=\"has-small-font-size wp-block-list\"><li>Robert Dinsdale: <br><em>&#8222;Die kleinen Wunder von Mayfair&#8220;<\/em><\/li><li>Sarah Perry: <br><em>&#8222;Die Schlange von Essex&#8220;<\/em><\/li><li> Jeffrey Archer: <br><em>&#8222;Traum des Lebens&#8220;<\/em><\/li><li>Amy Waldman: <br><em>&#8222;Der amerikanische Architekt&#8220;<\/em><\/li><li>Heidi Rehn: <br><em>&#8222;Die Liebe der Baumeisterin&#8220;<\/em><\/li><li>J.W. von Goethe: <br><em>&#8222;Dichtung und Wahrheit &#8211; eine Auswahl&#8220;<\/em><\/li><li>Justin Cronin: <br><em>&#8222;Der \u00dcbergang&#8220;<\/em><\/li><li>Linda Winterberg: <br><em>&#8222;Jahre der Ver\u00e4nderung: Die Hebammen-Saga&#8220;<\/em><\/li><li>Clare Clark: <br><em>&#8222;Die franz\u00f6sische Braut&#8220;<\/em><\/li><li>Silke Sch\u00fctze: <br><em>&#8222;Wir nannten es Freiheit&#8220;<\/em><\/li><li>Lactitia Columbani: <br><em>&#8222;Der Zopf&#8220;<\/em><\/li><li>Marie Lamballe: <br><em>&#8222;Caf\u00e9 Engel &#8211; T\u00f6chter der Hoffnung&#8220;<\/em><\/li><li>Ines Thorn: <br><em>&#8222;Wolgat\u00f6chter&#8220;<\/em><\/li><li>Charlotte Jacobi: <br><em>&#8222;Sturm \u00fcber der Villa am Elbstrand&#8220;<\/em><\/li><li>Charlotte Freise: <br><em>&#8222;Kaltes Herz&#8220;<\/em><\/li><\/ul>\n\n\n\n<p>_<\/p>\n\n\n\n<p class=\"has-drop-cap has-small-font-size\">\u00d6ffentliche B\u00fccherschr\u00e4nke:<\/p>\n\n\n\n<p><\/p>\n\n\n\n<ul class=\"has-small-font-size wp-block-list\"><li>Nicholas Sparks: <br><em>&#8222;Nah und fern: Die Reise unseres Lebens&#8220;<\/em><\/li><li>Kate Lord Brown: <br><em>&#8222;Sommerlilien&#8220;<\/em><\/li><li>Wolfgang Vater: <br><em>&#8222;Der Untergang der Kurpfalz&#8220;<\/em><\/li><li>Elizabeth Gilbert: <br><em>&#8222;Der Hummerkrieg&#8220;<\/em><\/li><li>Charlotte Kerner: <br><em>&#8222;Madame Curie und ihre Schwestern&#8220;<\/em><\/li><li>Nora Roberts: <br><em>&#8222;Der weite Himmel&#8220;<\/em><\/li><li>Arno Geiger: <br><em>&#8222;Der alte K\u00f6nig in seinem Exil&#8220;<\/em><\/li><li>Daisy Godwin: <br><em>&#8222;The Fortune Hunter&#8220;<\/em><\/li><li>Annette Borchardt: <br><em>&#8222;Die Frauen am badischen Hof&#8220;<\/em><\/li><li>Truman Capote: <br><em>&#8222;Fr\u00fchst\u00fcck bei Tiffany&#8220;<\/em><\/li><li>Tracy Chevalier: <br><em>&#8222;Das M\u00e4dchen mit dem Perlohrring&#8220;<\/em><\/li><li>Max Frisch: <br><em>&#8222;Homo faber&#8220;<\/em><\/li><li>Natasha Solomons: <br><em>&#8222;Wie Mr Rosenblum in England sein Gl\u00fcck fand&#8220;<\/em><\/li><li>Philippe Pozzo di Borga: <br><em>&#8222;Ziemlich beste Freunde&#8220;<\/em><\/li><li>Heinrich Mann: <br><em>&#8222;Die kleine Stadt&#8220;<\/em><\/li><\/ul>\n\n\n\n<p>_<\/p>\n\n\n\n<p class=\"has-drop-cap has-small-font-size\"><strong>Antiquariat:<\/strong><\/p>\n\n\n\n<p><\/p>\n\n\n\n<ul class=\"has-small-font-size wp-block-list\"><li>Jojo Moyes: <br><em>&#8222;Wie ein Leuchten in tiefer Nacht&#8220;<\/em><\/li><\/ul>\n\n\n\n<p>_<\/p>\n\n\n\n<p class=\"has-drop-cap has-small-font-size\"><strong>Geschenke\/ Gewinne:<\/strong><\/p>\n\n\n\n<p><\/p>\n\n\n\n<ul class=\"has-small-font-size wp-block-list\"><li>Charlotte Roth: <br><em>&#8222;Die ganze Welt ist eine Geschichte, und wir spielen darin mit&#8220;<\/em><\/li><li>Martina Sahler:<br><em> <a rel=\"noreferrer noopener\" href=\"https:\/\/buechertanz.de\/?p=1117\" target=\"_blank\">&#8222;Die englische G\u00e4rtnerin &#8211; Blaue Astern&#8220;<\/a><\/em><\/li><li>Kazuo Ishiguro: <br><em>&#8222;Die Ungetr\u00f6steten&#8220;<br><\/em><\/li><\/ul>\n\n\n\n<p>_<\/p>\n\n\n<div class=\"wp-block-image\">\n<figure class=\"aligncenter is-resized\"><img loading=\"lazy\" decoding=\"async\" src=\"https:\/\/buechertanz.de\/wp-content\/uploads\/2019\/03\/Blume-2.png\" alt=\"\" class=\"wp-image-364\" width=\"228\" height=\"264\" srcset=\"https:\/\/buechertanz.de\/wp-content\/uploads\/2019\/03\/Blume-2.png 264w, https:\/\/buechertanz.de\/wp-content\/uploads\/2019\/03\/Blume-2-260x300.png 260w\" sizes=\"auto, (max-width: 228px) 100vw, 228px\" \/><\/figure><\/div>\n\n\n<p><br><br><\/p>\n","protected":false},"excerpt":{"rendered":"<p>Im Januar 2020 sind 34 neue B\u00fccher eingezogen:F\u00fcnfzehn neue B\u00fccher, f\u00fcnfzehn B\u00fccher aus \u00f6ffentlichen B\u00fccherschr\u00e4nken, ein Buch aus dem Antiquariat und drei Geschenke.Von diesen Neuzug\u00e4ngen musste ich unbedingt \u201eTraum des Lebens\u201c von Jeffrey Archer, &#8222;Die englische G\u00e4rtnerin &#8211; Blaue Astern&#8220; von Martina Sahler und &#8222;Jahre der Ver\u00e4nderung: Die Hebammen-Saga&#8220; von Linda Winterberg sofort lesen.Falls es &hellip; <a href=\"https:\/\/buechertanz.de\/?page_id=981\" class=\"more-link\"><span class=\"screen-reader-text\">Neuzug\u00e4nge Januar 2020<\/span> weiterlesen<\/a><\/p>\n","protected":false},"author":2,"featured_media":0,"parent":0,"menu_order":0,"comment_status":"open","ping_status":"closed","template":"","meta":{"footnotes":""},"class_list":["post-981","page","type-page","status-publish","hentry"],"_links":{"self":[{"href":"https:\/\/buechertanz.de\/index.php?rest_route=\/wp\/v2\/pages\/981","targetHints":{"allow":["GET"]}}],"collection":[{"href":"https:\/\/buechertanz.de\/index.php?rest_route=\/wp\/v2\/pages"}],"about":[{"href":"https:\/\/buechertanz.de\/index.php?rest_route=\/wp\/v2\/types\/page"}],"author":[{"embeddable":true,"href":"https:\/\/buechertanz.de\/index.php?rest_route=\/wp\/v2\/users\/2"}],"replies":[{"embeddable":true,"href":"https:\/\/buechertanz.de\/index.php?rest_route=%2Fwp%2Fv2%2Fcomments&post=981"}],"version-history":[{"count":9,"href":"https:\/\/buechertanz.de\/index.php?rest_route=\/wp\/v2\/pages\/981\/revisions"}],"predecessor-version":[{"id":4243,"href":"https:\/\/buechertanz.de\/index.php?rest_route=\/wp\/v2\/pages\/981\/revisions\/4243"}],"wp:attachment":[{"href":"https:\/\/buechertanz.de\/index.php?rest_route=%2Fwp%2Fv2%2Fmedia&parent=981"}],"curies":[{"name":"wp","href":"https:\/\/api.w.org\/{rel}","templated":true}]}}