{"id":983,"date":"2020-01-01T14:13:13","date_gmt":"2020-01-01T13:13:13","guid":{"rendered":"http:\/\/buechertanz.de\/?page_id=983"},"modified":"2022-03-31T08:03:08","modified_gmt":"2022-03-31T07:03:08","slug":"gelesen-januar-2020","status":"publish","type":"page","link":"https:\/\/buechertanz.de\/?page_id=983","title":{"rendered":"Gelesen Januar 2020"},"content":{"rendered":"\n<p class=\"has-small-font-size\">Hier seht ihr die B\u00fccher, die ich im Januar 2020 gelesen habe und ihr bekommt einen ersten Eindruck. Die ausf\u00fchrlichen Rezensionen folgen.<br>Falls es schon eine Rezension auf meinem Blog gibt, gelangt ihr mit einem Klick auf den Titel direkt bei der Rezension.<\/p>\n\n\n\n<div class=\"wp-block-image\"><figure class=\"aligncenter is-resized\"><img loading=\"lazy\" decoding=\"async\" src=\"https:\/\/buechertanz.de\/wp-content\/uploads\/2020\/02\/20200201_203032-1024x768.jpg\" alt=\"\" class=\"wp-image-1136\" width=\"571\" height=\"428\" srcset=\"https:\/\/buechertanz.de\/wp-content\/uploads\/2020\/02\/20200201_203032-1024x768.jpg 1024w, https:\/\/buechertanz.de\/wp-content\/uploads\/2020\/02\/20200201_203032-300x225.jpg 300w, https:\/\/buechertanz.de\/wp-content\/uploads\/2020\/02\/20200201_203032-768x576.jpg 768w\" sizes=\"auto, (max-width: 571px) 100vw, 571px\" \/><figcaption><em>Gelesene B\u00fccher Januar 2020:<br>&#8211; Sechs B\u00fccher<br>&#8211; 2.841 Seiten<\/em><\/figcaption><\/figure><\/div>\n\n\n\n<p class=\"has-small-font-size\">_<\/p>\n\n\n\n<p class=\"has-small-font-size\"><strong>Karen White, Beatriz Williams, Lauren Willig: &#8222;Das Herz des Ozeans&#8220;<\/strong><br><strong>erschienen am 16. Dezember 2019<br>Blanvalet, ISBN: 978-3734108341 <br><\/strong><br><strong>Klappentext:<\/strong><br><em>&#8222;Caroline: reich, sch\u00f6n, gefangen in einer ungl\u00fccklichen Ehe.<br>Tess: clever, begabt, eine Betr\u00fcgerin.<br>Die eine w\u00fcnscht sich ihr altes Leben zur\u00fcck. Die andere will sich den Traum von einem neuen Leben erf\u00fcllen. An Bord der RMS Lusitania werden sich ihre Schicksale entscheiden.<br>Fesselnde und dramatische Unterhaltung vor dem Hintergrund eines der tragischsten Ereignisse des Ersten Weltkriegs: dem Untergang der RMS Lusitania 1915.\u201c<\/em><br><br><strong>Meine Meinung:<\/strong><br>Auch wenn ich nicht mit allen Charakteren warm wurde, kann ich dieses Buch weiterempfehlen. Teilweise richtig spannend und emotional sehr tiefg\u00e4ngig.<\/p>\n\n\n\n<p>_<\/p>\n\n\n\n<p class=\"has-small-font-size\"><strong>Martha Sophie Marcus: &#8222;Herrin wider Willen&#8220;<\/strong><br><strong>erschienen 2010<\/strong><br><strong>Goldmann, ISBN: 9783442471843<\/strong> <br><br><strong>Klappentext: <\/strong><br><em>&#8222;L\u00fcneburg im 30-j\u00e4hrigen Krieg: Um einer arrangierten Wiederverheiratung zu entgehen, ehelicht die junge Witwe Ada den ihr unbekannten Grafensohn und Soldaten Lenz. Beiden ist bewusst, dass er die Schlacht am n\u00e4chsten Tag wohl nicht \u00fcberstehen wird. Trotzdem genie\u00dfen sie eine leidenschaftliche Hochzeitsnacht. Wie durch ein Wunder \u00fcberlebt Lenz schwer verletzt, und Ada zieht mit ihm auf sein Gut. Doch es kommt zu Missverst\u00e4ndnissen, weil beide Partner sich nicht eingestehen, dass sie sich ineinander verliebt haben. Deshalb f\u00fchlt Lenz sich schon bald in seiner Ehe gefangen und beschlie\u00dft.Ada allein als Herrin auf dem Anwesen zur\u00fcckzulassen. Als sie jedoch einem streng geh\u00fcteten Familiengeheimnis auf die Spur-kommt, \u00e4ndert das alles &#8230; &#8222;<\/em><br><br><strong>Meine Meinung:<\/strong><br>So richtig sprang der Funke nicht \u00fcber, ich wurde mit den Figuren einfach nicht richtig warm. Trotzdem sehr sch\u00f6n zu lesen.<\/p>\n\n\n\n<p>_<\/p>\n\n\n\n<p class=\"has-small-font-size\"><strong>Jeffrey Archer: &#8222;Traum des Lebens&#8220;<\/strong><br><strong>erschienen am 13. Januar 2020<\/strong><br><strong>Heyne,  ISBN: 978-3453423596 <\/strong><br><br><br><strong>Klappentext: <\/strong><br><em>&#8222;1968: Am Hafen von Leningrad m\u00fcssen der junge Alexander Karpenko und seine Mutter auf der Flucht vor dem KGB entscheiden, auf welches Schiff sie sich als blinde Passagiere schleichen. Eines f\u00e4hrt nach Gro\u00dfbritannien, eines in die USA. Der Wurf einer M\u00fcnze soll das Schicksal von Alexander und Elena besiegeln &#8230; \u00dcber eine Zeitspanne von drei\u00dfig Jahren und auf zwei Kontinenten entfaltet sich in Jeffrey Archers gro\u00dfem Roman eine Geschichte von einmaliger Spannung und Dramatik \u2013 eine Geschichte, die man nicht wieder vergisst.&#8220;<\/em><br><br><strong>Meine Meinung:<\/strong><br>Ein unvergessliches Buch. Was f\u00fcr atemberaubende Geschichte. Unbedingt lesen!<br><\/p>\n\n\n\n<p>_<\/p>\n\n\n\n<p class=\"has-small-font-size\"><strong>Martina Sahler: <a href=\"https:\/\/buechertanz.de\/?p=1117\" target=\"_blank\" rel=\"noreferrer noopener\">&#8222;Die englische G\u00e4rtnerin &#8211; Blaue Astern&#8220;<\/a><br>erschienen am 27. Dezember 2019<br>Ullstein, ISBN-13:\u00a0978-3548060712<\/strong><br><br><br><strong>Klappentext:<\/strong><br><em>&#8222;England, Juni 1920. Charlotte Windley tr\u00e4umt davon, in der pr\u00e4chtigen Parkanlage Kew Gardens zu arbeiten. Schon ihr Gro\u00dfvater war Botaniker und hat ihr auf gemeinsamen Reisen die Sch\u00f6nheit der Pflanzen gezeigt. Charlotte erk\u00e4mpft sich ihren Platz und bekommt sogar angeboten, mit ihrer gro\u00dfen heimlichen Liebe Dennis auf Expedition zu gehen. Da zerst\u00f6rt ein furchtbarer Unfall all ihre Hoffnungen. Die Ehe mit dem Deutschen Victor w\u00e4re der perfekte Ausweg f\u00fcr Charlotte. Doch sind Victors Versprechen die Antwort auf ihre gro\u00dfen Tr\u00e4ume?&#8220;<\/em><br><br><strong>Meine Meinung:<\/strong><br>Das Buch hat mir sehr gut gefallen. Die Figuren sind einfach wunderbar lebensecht gezeichnet und ich hatte eine riesen Freude, es zu lesen. <a href=\"https:\/\/buechertanz.de\/?p=1117\">Hier<\/a> findet ihr meine ausf\u00fchrliche Rezension: <a href=\"https:\/\/buechertanz.de\/?p=1117\">https:\/\/buechertanz.de\/?p=1117<\/a><\/p>\n\n\n\n<p>_<\/p>\n\n\n\n<p class=\"has-small-font-size\"><strong>Chevy Stevens; &#8222;Still Missing &#8211; Kein Entkommen&#8220;<\/strong><br><strong>erschienen am 28. Januar 2011<\/strong><br><strong>Fischer, ISBN: 978-3596187164 <\/strong><br><br><strong>Klappentext:<\/strong><br><em> &#8222;Was w\u00fcrdest du tun, wenn dich jemand am helllichten Tag entf\u00fchrt? Wenn du ihm vollkommen ausgeliefert bist? Wenn es aus dieser H\u00f6lle kein Entkommen gibt? W\u00fcrdest du t\u00f6ten? Und w\u00e4re dann wirklich alles vorbei?<br>Ein Thriller wie ein Albtraum, der immer wieder neu beginnt&#8230;&#8220;<\/em><br><br><strong>Meine Meinung:<\/strong><br>Ich lese ja wirklich ganz selten Thriller&#8230; dieser hier wurde mir von einer lieben Freundin empfohlen. Es hat mich stellenweise so fassungslos gemacht und mich sehr ber\u00fchrt. Dieses Buch werde ich nie wieder vergessen&#8230;<\/p>\n\n\n\n<p>_<\/p>\n\n\n\n<p class=\"has-small-font-size\"><strong>Linda Winterberg: &#8222;Jahre der Ver\u00e4nderung: Die Hebammen-Saga&#8220;<\/strong><br><strong>erschienen am 21. Januar 2020<\/strong><br><strong>Aufbau, ISBN-13:&nbsp;978-3746635682<\/strong><br><br><br><strong>Klappentext:<\/strong><br><em>&#8222;Berlin 1929: Die drei Freundinnen haben ihren Weg gefunden: Edith arbeitet als Hebamme in der Klinik und in einer Beratungsstelle f\u00fcr Frauen. Margots Leben steht kopf, nachdem sie sich in einen verheirateten Mann verliebt hat, und Luise unterrichtet inzwischen Hebammen-Sch\u00fclerinnen und st\u00fcrzt sich ins Nachtleben der schillernden Metropole. Gleichzeitig zeigen sich die Spuren der Weltwirtschaftskrise nur zu deutlich in Berlin. Armut und Leid sind allgegenw\u00e4rtig. Als Edith ein verlockendes Angebot bekommt, das ihr Leben ver\u00e4ndern wird, ist die Freundschaft der drei Frauen auf eine harte Probe gestellt.&#8220;<\/em><br><br><br><strong>Meine Meinung:<\/strong><br>Schon der erste Teil hat mich sehr bewegt, der zweite Teil dann nochmal mehr. Es ist sch\u00f6n zu sehen, wie die drei Hauptfiguren ihren beruflichen Weg gehen, privat aber immer wieder gro\u00dfe Herausforderungen meistern m\u00fcssen. Ich habe das Buch sehr gerne gelesen und freue mich auf den dritten Teil!<\/p>\n\n\n\n<p>&#8211;<\/p>\n\n\n\n<div class=\"wp-block-image\"><figure class=\"aligncenter is-resized\"><img loading=\"lazy\" decoding=\"async\" src=\"https:\/\/buechertanz.de\/wp-content\/uploads\/2019\/03\/Blume-2.png\" alt=\"\" class=\"wp-image-364\" width=\"203\" height=\"234\" srcset=\"https:\/\/buechertanz.de\/wp-content\/uploads\/2019\/03\/Blume-2.png 264w, https:\/\/buechertanz.de\/wp-content\/uploads\/2019\/03\/Blume-2-260x300.png 260w\" sizes=\"auto, (max-width: 203px) 100vw, 203px\" \/><\/figure><\/div>\n\n\n\n<p><\/p>\n","protected":false},"excerpt":{"rendered":"<p>Hier seht ihr die B\u00fccher, die ich im Januar 2020 gelesen habe und ihr bekommt einen ersten Eindruck. Die ausf\u00fchrlichen Rezensionen folgen.Falls es schon eine Rezension auf meinem Blog gibt, gelangt ihr mit einem Klick auf den Titel direkt bei der Rezension. _ Karen White, Beatriz Williams, Lauren Willig: &#8222;Das Herz des Ozeans&#8220;erschienen am 16. &hellip; <a href=\"https:\/\/buechertanz.de\/?page_id=983\" class=\"more-link\"><span class=\"screen-reader-text\">Gelesen Januar 2020<\/span> weiterlesen<\/a><\/p>\n","protected":false},"author":2,"featured_media":0,"parent":0,"menu_order":0,"comment_status":"open","ping_status":"closed","template":"","meta":{"footnotes":""},"class_list":["post-983","page","type-page","status-publish","hentry"],"_links":{"self":[{"href":"https:\/\/buechertanz.de\/index.php?rest_route=\/wp\/v2\/pages\/983","targetHints":{"allow":["GET"]}}],"collection":[{"href":"https:\/\/buechertanz.de\/index.php?rest_route=\/wp\/v2\/pages"}],"about":[{"href":"https:\/\/buechertanz.de\/index.php?rest_route=\/wp\/v2\/types\/page"}],"author":[{"embeddable":true,"href":"https:\/\/buechertanz.de\/index.php?rest_route=\/wp\/v2\/users\/2"}],"replies":[{"embeddable":true,"href":"https:\/\/buechertanz.de\/index.php?rest_route=%2Fwp%2Fv2%2Fcomments&post=983"}],"version-history":[{"count":4,"href":"https:\/\/buechertanz.de\/index.php?rest_route=\/wp\/v2\/pages\/983\/revisions"}],"predecessor-version":[{"id":2993,"href":"https:\/\/buechertanz.de\/index.php?rest_route=\/wp\/v2\/pages\/983\/revisions\/2993"}],"wp:attachment":[{"href":"https:\/\/buechertanz.de\/index.php?rest_route=%2Fwp%2Fv2%2Fmedia&parent=983"}],"curies":[{"name":"wp","href":"https:\/\/api.w.org\/{rel}","templated":true}]}}